554
CXUS54 KFWD 110129
CF6ILE
PRELIMINARY LOCAL CLIMATOLOGICAL DATA (WS FORM: F-6)
STATION: KILLEEN SKYLARK
MONTH: JUNE
YEAR: 2020
LATITUDE: 31 4 N
LONGITUDE: 97 41 W
TEMPERATURE IN F: :PCPN: SNOW: WIND :SUNSHINE: SKY :PK WND
================================================================================
1 2 3 4 5 6A 6B 7 8 9 10 11 12 13 14 15 16 17 18
12Z AVG MX 2MIN
DY MAX MIN AVG DEP HDD CDD WTR SNW DPTH SPD SPD DIR MIN PSBL S-S WX SPD DR
================================================================================
1 84 70 77 0 0 12 0.00 0.0 0 5.3 13 130 M M 6 M M
2 89 67 78 0 0 13 0.00 0.0 0 6.5 15 150 M M 4 20 150
3 92 69 81 3 0 16 0.00 0.0 0 6.0 12 160 M M 1 8 M M
4 94 73 84 6 0 19 0.00 0.0 0 8.4 16 150 M M 1 22 150
5 93 74 84 6 0 19 0.00 0.0 0 8.4 13 150 M M 1 18 150
6 95 71 83 4 0 18 0.00 0.0 0 5.4 12 70 M M 0 M M
7 93 73 83 4 0 18 0.00 0.0 0 5.5 10 80 M M 2 M M
8 98 70 84 5 0 19 0.00 0.0 0 5.0 15 150 M M 1 M M
9 99 77 88 9 0 23 0.00 0.0 0 11.3 15 350 M M 1 24 350
10 90 63 77 -2 0 12 0.00 0.0 0 7.7 15 20 M M 0 20 10
11 92 59 76 -4 0 11 0.00 0.0 0 4.6 13 50 M M 0 24 40
12 90 60 75 -5 0 10 0.00 0.0 0 4.3 13 90 M M 0 16 90
13 92 63 78 -2 0 13 0.00 0.0 0 5.7 13 40 M M 0 M M
14 91 63 77 -3 0 12 0.00 0.0 0 5.0 13 100 M M 0 21 140
15 93 71 82 2 0 17 0.00 0.0 0 8.8 15 170 M M 2 23 170
16 94 72 83 3 0 18 0.00 0.0 0 9.1 20 160 M M 2 21 160
17 93 72 83 3 0 18 0.00 0.0 0 11.1 16 140 M M 0 23 190
18 94 71 83 2 0 18 0.00 0.0 0 12.5 17 150 M M 4 24 150
19 95 74 85 4 0 20 0.00 0.0 0 13.6 20 160 M M 3 30 160
20 92 66 79 -2 0 14 0.49 0.0 0 9.6 15 170 M M 4 13 21 170
21 94 75 85 4 0 20 0.00 0.0 0 11.9 17 150 M M 2 27 160
22 92 71 82 1 0 17 T 0.0 0 13.3 18 190 M M 2 27 190
23 M M M M M M 0.14 M 0 10.9 18 290 M M 5 3 24 290
24 87 70 79 -2 0 14 0.02 0.0 0 7.2 14 20 M M 6 1 16 360
25 89 69 79 -2 0 14 0.00 0.0 0 5.3 12 70 M M 3 M M
26 89 75 82 0 0 17 0.00 0.0 0 12.2 21 180 M M 2 8 32 180
27 93 75 84 2 0 19 0.00 0.0 0 13.1 21 180 M M 3 18 30 180
28 89 77 83 1 0 18 0.00 0.0 0 16.1 23 170 M M 7 33 180
29 91 78 85 3 0 20 0.00 0.0 0 17.8 25 160 M M 6 33 180
30 93 79 86 4 0 21 0.00 0.0 0 15.7 21 190 M M 5 30 180
================================================================================
SM 2670 2047 0 480 0.65 0.0 277.3 M 73
================================================================================
AV 92.1 70.6 9.2 FASTST M M 2 MAX(MPH)
MISC ----> # 25 160 # 33 180
================================================================================
NOTES:
# LAST OF SEVERAL OCCURRENCES
COLUMN 17 PEAK WIND IN M.P.H.
PRELIMINARY LOCAL CLIMATOLOGICAL DATA (WS FORM: F-6) , PAGE 2
STATION: KILLEEN SKYLARK
MONTH: JUNE
YEAR: 2020
LATITUDE: 31 4 N
LONGITUDE: 97 41 W
[TEMPERATURE DATA] [PRECIPITATION DATA] SYMBOLS USED IN COLUMN 16
AVERAGE MONTHLY: 81.3 TOTAL FOR MONTH: 0.65 1 = FOG OR MIST
DPTR FM NORMAL: 1.2 DPTR FM NORMAL: -3.51 2 = FOG REDUCING VISIBILITY
HIGHEST: 99 ON 9 GRTST 24HR 0.49 ON 20-20 TO 1/4 MILE OR LESS
LOWEST: 59 ON 11 3 = THUNDER
SNOW, ICE PELLETS, HAIL 4 = ICE PELLETS
TOTAL MONTH: 0.0 INCH 5 = HAIL
GRTST 24HR 0.0 6 = FREEZING RAIN OR DRIZZLE
GRTST DEPTH: 0 7 = DUSTSTORM OR SANDSTORM:
VSBY 1/2 MILE OR LESS
8 = SMOKE OR HAZE
[NO. OF DAYS WITH] [WEATHER - DAYS WITH] 9 = BLOWING SNOW
X = TORNADO
MAX 32 OR BELOW: 0 0.01 INCH OR MORE: 3
MAX 90 OR ABOVE: 23 0.10 INCH OR MORE: 2
MIN 32 OR BELOW: 0 0.50 INCH OR MORE: 0
MIN 0 OR BELOW: 0 1.00 INCH OR MORE: 0
[HDD (BASE 65) ]
TOTAL THIS MO. 0 CLEAR (SCALE 0-3) 19
DPTR FM NORMAL 0 PTCLDY (SCALE 4-7) 11
TOTAL FM JUL 1 1797 CLOUDY (SCALE 8-10) 0
DPTR FM NORMAL -369
[CDD (BASE 65) ]
TOTAL THIS MO. 480
DPTR FM NORMAL 28 [PRESSURE DATA]
TOTAL FM JAN 1 1034 HIGHEST SLP M ON M
DPTR FM NORMAL 192 LOWEST SLP M ON M
[REMARKS]
#FINAL-06-20#