000
CXUS52 KILM 011000
CF6ILM
PRELIMINARY LOCAL CLIMATOLOGICAL DATA (WS FORM: F-6)
STATION: WILMINGTON NORTH CAROLINA
MONTH: JULY
YEAR: 2022
LATITUDE: 34 16 N
LONGITUDE: 77 55 W
TEMPERATURE IN F: :PCPN: SNOW: WIND :SUNSHINE: SKY :PK WND
================================================================================
1 2 3 4 5 6A 6B 7 8 9 10 11 12 13 14 15 16 17 18
12Z AVG MX 2MIN
DY MAX MIN AVG DEP HDD CDD WTR SNW DPTH SPD SPD DIR MIN PSBL S-S WX SPD DR
================================================================================
1 81 73 77 -4 0 12 0.13 0.0 0 4.5 13 190 M M 4 13 22 210
2 83 72 78 -3 0 13 1.22 0.0 0 7.1 21 200 M M 8 13 26 180
3 94 75 85 4 0 20 1.07 0.0 0 6.9 26 190 M M 5 138 32 190
4 86 75 81 0 0 16 0.08 0.0 0 5.4 17 80 M M 6 13 24 90
5 91 73 82 1 0 17 0.00 0.0 0 6.7 16 180 M M 3 12 20 180
6 94 79 87 6 0 22 0.00 0.0 0 10.7 17 200 M M 1 22 210
7 95 79 87 5 0 22 T 0.0 0 10.0 18 200 M M 3 3 24 200
8 95 76 86 4 0 21 1.58 0.0 0 7.9 25 360 M M 6 13 32 10
9 92 77 85 3 0 20 T 0.0 0 10.0 17 310 M M 3 24 330
10 85 72 79 -3 0 14 0.35 0.0 0 6.9 17 320 M M 10 13 21 330
11 84 69 77 -5 0 12 0.00 0.0 0 5.5 12 20 M M 10 16 20
12 86 73 80 -2 0 15 T 0.0 0 4.1 13 230 M M 4 3 16 240
13 91 77 84 2 0 19 0.08 0.0 0 9.3 20 240 M M 1 13 23 240
14 91 76 84 2 0 19 0.15 0.0 0 6.2 16 230 M M 4 138 20 230
15 85 73 79 -3 0 14 0.40 0.0 0 4.4 17 190 M M 5 13 25 190
16 86 74 80 -2 0 15 0.02 0.0 0 5.6 14 180 M M 3 3 18 190
17 89 73 81 -1 0 16 T 0.0 0 5.1 14 180 M M 2 21 150
18 89 74 82 0 0 17 0.46 0.0 0 7.3 28 260 M M 2 1238 34 260
19 93 76 85 3 0 20 0.19 0.0 0 8.5 22 200 M M 2 38 29 210
20 92 72 82 0 0 17 0.48 0.0 0 10.0 31 280 M M 2 13 39 260
21 89 78 84 2 0 19 0.00 0.0 0 13.1 21 210 M M 2 29 220
22 92 75 84 2 0 19 0.09 0.0 0 8.8 22 230 M M 4 13 30 220
23 87 74 81 -1 0 16 1.29 0.0 0 4.8 20 250 M M 2 123 25 240
24 91 75 83 1 0 18 0.00 0.0 0 8.1 18 180 M M 2 3 25 210
25 92 78 85 3 0 20 0.00 0.0 0 10.9 21 230 M M 0 27 250
26 93 80 87 5 0 22 0.00 0.0 0 11.5 21 270 M M 1 26 280
27 96 80 88 7 0 23 0.00 0.0 M 11.9 21 250 M M 1 25 220
28 96 80 88 7 0 23 0.00 0.0 M 11.7 22 230 M M 1 26 220
29 94 81 88 7 0 23 T 0.0 M 11.0 20 220 M M 0 25 220
30 94 79 87 6 0 22 0.00 0.0 M 5.5 17 180 M M 2 3 23 150
31 95 79 87 6 0 22 T 0.0 M 7.7 18 290 M M 2 3 22 240
================================================================================
SM 2801 2347 0 568 7.59 0.0 247.1 M 101
================================================================================
AV 90.4 75.7 8.0 FASTST M M 3 MAX(MPH)
MISC ----> 31 280 39 260
================================================================================
NOTES:
# LAST OF SEVERAL OCCURRENCES
COLUMN 17 PEAK WIND IN M.P.H.
PRELIMINARY LOCAL CLIMATOLOGICAL DATA (WS FORM: F-6) , PAGE 2
STATION: WILMINGTON NORTH CAROLINA
MONTH: JULY
YEAR: 2022
LATITUDE: 34 16 N
LONGITUDE: 77 55 W
[TEMPERATURE DATA] [PRECIPITATION DATA] SYMBOLS USED IN COLUMN 16
AVERAGE MONTHLY: 83.0 TOTAL FOR MONTH: 7.59 1 = FOG OR MIST
DPTR FM NORMAL: 1.5 DPTR FM NORMAL: 0.73 2 = FOG REDUCING VISIBILITY
HIGHEST: 96 ON 28,27 GRTST 24HR 1.58 ON 8- 8 TO 1/4 MILE OR LESS
LOWEST: 69 ON 11 3 = THUNDER
SNOW, ICE PELLETS, HAIL 4 = ICE PELLETS
TOTAL MONTH: 0.0 INCH 5 = HAIL
GRTST 24HR 0.0 6 = FREEZING RAIN OR DRIZZLE
GRTST DEPTH: 0 7 = DUSTSTORM OR SANDSTORM:
VSBY 1/2 MILE OR LESS
8 = SMOKE OR HAZE
[NO. OF DAYS WITH] [WEATHER - DAYS WITH] 9 = BLOWING SNOW
X = TORNADO
MAX 32 OR BELOW: 0 0.01 INCH OR MORE: 15
MAX 90 OR ABOVE: 19 0.10 INCH OR MORE: 11
MIN 32 OR BELOW: 0 0.50 INCH OR MORE: 4
MIN 0 OR BELOW: 0 1.00 INCH OR MORE: 4
[HDD (BASE 65) ]
TOTAL THIS MO. 0 CLEAR (SCALE 0-3) 19
DPTR FM NORMAL 0 PTCLDY (SCALE 4-7) 10
TOTAL FM JUL 1 0 CLOUDY (SCALE 8-10) 2
DPTR FM NORMAL 0
[CDD (BASE 65) ]
TOTAL THIS MO. 568
DPTR FM NORMAL 57 [PRESSURE DATA]
TOTAL FM JAN 1 1472 HIGHEST SLP 30.18 ON 15
DPTR FM NORMAL 252 LOWEST SLP 29.87 ON 21
[REMARKS]
#FINAL-07-22#