000
CXUS55 KLBF 101227
CF6IML
PRELIMINARY LOCAL CLIMATOLOGICAL DATA (WS FORM: F-6)
STATION: IMPERIAL
MONTH: JUNE
YEAR: 2022
LATITUDE: 40 31 N
LONGITUDE: 101 37 W
TEMPERATURE IN F: :PCPN: SNOW: WIND :SUNSHINE: SKY :PK WND
================================================================================
1 2 3 4 5 6A 6B 7 8 9 10 11 12 13 14 15 16 17 18
12Z AVG MX 2MIN
DY MAX MIN AVG DEP HDD CDD WTR SNW DPTH SPD SPD DIR MIN PSBL S-S WX SPD DR
================================================================================
1 65 48 57 -9 8 0 0.16 M M 7.3 12 280 M M 6 20 320
2 77 41 59 -8 6 0 T M M 8.5 15 160 M M 1 24 210
3 78 47 63 -4 2 0 0.45 M M 12.4 31 120 M M 4 3 40 130
4 85 50 68 1 0 3 0.00 M M 7.4 18 160 M M 0 26 110
5 87 54 71 3 0 6 0.01 M M 7.9 30 340 M M 2 3 41 340
6 87 57 72 4 0 7 T M M 10.2 30 280 M M 1 50 320
7 80 53 67 -1 0 2 0.73 M M 8.3 40 340 M M 5 138 70 340
8 79 52 66 -3 0 1 0.00 M M 9.9 20 310 M M 0 26 290
9 84 59 72 3 0 7 0.00 M M 12.7 23 190 M M 2 37 180
10 88 57 73 3 0 8 0.00 M M 9.3 18 180 M M 2 12 27 280
11 98 64 81 11 0 16 0.00 M M 12.9 18 350 M M 0 3 36 150
12 97 65 81 11 0 16 0.00 M M 11.7 22 140 M M 0 36 150
13 106 65 86 16 0 21 0.00 M M 14.9 30 210 M M 0 52 190
14 85 60 73 2 0 8 0.00 M M 13.7 40 340 M M 2 8 59 320
15 88 54 71 0 0 6 0.13 M M 10.0 23 210 M M 3 3 37 260
16 93 54 74 3 0 9 0.00 M M 9.7 18 110 M M 1 31 120
17 103 65 84 12 0 19 0.00 M M 15.4 30 180 M M 0 46 140
18 100 73 87 15 0 22 0.00 M M 25.0 38 170 M M 0 53 160
19 100 75 88 16 0 23 0.00 M M 22.9 38 170 M M 1 53 170
20 99 70 85 13 0 20 0.00 M M 17.2 33 220 M M 0 49 210
21 82 57 70 -3 0 5 0.00 M M 7.8 16 330 M M 2 26 330
22 89 51 70 -3 0 5 0.00 M M 12.2 24 180 M M 0 34 190
23 98 65 82 9 0 17 0.00 M M 10.2 24 120 M M 0 40 130
24 95 62 79 6 0 14 T M M 7.2 33 310 M M 1 3 47 300
25 80 54 67 -7 0 2 0.00 M M 14.1 31 350 M M 2 46 330
26 76 54 65 -9 0 0 0.00 M M 7.1 13 180 M M 7 20 50
27 84 55 70 -4 0 5 0.00 M M 15.4 23 170 M M 1 39 180
28 97 56 77 3 0 12 0.00 M M 10.5 17 180 M M 0 31 210
29 103 67 85 11 0 20 0.00 M M 17.2 28 200 M M 0 44 200
30 98 66 82 7 0 17 0.00 M M 9.5 16 10 M M 2 30 340
================================================================================
SM 2681 1750 16 291 1.48 M 358.5 M 45
================================================================================
AV 89.4 58.3 12.0 FASTST M M 2 MAX(MPH)
MISC ----> # 40 340 70 340
================================================================================
NOTES:
# LAST OF SEVERAL OCCURRENCES
COLUMN 17 PEAK WIND IN M.P.H.
PRELIMINARY LOCAL CLIMATOLOGICAL DATA (WS FORM: F-6) , PAGE 2
STATION: IMPERIAL
MONTH: JUNE
YEAR: 2022
LATITUDE: 40 31 N
LONGITUDE: 101 37 W
[TEMPERATURE DATA] [PRECIPITATION DATA] SYMBOLS USED IN COLUMN 16
AVERAGE MONTHLY: 73.9 TOTAL FOR MONTH: 1.48 1 = FOG OR MIST
DPTR FM NORMAL: 2.9 DPTR FM NORMAL: -1.57 2 = FOG REDUCING VISIBILITY
HIGHEST: 106 ON 13 GRTST 24HR 0.73 ON 7- 7 TO 1/4 MILE OR LESS
LOWEST: 41 ON 2 3 = THUNDER
SNOW, ICE PELLETS, HAIL 4 = ICE PELLETS
TOTAL MONTH: M 5 = HAIL
GRTST 24HR M ON M 6 = FREEZING RAIN OR DRIZZLE
GRTST DEPTH: M ON M 7 = DUSTSTORM OR SANDSTORM:
VSBY 1/2 MILE OR LESS
8 = SMOKE OR HAZE
[NO. OF DAYS WITH] [WEATHER - DAYS WITH] 9 = BLOWING SNOW
X = TORNADO
MAX 32 OR BELOW: 0 0.01 INCH OR MORE: 5
MAX 90 OR ABOVE: 13 0.10 INCH OR MORE: 4
MIN 32 OR BELOW: 0 0.50 INCH OR MORE: 1
MIN 0 OR BELOW: 0 1.00 INCH OR MORE: 0
[HDD (BASE 65) ]
TOTAL THIS MO. 16 CLEAR (SCALE 0-3) 26
DPTR FM NORMAL -11 PTCLDY (SCALE 4-7) 4
TOTAL FM JUL 1 5614 CLOUDY (SCALE 8-10) 0
DPTR FM NORMAL -345
[CDD (BASE 65) ]
TOTAL THIS MO. 291
DPTR FM NORMAL 87 [PRESSURE DATA]
TOTAL FM JAN 1 356 HIGHEST SLP 30.49 ON 26
DPTR FM NORMAL 105 LOWEST SLP 29.28 ON 13
[REMARKS]
#FINAL-06-22#