000
CXUS53 KIND 010600
CF6IND
PRELIMINARY LOCAL CLIMATOLOGICAL DATA (WS FORM: F-6)
STATION: INDIANAPOLIS IN
MONTH: MAY
YEAR: 2023
LATITUDE: 39 43 N
LONGITUDE: 86 17 W
TEMPERATURE IN F: :PCPN: SNOW: WIND :SUNSHINE: SKY :PK WND
================================================================================
1 2 3 4 5 6A 6B 7 8 9 10 11 12 13 14 15 16 17 18
12Z AVG MX 2MIN
DY MAX MIN AVG DEP HDD CDD WTR SNW DPTH SPD SPD DIR MIN PSBL S-S WX SPD DR
================================================================================
1 48 40 44 -15 21 0 0.20 0.0 0 15.9 31 270 M M 10 1 42 270
2 57 42 50 -9 15 0 T 0.0 0 15.5 28 270 M M 7 36 260
3 60 40 50 -10 15 0 0.00 0.0 0 11.8 26 330 M M 5 34 340
4 68 38 53 -7 12 0 0.00 0.0 0 3.7 9 80 M M 2 18 18 280
5 74 47 61 1 4 0 0.00 0.0 0 9.7 20 120 M M 3 26 120
6 75 56 66 6 0 1 T 0.0 0 10.5 20 160 M M 8 3 27 150
7 79 61 70 9 0 5 0.66 0.0 0 9.4 21 210 M M 9 13 29 210
8 76 59 68 7 0 3 T 0.0 0 9.3 20 260 M M 8 3 25 260
9 74 55 65 4 0 0 0.00 0.0 0 10.5 21 30 M M 3 26 10
10 77 53 65 3 0 0 0.00 0.0 0 8.2 16 110 M M 4 23 110
11 81 56 69 7 0 4 0.00 0.0 0 6.6 14 150 M M 6 18 150
12 79 66 73 11 0 8 T 0.0 0 7.8 18 180 M M 8 23 160
13 83 66 75 12 0 10 0.47 0.0 0 6.2 33 230 M M 9 13 56 240
14 77 63 70 7 0 5 0.01 0.0 0 12.3 23 70 M M 10 30 60
15 73 51 62 -1 3 0 0.15 0.0 0 6.9 16 60 M M 9 1 23 60
16 67 55 61 -3 4 0 0.12 0.0 0 6.2 14 280 M M 8 1 18 360
17 72 53 63 -1 2 0 0.00 0.0 0 10.0 15 70 M M 5 20 40
18 74 46 60 -4 5 0 0.00 0.0 0 6.4 14 80 M M 4 18 90
19 80 52 66 2 0 1 0.84 0.0 0 9.1 23 290 M M 6 13 30 290
20 67 51 59 -6 6 0 0.04 0.0 0 10.3 18 340 M M 4 1 26 320
21 78 46 62 -3 3 0 0.00 0.0 0 3.1 9 40 M M 1 13 30
22 80 56 68 3 0 3 0.00 0.0 0 2.5 13 100 M M 5 17 180
23 82 59 71 5 0 6 0.00 0.0 0 5.5 15 60 M M 3 23 120
24 84 59 72 6 0 7 0.00 0.0 0 8.9 25 60 M M 1 34 40
25 71 50 61 -5 4 0 0.00 0.0 0 14.8 22 50 M M 5 28 50
26 77 49 63 -4 2 0 0.00 0.0 0 12.6 21 40 M M 1 29 80
27 76 51 64 -3 1 0 0.00 0.0 0 8.1 15 90 M M 5 20 100
28 82 60 71 4 0 6 0.00 0.0 0 6.8 18 40 M M 8 23 40
29 86 56 71 3 0 6 0.00 0.0 0 5.5 18 50 M M 4 27 70
30 85 64 75 7 0 10 0.00 0.0 0 6.1 15 150 M M 4 19 120
31 88 66 77 9 0 12 0.35 0.0 0 6.7 23 170 M M 4 3 33 190
================================================================================
SM 2330 1666 97 87 2.84 0.0 266.9 M 169
================================================================================
AV 75.2 53.7 8.6 FASTST M M 5 MAX(MPH)
MISC ----> 33 230 56 240
================================================================================
NOTES:
# LAST OF SEVERAL OCCURRENCES
COLUMN 17 PEAK WIND IN M.P.H.
PRELIMINARY LOCAL CLIMATOLOGICAL DATA (WS FORM: F-6) , PAGE 2
STATION: INDIANAPOLIS IN
MONTH: MAY
YEAR: 2023
LATITUDE: 39 43 N
LONGITUDE: 86 17 W
[TEMPERATURE DATA] [PRECIPITATION DATA] SYMBOLS USED IN COLUMN 16
AVERAGE MONTHLY: 64.5 TOTAL FOR MONTH: 2.84 1 = FOG OR MIST
DPTR FM NORMAL: 0.9 DPTR FM NORMAL: -1.91 2 = FOG REDUCING VISIBILITY
HIGHEST: 88 ON 31 GRTST 24HR 0.88 ON 19-20 TO 1/4 MILE OR LESS
LOWEST: 38 ON 4 3 = THUNDER
SNOW, ICE PELLETS, HAIL 4 = ICE PELLETS
TOTAL MONTH: T 5 = HAIL
GRTST 24HR 0.0 6 = FREEZING RAIN OR DRIZZLE
GRTST DEPTH: 0 7 = DUSTSTORM OR SANDSTORM:
VSBY 1/2 MILE OR LESS
8 = SMOKE OR HAZE
[NO. OF DAYS WITH] [WEATHER - DAYS WITH] 9 = BLOWING SNOW
X = TORNADO
MAX 32 OR BELOW: 0 0.01 INCH OR MORE: 9
MAX 90 OR ABOVE: 0 0.10 INCH OR MORE: 7
MIN 32 OR BELOW: 0 0.50 INCH OR MORE: 2
MIN 0 OR BELOW: 0 1.00 INCH OR MORE: 0
[HDD (BASE 65) ]
TOTAL THIS MO. 97 CLEAR (SCALE 0-3) 5
DPTR FM NORMAL -34 PTCLDY (SCALE 4-7) 18
TOTAL FM JUL 1 4648 CLOUDY (SCALE 8-10) 8
DPTR FM NORMAL -588
[CDD (BASE 65) ]
TOTAL THIS MO. 87
DPTR FM NORMAL 1 [PRESSURE DATA]
TOTAL FM JAN 1 107 HIGHEST SLP M ON M
DPTR FM NORMAL 5 LOWEST SLP 29.45 ON 1
[REMARKS]
#FINAL-05-23#