000
CXUS53 KIND 010600
CF6IND
PRELIMINARY LOCAL CLIMATOLOGICAL DATA (WS FORM: F-6)
STATION: INDIANAPOLIS IN
MONTH: MARCH
YEAR: 2023
LATITUDE: 39 43 N
LONGITUDE: 86 17 W
TEMPERATURE IN F: :PCPN: SNOW: WIND :SUNSHINE: SKY :PK WND
================================================================================
1 2 3 4 5 6A 6B 7 8 9 10 11 12 13 14 15 16 17 18
12Z AVG MX 2MIN
DY MAX MIN AVG DEP HDD CDD WTR SNW DPTH SPD SPD DIR MIN PSBL S-S WX SPD DR
================================================================================
1 76 39 58 21 7 0 0.00 0.0 0 9.8 24 250 M M 5 30 250
2 53 34 44 7 21 0 0.00 0.0 0 9.6 16 60 M M 7 21 70
3 43 34 39 1 26 0 2.24 T 0 20.5 36 330 M M 10 13 46 320
4 55 29 42 4 23 0 0.00 0.0 0 8.0 24 300 M M 4 18 30 300
5 57 36 47 9 18 0 0.00 0.0 0 7.6 17 120 M M 4 1 22 120
6 72 42 57 18 8 0 0.00 0.0 0 12.5 26 240 M M 6 34 250
7 50 38 44 5 21 0 0.00 0.0 0 15.5 26 330 M M 7 36 340
8 50 35 43 3 22 0 0.00 0.0 0 14.0 21 80 M M 8 28 90
9 53 33 43 3 22 0 0.07 0.0 0 13.3 22 110 M M 8 1 30 110
10 41 35 38 -2 27 0 0.04 0.0 0 16.4 29 280 M M 10 1 37 280
11 46 33 40 -1 25 0 T 0.0 0 8.8 20 90 M M 9 24 90
12 40 33 37 -4 28 0 0.20 0.6 1 8.8 21 320 M M 10 1 27 300
13 35 28 32 -9 33 0 0.04 0.7 T 14.4 24 270 M M 10 1 32 290
14 39 23 31 -11 34 0 T T T 10.7 21 310 M M 4 28 320
15 51 20 36 -6 29 0 0.00 0.0 0 5.7 14 210 M M 3 19 180
16 56 35 46 4 19 0 0.13 0.0 0 13.7 30 210 M M 9 39 200
17 52 28 40 -3 25 0 0.09 T 0 20.2 35 200 M M 9 1 48 200
18 29 19 24 -19 41 0 0.01 0.2 T 16.1 26 270 M M 8 1 34 270
19 37 17 27 -17 38 0 T T T 10.3 18 260 M M 2 25 270
20 51 21 36 -8 29 0 0.00 0.0 0 12.7 23 200 M M 2 29 200
21 54 32 43 -1 22 0 0.03 0.0 0 10.8 23 180 M M 8 30 190
22 53 41 47 2 18 0 0.16 0.0 0 12.3 25 180 M M 10 1 33 180
23 67 44 56 11 9 0 0.40 0.0 0 14.5 24 230 M M 10 13 35 230
24 45 41 43 -2 22 0 1.49 0.0 0 12.8 20 70 M M 10 13 25 10
25 52 36 44 -2 21 0 0.22 0.0 0 17.1 41 250 M M 7 1 52 260
26 65 33 49 3 16 0 0.12 0.0 0 9.3 28 310 M M 3 1 36 310
27 50 35 43 -3 22 0 0.38 0.0 0 9.8 18 310 M M 10 1 24 290
28 51 27 39 -8 26 0 0.00 0.0 0 7.2 17 330 M M 4 21 330
29 55 31 43 -4 22 0 0.00 0.0 0 11.5 24 250 M M 4 30 270
30 62 30 46 -2 19 0 T 0.0 0 11.3 18 140 M M 5 25 170
31 68 49 59 11 6 0 0.41 0.0 0 19.4 51 270 M M 10 13 67 280
================================================================================
SM 1608 1011 699 0 6.03 1.5 384.6 M 216
================================================================================
AV 51.9 32.6 12.4 FASTST M M 7 MAX(MPH)
MISC ----> 51 270 67 280
================================================================================
NOTES:
# LAST OF SEVERAL OCCURRENCES
COLUMN 17 PEAK WIND IN M.P.H.
PRELIMINARY LOCAL CLIMATOLOGICAL DATA (WS FORM: F-6) , PAGE 2
STATION: INDIANAPOLIS IN
MONTH: MARCH
YEAR: 2023
LATITUDE: 39 43 N
LONGITUDE: 86 17 W
[TEMPERATURE DATA] [PRECIPITATION DATA] SYMBOLS USED IN COLUMN 16
AVERAGE MONTHLY: 42.2 TOTAL FOR MONTH: 6.03 1 = FOG OR MIST
DPTR FM NORMAL: -0.2 DPTR FM NORMAL: 2.34 2 = FOG REDUCING VISIBILITY
HIGHEST: 76 ON 1 GRTST 24HR 2.24 ON 3- 3 TO 1/4 MILE OR LESS
LOWEST: 17 ON 19 3 = THUNDER
SNOW, ICE PELLETS, HAIL 4 = ICE PELLETS
TOTAL MONTH: 1.5 INCHES 5 = HAIL
GRTST 24HR 0.7 ON 13-13 6 = FREEZING RAIN OR DRIZZLE
GRTST DEPTH: 1 ON 12 7 = DUSTSTORM OR SANDSTORM:
VSBY 1/2 MILE OR LESS
8 = SMOKE OR HAZE
[NO. OF DAYS WITH] [WEATHER - DAYS WITH] 9 = BLOWING SNOW
X = TORNADO
MAX 32 OR BELOW: 1 0.01 INCH OR MORE: 16
MAX 90 OR ABOVE: 0 0.10 INCH OR MORE: 10
MIN 32 OR BELOW: 12 0.50 INCH OR MORE: 2
MIN 0 OR BELOW: 0 1.00 INCH OR MORE: 2
[HDD (BASE 65) ]
TOTAL THIS MO. 699 CLEAR (SCALE 0-3) 4
DPTR FM NORMAL -3 PTCLDY (SCALE 4-7) 14
TOTAL FM JUL 1 4213 CLOUDY (SCALE 8-10) 13
DPTR FM NORMAL -537
[CDD (BASE 65) ]
TOTAL THIS MO. 0
DPTR FM NORMAL -3 [PRESSURE DATA]
TOTAL FM JAN 1 0 HIGHEST SLP M ON M
DPTR FM NORMAL -3 LOWEST SLP 28.91 ON 3
[REMARKS]
#FINAL-03-23#