000
CDUS43 KIND 182346
CLIIND


CLIMATE REPORT
NATIONAL WEATHER SERVICE INDIANAPOLIS IN
746 PM EDT WED APR 18 2018


...................................

...THE INDIANAPOLIS IN CLIMATE SUMMARY FOR APRIL 18 2018...
VALID AS OF 0700 PM LOCAL TIME.

CLIMATE NORMAL PERIOD 1981 TO 2010
CLIMATE RECORD PERIOD 1871 TO 2018


WEATHER ITEM   OBSERVED TIME   RECORD YEAR NORMAL DEPARTURE LAST
                VALUE   (LST)  VALUE       VALUE  FROM      YEAR
                                                  NORMAL
..................................................................
TEMPERATURE (F)
 TODAY
  MAXIMUM         70    355 PM  87    1977  64      6       77
  MINIMUM         34   1231 AM  19    1875  44    -10       52
  AVERAGE         52                        54     -2       65

PRECIPITATION (IN)
  TODAY            0.00          2.29 2013   0.13  -0.13     0.00
  MONTH TO DATE    5.02                      2.22   2.80     1.19
  SINCE MAR 1      9.09                      5.78   3.31     5.91
  SINCE JAN 1     15.74                     10.76   4.98    11.36

SNOWFALL (IN)
  TODAY            0.0           1.2  1901   0.0    0.0      0.0
  MONTH TO DATE    2.6                       0.2    2.4      0.0
  SINCE MAR 1     14.2                       2.8   11.4      1.0
  SINCE JUL 1     23.2                      25.9   -2.7      9.7
  SNOW DEPTH       0

..................................................................


WIND (MPH)
  HIGHEST WIND SPEED    33   HIGHEST WIND DIRECTION     W (290)
  HIGHEST GUST SPEED    40   HIGHEST GUST DIRECTION     W (290)
  AVERAGE WIND SPEED    11.6


SKY COVER
  AVERAGE SKY COVER 0.4


WEATHER CONDITIONS
 THE FOLLOWING WEATHER WAS RECORDED TODAY.
  NO SIGNIFICANT WEATHER WAS OBSERVED.


RELATIVE HUMIDITY (PERCENT)
 HIGHEST    75           200 AM
 LOWEST     48           300 PM

..........................................................


THE INDIANAPOLIS IN CLIMATE NORMALS FOR TOMORROW
                         NORMAL    RECORD    YEAR
 MAXIMUM TEMPERATURE (F)   65        85      2002
 MINIMUM TEMPERATURE (F)   44        23      1983


SUNRISE AND SUNSET
APRIL 18 2018.........SUNRISE   703 AM EDT   SUNSET   826 PM EDT
APRIL 19 2018.........SUNRISE   702 AM EDT   SUNSET   827 PM EDT


-  INDICATES NEGATIVE NUMBERS.
R  INDICATES RECORD WAS SET OR TIED.
MM INDICATES DATA IS MISSING.
T  INDICATES TRACE AMOUNT.




$$
