000
CXUS54 KFWD 010730
CF6INJ
PRELIMINARY LOCAL CLIMATOLOGICAL DATA (WS FORM: F-6)
STATION: HILLSBORO
MONTH: OCTOBER
YEAR: 2022
LATITUDE: 32 0 N
LONGITUDE: 97 6 W
TEMPERATURE IN F: :PCPN: SNOW: WIND :SUNSHINE: SKY :PK WND
================================================================================
1 2 3 4 5 6A 6B 7 8 9 10 11 12 13 14 15 16 17 18
12Z AVG MX 2MIN
DY MAX MIN AVG DEP HDD CDD WTR SNW DPTH SPD SPD DIR MIN PSBL S-S WX SPD DR
================================================================================
1 83 55 69 -3 0 4 0.00 M M 4.7 10 50 M M 0 M M
2 84 52 68 -4 0 3 0.00 M M 6.3 10 30 M M 0 M M
3 87 56 72 0 0 7 0.00 M M 6.5 9 40 M M 0 M M
4 88 60 74 3 0 9 0.00 M M 5.8 10 120 M M 0 M M
5 89 60 75 4 0 10 0.00 M M 4.9 10 50 M M 0 M M
6 91 57 74 3 0 9 0.00 M M 3.6 8 80 M M 0 16 90
7 88 64 76 6 0 11 0.00 M M 5.3 13 60 M M 0 18 100
8 84 64 74 4 0 9 0.00 M M 8.8 15 50 M M 2 18 50
9 85 59 72 2 0 7 0.00 M M 3.8 9 60 M M 1 M M
10 89 62 76 7 0 11 0.00 M M 8.0 15 200 M M 1 21 160
11 86 66 76 7 0 11 0.00 M M 12.8 17 180 M M 2 8 26 160
12 97 69 83 14 0 18 0.00 M M 10.9 20 200 M M 1 25 200
13 85 60 73 4 0 8 0.00 M M 8.0 14 50 M M 0 18 70
14 88 50 69 1 0 4 0.00 M M 5.8 15 180 M M 0 23 180
15 94 71 83 15 0 18 0.00 M M 12.1 17 170 M M 1 24 200
16 79 66 73 5 0 8 0.15 M M 10.3 17 360 M M 7 23 10
17 73 50 62 -5 3 0 0.01 M M 10.4 17 10 M M 3 25 10
18 66 40 53 -14 12 0 0.00 M M 8.1 18 360 M M 0 25 360
19 69 34 52 -15 13 0 0.00 M M 3.7 9 170 M M 0 M M
20 88 49 69 3 0 4 0.00 M M 7.5 17 240 M M 0 21 240
21 90 49 70 4 0 5 0.00 M M 10.1 17 180 M M 0 25 180
22 87 63 75 9 0 10 0.00 M M 19.9 29 190 M M 1 36 190
23 88 70 79 13 0 14 0.00 M M 22.8 32 180 M M 6 39 180
24 74 59 67 2 0 2 0.76 M M 13.9 22 290 M M 10 32 170
25 71 49 60 -5 5 0 0.00 M M 11.4 24 280 M M 2 35 280
26 74 42 58 -7 7 0 0.00 M M 3.3 12 110 M M 0 16 130
27 77 52 65 1 0 0 0.00 M M 9.9 13 120 M M 1 20 160
28 63 54 59 -5 6 0 1.60 M M 13.2 24 50 M M 9 3 33 50
29 66 55 61 -3 4 0 0.02 M M 9.7 14 330 M M 9 1 20 330
30 74 50 62 -1 3 0 0.00 M M 2.9 10 290 M M 1 16 290
31 78 51 65 2 0 0 0.00 M M 1.6 7 110 M M 0 M M
================================================================================
SM 2535 1738 53 182 2.54 M 266.0 M 57
================================================================================
AV 81.8 56.1 8.6 FASTST M M 2 MAX(MPH)
MISC ----> 32 180 39 180
================================================================================
NOTES:
# LAST OF SEVERAL OCCURRENCES
COLUMN 17 PEAK WIND IN M.P.H.
PRELIMINARY LOCAL CLIMATOLOGICAL DATA (WS FORM: F-6) , PAGE 2
STATION: HILLSBORO
MONTH: OCTOBER
YEAR: 2022
LATITUDE: 32 0 N
LONGITUDE: 97 6 W
[TEMPERATURE DATA] [PRECIPITATION DATA] SYMBOLS USED IN COLUMN 16
AVERAGE MONTHLY: 68.9 TOTAL FOR MONTH: 2.54 1 = FOG OR MIST
DPTR FM NORMAL: 1.2 DPTR FM NORMAL: -1.99 2 = FOG REDUCING VISIBILITY
HIGHEST: 97 ON 12 GRTST 24HR 1.60 ON 28-28 TO 1/4 MILE OR LESS
LOWEST: 34 ON 19 3 = THUNDER
SNOW, ICE PELLETS, HAIL 4 = ICE PELLETS
TOTAL MONTH: M 5 = HAIL
GRTST 24HR M ON M 6 = FREEZING RAIN OR DRIZZLE
GRTST DEPTH: M ON M 7 = DUSTSTORM OR SANDSTORM:
VSBY 1/2 MILE OR LESS
8 = SMOKE OR HAZE
[NO. OF DAYS WITH] [WEATHER - DAYS WITH] 9 = BLOWING SNOW
X = TORNADO
MAX 32 OR BELOW: 0 0.01 INCH OR MORE: 5
MAX 90 OR ABOVE: 4 0.10 INCH OR MORE: 3
MIN 32 OR BELOW: 0 0.50 INCH OR MORE: 2
MIN 0 OR BELOW: 0 1.00 INCH OR MORE: 1
[HDD (BASE 65) ]
TOTAL THIS MO. 53 CLEAR (SCALE 0-3) 25
DPTR FM NORMAL -14 PTCLDY (SCALE 4-7) 3
TOTAL FM JUL 1 53 CLOUDY (SCALE 8-10) 3
DPTR FM NORMAL -21
[CDD (BASE 65) ]
TOTAL THIS MO. 182
DPTR FM NORMAL 33 [PRESSURE DATA]
TOTAL FM JAN 1 3169 HIGHEST SLP M ON M
DPTR FM NORMAL 660 LOWEST SLP M ON M
[REMARKS]
#FINAL-10-22#