000
CXUS54 KFWD 010730
CF6INJ
PRELIMINARY LOCAL CLIMATOLOGICAL DATA (WS FORM: F-6)
STATION: HILLSBORO
MONTH: JUNE
YEAR: 2021
LATITUDE: 32 0 N
LONGITUDE: 97 6 W
TEMPERATURE IN F: :PCPN: SNOW: WIND :SUNSHINE: SKY :PK WND
================================================================================
1 2 3 4 5 6A 6B 7 8 9 10 11 12 13 14 15 16 17 18
12Z AVG MX 2MIN
DY MAX MIN AVG DEP HDD CDD WTR SNW DPTH SPD SPD DIR MIN PSBL S-S WX SPD DR
================================================================================
1 75 61 68 -9 0 3 0.08 M M 5.9 13 330 M M 8 1 17 310
2 83 58 71 -6 0 6 0.00 M M 3.4 12 310 M M 3 M M
3 77 66 72 -6 0 7 0.00 M M 4.1 8 80 M M 5 M M
4 82 67 75 -3 0 10 0.00 M M 3.4 7 70 M M 7 M M
5 86 68 77 -1 0 12 0.00 M M 3.8 10 150 M M 5 1 M M
6 88 68 78 0 0 13 0.00 M M 7.2 13 190 M M 5 17 160
7 85 67 76 -2 0 11 1.36 M M 7.2 12 170 M M 5 3 40 180
8 89 72 81 3 0 16 0.08 M M 9.1 16 180 M M 6 3 22 170
9 93 75 84 5 0 19 0.00 M M 10.4 14 180 M M 5 20 180
10 91 74 83 4 0 18 0.00 M M 9.5 14 160 M M 5 21 160
11 91 76 84 5 0 19 0.00 M M 12.3 20 170 M M 4 25 170
12 91 74 83 4 0 18 0.00 M M 6.2 16 190 M M 4 23 160
13 95 70 83 4 0 18 0.00 M M 0.9 6 220 M M 1 M M
14 95 73 84 4 0 19 0.00 M M 2.3 12 310 M M 2 24 0
15 94 72 83 3 0 18 0.00 M M 5.0 10 40 M M 1 M M
16 95 69 82 2 0 17 0.00 M M 3.7 10 100 M M 0 1 M M
17 96 70 83 3 0 18 0.00 M M 3.6 9 140 M M 0 M M
18 93 73 83 3 0 18 0.00 M M 5.3 9 130 M M 1 16 120
19 93 63 78 -2 0 13 0.00 M M 4.6 10 150 M M 0 16 150
20 95 74 85 5 0 20 0.00 M M 11.0 16 150 M M 2 22 150
21 94 71 83 2 0 18 0.00 M M 10.5 15 30 M M 7 3 23 360
22 85 68 77 -4 0 12 0.31 M M 5.9 10 20 M M 9 3 M M
23 95 74 85 4 0 20 0.00 M M 9.7 15 190 M M 5 1 17 170
24 96 75 86 5 0 21 0.00 M M 12.3 17 150 M M 2 24 180
25 95 77 86 5 0 21 0.00 M M 13.2 21 160 M M 3 27 160
26 96 77 87 6 0 22 0.00 M M 13.1 18 150 M M 6 24 180
27 90 73 82 1 0 17 0.03 M M 6.9 16 120 M M 4 27 120
28 83 72 78 -4 0 13 0.14 M M 5.9 10 100 M M 5 M M
29 89 73 81 -1 0 16 0.34 M M 6.4 10 140 M M 7 23 70
30 90 73 82 0 0 17 0.00 M M 4.1 10 70 M M 6 18 M M
================================================================================
SM 2700 2123 0 470 2.34 M 206.9 M 123
================================================================================
AV 90.0 70.8 6.9 FASTST M M 4 MAX(MPH)
MISC ----> 21 160 40 180
================================================================================
NOTES:
# LAST OF SEVERAL OCCURRENCES
COLUMN 17 PEAK WIND IN M.P.H.
PRELIMINARY LOCAL CLIMATOLOGICAL DATA (WS FORM: F-6) , PAGE 2
STATION: HILLSBORO
MONTH: JUNE
YEAR: 2021
LATITUDE: 32 0 N
LONGITUDE: 97 6 W
[TEMPERATURE DATA] [PRECIPITATION DATA] SYMBOLS USED IN COLUMN 16
AVERAGE MONTHLY: 80.4 TOTAL FOR MONTH: 2.34 1 = FOG OR MIST
DPTR FM NORMAL: 0.7 DPTR FM NORMAL: -2.00 2 = FOG REDUCING VISIBILITY
HIGHEST: 96 ON 26,24 GRTST 24HR 1.36 ON 7- 7 TO 1/4 MILE OR LESS
LOWEST: 58 ON 2 3 = THUNDER
SNOW, ICE PELLETS, HAIL 4 = ICE PELLETS
TOTAL MONTH: M 5 = HAIL
GRTST 24HR M ON M 6 = FREEZING RAIN OR DRIZZLE
GRTST DEPTH: M ON M 7 = DUSTSTORM OR SANDSTORM:
VSBY 1/2 MILE OR LESS
8 = SMOKE OR HAZE
[NO. OF DAYS WITH] [WEATHER - DAYS WITH] 9 = BLOWING SNOW
X = TORNADO
MAX 32 OR BELOW: 0 0.01 INCH OR MORE: 7
MAX 90 OR ABOVE: 19 0.10 INCH OR MORE: 4
MIN 32 OR BELOW: 0 0.50 INCH OR MORE: 1
MIN 0 OR BELOW: 0 1.00 INCH OR MORE: 1
[HDD (BASE 65) ]
TOTAL THIS MO. 0 CLEAR (SCALE 0-3) 10
DPTR FM NORMAL 0 PTCLDY (SCALE 4-7) 19
TOTAL FM JUL 1 2239 CLOUDY (SCALE 8-10) 1
DPTR FM NORMAL 25
[CDD (BASE 65) ]
TOTAL THIS MO. 470
DPTR FM NORMAL 30 [PRESSURE DATA]
TOTAL FM JAN 1 786 HIGHEST SLP M ON M
DPTR FM NORMAL -50 LOWEST SLP M ON M
[REMARKS]
#FINAL-06-21#