399
CXUS54 KMAF 011210
CF6INK
PRELIMINARY LOCAL CLIMATOLOGICAL DATA (WS FORM: F-6)
STATION: WINK
MONTH: JANUARY
YEAR: 2021
LATITUDE: 31 46 N
LONGITUDE: 103 12 W
TEMPERATURE IN F: :PCPN: SNOW: WIND :SUNSHINE: SKY :PK WND
================================================================================
1 2 3 4 5 6A 6B 7 8 9 10 11 12 13 14 15 16 17 18
12Z AVG MX 2MIN
DY MAX MIN AVG DEP HDD CDD WTR SNW DPTH SPD SPD DIR MIN PSBL S-S WX SPD DR
================================================================================
1 51 19 35 -9 30 0 0.00 M M 5.8 16 360 M M 0 1 19 360
2 58 22 40 -4 25 0 0.00 M M 9.3 25 260 M M 0 8 31 260
3 66 24 45 1 20 0 0.00 M M 6.8 16 250 M M 0 20 270
4 68 32 50 6 15 0 0.00 M M 7.8 21 350 M M 0 25 350
5 65 25 45 1 20 0 0.00 M M 5.6 14 190 M M 0 8 17 160
6 59 32 46 2 19 0 0.00 M M 11.7 24 340 M M 0 8 36 330
7 60 23 42 -2 23 0 0.00 M M 7.0 10 110 M M 0 14 170
8 52 26 39 -5 26 0 0.00 M M 9.8 20 60 M M 0 1 24 70
9 37 25 31 -13 34 0 M M M 8.7 16 130 M M 9 12 22 130
10 36 32 34 -10 31 0 0.17 M M 8.4 16 70 M M 10 1 19 40
11 38 27 33 -11 32 0 0.00 M M 1.6 7 270 M M 8 1 9 210
12 50 20 35 -9 30 0 0.00 M M 3.4 9 160 M M 0 18 12 280
13 65 23 44 0 21 0 0.00 M M 10.2 21 260 M M 0 25 270
14 56 35 46 2 19 0 0.00 M M 9.2 31 20 M M 0 41 40
15 51 24 38 -6 27 0 0.00 M M 4.6 12 360 M M 0 14 360
16 59 22 41 -3 24 0 0.00 M M 6.6 16 360 M M 0 20 350
17 62 23 43 -1 22 0 0.00 M M 5.2 15 350 M M 0 19 350
18 75 24 50 5 15 0 0.00 M M 7.9 23 40 M M 0 27 50
19 49 33 41 -4 24 0 0.00 M M 11.1 22 40 M M 5 27 60
20 51 37 44 -1 21 0 0.01 M M 4.5 10 200 M M 4 12 180
21 66 44 55 10 10 0 T M M 5.8 18 250 M M 5 22 250
22 68 40 54 9 11 0 0.00 M M 6.4 16 360 M M 1 20 360
23 68 38 53 8 12 0 0.00 M M 5.8 12 120 M M 4 12 14 120
24 74 52 63 18 2 0 0.01 M M 11.2 29 280 M M 6 1 38 280
25 60 36 48 2 17 0 0.00 M M 17.1 37 270 M M 0 44 270
26 60 25 43 -3 22 0 0.00 M M 12.0 33 290 M M 1 39 300
27 59 24 42 -4 23 0 0.00 M M 7.3 15 360 M M 0 20 350
28 59 35 47 1 18 0 0.00 M M 11.9 21 130 M M 0 27 130
29 67 41 54 8 11 0 0.00 M M 9.5 24 140 M M 0 33 140
30 70 38 54 8 11 0 0.00 M M 13.1 26 310 M M 0 32 290
31 64 31 48 2 17 0 0.00 M M 7.9 14 90 M M 0 21 80
================================================================================
SM 1823 932 632 0 0.19 M 253.2 M 53
================================================================================
AV 58.8 30.1 8.2 FASTST M M 2 MAX(MPH)
MISC ----> 37 270 44 270
================================================================================
NOTES:
# LAST OF SEVERAL OCCURRENCES
COLUMN 17 PEAK WIND IN M.P.H.
PRELIMINARY LOCAL CLIMATOLOGICAL DATA (WS FORM: F-6) , PAGE 2
STATION: WINK
MONTH: JANUARY
YEAR: 2021
LATITUDE: 31 46 N
LONGITUDE: 103 12 W
[TEMPERATURE DATA] [PRECIPITATION DATA] SYMBOLS USED IN COLUMN 16
AVERAGE MONTHLY: 44.4 TOTAL FOR MONTH: 0.19 1 = FOG OR MIST
DPTR FM NORMAL: -0.2 DPTR FM NORMAL: -0.24 2 = FOG REDUCING VISIBILITY
HIGHEST: 75 ON 18 GRTST 24HR 0.17 ON 10-10 TO 1/4 MILE OR LESS
LOWEST: 19 ON 1 3 = THUNDER
SNOW, ICE PELLETS, HAIL 4 = ICE PELLETS
TOTAL MONTH: M 5 = HAIL
GRTST 24HR M ON M 6 = FREEZING RAIN OR DRIZZLE
GRTST DEPTH: M ON M 7 = DUSTSTORM OR SANDSTORM:
VSBY 1/2 MILE OR LESS
8 = SMOKE OR HAZE
[NO. OF DAYS WITH] [WEATHER - DAYS WITH] 9 = BLOWING SNOW
X = TORNADO
MAX 32 OR BELOW: 0 0.01 INCH OR MORE: 3
MAX 90 OR ABOVE: 0 0.10 INCH OR MORE: 1
MIN 32 OR BELOW: 20 0.50 INCH OR MORE: 0
MIN 0 OR BELOW: 0 1.00 INCH OR MORE: 0
[HDD (BASE 65) ]
TOTAL THIS MO. 632 CLEAR (SCALE 0-3) 23
DPTR FM NORMAL 0 PTCLDY (SCALE 4-7) 6
TOTAL FM JUL 1 1647 CLOUDY (SCALE 8-10) 2
DPTR FM NORMAL -57
[CDD (BASE 65) ]
TOTAL THIS MO. 0
DPTR FM NORMAL 0 [PRESSURE DATA]
TOTAL FM JAN 1 0 HIGHEST SLP 30.47 ON 11
DPTR FM NORMAL 0 LOWEST SLP 29.49 ON 24
[REMARKS]
#FINAL-01-21#