000
CXUS53 KDLH 010920
CF6INL
PRELIMINARY LOCAL CLIMATOLOGICAL DATA (WS FORM: F-6)
STATION: INTERNATIONAL FALLS
MONTH: JANUARY
YEAR: 2023
LATITUDE: 48 34 N
LONGITUDE: 93 23 W
TEMPERATURE IN F: :PCPN: SNOW: WIND :SUNSHINE: SKY :PK WND
================================================================================
1 2 3 4 5 6A 6B 7 8 9 10 11 12 13 14 15 16 17 18
12Z AVG MX 2MIN
DY MAX MIN AVG DEP HDD CDD WTR SNW DPTH SPD SPD DIR MIN PSBL S-S WX SPD DR
================================================================================
1 25 21 23 17 42 0 T T 15 5.1 12 290 M M 10 16 16 280
2 21 17 19 13 46 0 0.00 0.0 15 5.5 10 230 M M 10 1 15 210
3 19 6 13 7 52 0 0.00 0.0 15 3.5 12 30 M M 8 128 16 20
4 23 8 16 10 49 0 0.00 0.0 M 6.7 14 60 M M 2 20 50
5 17 -7 5 -1 60 0 T T 15 2.5 8 40 M M 6 18 12 70
6 15 -7 4 -2 61 0 0.00 0.0 16 2.1 8 40 M M 7 128 12 30
7 25 2 14 9 51 0 0.00 0.0 15 3.8 12 200 M M 5 18 16 200
8 28 8 18 13 47 0 0.00 0.0 15 5.1 12 200 M M 3 18 18 200
9 24 0 12 7 53 0 0.00 0.0 15 6.4 13 90 M M 9 128 18 100
10 31 24 28 23 37 0 0.00 0.0 15 4.8 13 120 M M 10 1 16 120
11 31 23 27 22 38 0 T 0.4 15 4.7 13 310 M M 10 18 17 300
12 23 12 18 13 47 0 T T 15 8.6 17 340 M M 10 18 22 360
13 18 10 14 9 51 0 T 0.4 15 4.8 12 140 M M 7 18 18 170
14 26 16 21 16 44 0 0.00 0.0 15 6.4 12 140 M M 4 20 140
15 38 25 32 28 33 0 0.00 0.0 15 6.1 12 220 M M 8 19 180
16 34 26 30 26 35 0 0.00 0.0 15 5.8 12 10 M M 10 1 17 10
17 33 21 27 23 38 0 T T 15 10.6 17 350 M M 10 1 24 350
18 22 16 19 15 46 0 T T 14 6.2 10 90 M M 10 18 15 30
19 25 19 22 18 43 0 T T 14 6.6 12 50 M M 10 16 18 20
20 23 18 21 17 44 0 T 0.1 14 5.4 13 250 M M 10 168 19 250
21 28 4 16 12 49 0 0.00 0.0 14 6.5 14 250 M M 8 21 240
22 19 1 10 6 55 0 T T 14 3.5 9 200 M M 6 18 15 190
23 29 15 22 18 43 0 0.05 0.6 14 7.8 14 330 M M 9 18 20 310
24 22 15 19 15 46 0 T 0.6 14 4.4 12 140 M M 10 18 14 140
25 19 -9 5 1 60 0 0.02 0.6 15 8.0 16 360 M M 6 1 19 350
26 14 -16 -1 -6 66 0 0.05 1.5 15 5.8 17 130 M M 7 18 24 140
27 15 -1 7 2 58 0 0.14 5.5 19 13.7 25 300 M M 10 189 36 300
28 -1 -30 -15 -20 80 0 0.00 0.0 19 5.7 15 320 M M 1 19 320
29 -2 -34 -18 -23 83 0 0.00 0.0 19 5.7 12 280 M M 2 17 260
30 -1 -28 -14 -19 79 0 0.00 0.0 18 6.2 15 260 M M 0 21 250
31 3 -18 -7 -12 72 0 0.00 0.0 18 5.4 10 270 M M 1 16 210
================================================================================
SM 646 157 1608 0 0.26 9.7 183.4 M 219
================================================================================
AV 20.8 5.1 5.9 FASTST M M 7 MAX(MPH)
MISC ----> 25 300 36 300
================================================================================
NOTES:
# LAST OF SEVERAL OCCURRENCES
COLUMN 17 PEAK WIND IN M.P.H.
PRELIMINARY LOCAL CLIMATOLOGICAL DATA (WS FORM: F-6) , PAGE 2
STATION: INTERNATIONAL FALLS
MONTH: JANUARY
YEAR: 2023
LATITUDE: 48 34 N
LONGITUDE: 93 23 W
[TEMPERATURE DATA] [PRECIPITATION DATA] SYMBOLS USED IN COLUMN 16
AVERAGE MONTHLY: 13.0 TOTAL FOR MONTH: 0.26 1 = FOG OR MIST
DPTR FM NORMAL: 8.0 DPTR FM NORMAL: -0.53 2 = FOG REDUCING VISIBILITY
HIGHEST: 38 ON 15 GRTST 24HR 0.38 ON 23-23 TO 1/4 MILE OR LESS
LOWEST: -34 ON 29 3 = THUNDER
SNOW, ICE PELLETS, HAIL 4 = ICE PELLETS
TOTAL MONTH: 10.3 INCHES 5 = HAIL
GRTST 24HR 5.5 ON 27-27 6 = FREEZING RAIN OR DRIZZLE
GRTST DEPTH: 19 ON 29,28 7 = DUSTSTORM OR SANDSTORM:
VSBY 1/2 MILE OR LESS
8 = SMOKE OR HAZE
[NO. OF DAYS WITH] [WEATHER - DAYS WITH] 9 = BLOWING SNOW
X = TORNADO
MAX 32 OR BELOW: 28 0.01 INCH OR MORE: 4
MAX 90 OR ABOVE: 0 0.10 INCH OR MORE: 1
MIN 32 OR BELOW: 31 0.50 INCH OR MORE: 0
MIN 0 OR BELOW: 10 1.00 INCH OR MORE: 0
[HDD (BASE 65) ]
TOTAL THIS MO. 1608 CLEAR (SCALE 0-3) 6
DPTR FM NORMAL -253 PTCLDY (SCALE 4-7) 11
TOTAL FM JUL 1 4348 CLOUDY (SCALE 8-10) 14
DPTR FM NORMAL -1592
[CDD (BASE 65) ]
TOTAL THIS MO. 0
DPTR FM NORMAL 0 [PRESSURE DATA]
TOTAL FM JAN 1 0 HIGHEST SLP 30.49 ON 13
DPTR FM NORMAL 0 LOWEST SLP 29.34 ON 27
[REMARKS]
#FINAL-01-23#