000
CXUS53 KDLH 010920
CF6INL
PRELIMINARY LOCAL CLIMATOLOGICAL DATA (WS FORM: F-6)
STATION: INTERNATIONAL FALLS
MONTH: NOVEMBER
YEAR: 2022
LATITUDE: 48 34 N
LONGITUDE: 93 23 W
TEMPERATURE IN F: :PCPN: SNOW: WIND :SUNSHINE: SKY :PK WND
================================================================================
1 2 3 4 5 6A 6B 7 8 9 10 11 12 13 14 15 16 17 18
12Z AVG MX 2MIN
DY MAX MIN AVG DEP HDD CDD WTR SNW DPTH SPD SPD DIR MIN PSBL S-S WX SPD DR
================================================================================
1 60 27 44 10 21 0 0.00 0.0 0 4.1 10 100 M M 0 14 100
2 71 37 54 21 11 0 0.00 0.0 0 8.9 18 190 M M 0 35 200
3 62 33 48 15 17 0 0.13 T 0 7.1 15 310 M M 5 1 23 190
4 37 18 28 -4 37 0 0.01 0.0 0 6.0 17 310 M M 3 1 25 320
5 38 15 27 -5 38 0 0.00 0.0 0 3.6 13 140 M M 3 12 17 140
6 37 26 32 1 33 0 0.09 0.3 T 10.7 23 240 M M 10 168 39 240
7 37 30 34 3 31 0 T T T 9.4 22 320 M M 7 18 34 250
8 42 32 37 7 28 0 0.04 0.0 0 10.4 20 130 M M 10 1 28 120
9 42 35 39 9 26 0 0.24 0.0 0 6.5 15 40 M M 10 1 23 20
10 35 26 31 2 34 0 0.29 1.4 T 14.7 25 50 M M 10 168 44 70
11 28 22 25 -4 40 0 0.15 1.8 1 12.9 20 360 M M 10 1 30 10
12 23 20 22 -6 43 0 T T 2 6.2 14 20 M M 10 21 30
13 24 17 21 -7 44 0 T T 2 0.7 9 100 M M 10 8 13 110
14 27 14 21 -6 44 0 0.06 1.4 2 5.8 14 100 M M 9 18 18 120
15 30 24 27 0 38 0 0.16 3.2 6 7.2 10 80 M M 10 1 15 100
16 27 14 21 -5 44 0 T 0.4 6 4.0 10 260 M M 10 18 18 270
17 24 13 19 -7 46 0 0.07 1.3 6 6.8 18 340 M M 10 18 24 350
18 18 11 15 -10 50 0 0.07 1.5 6 10.2 21 220 M M 8 18 32 230
19 15 -1 7 -17 58 0 0.01 0.3 7 11.2 22 330 M M 8 189 32 320
20 27 -1 13 -11 52 0 0.00 0.0 6 6.2 15 260 M M 5 24 250
21 28 12 20 -3 45 0 0.00 0.0 6 6.2 15 360 M M 8 22 260
22 32 11 22 -1 43 0 0.03 0.3 6 5.5 12 220 M M 6 18 18 230
23 44 11 28 6 37 0 0.00 0.0 6 4.6 9 200 M M 0 1 17 200
24 40 19 30 8 35 0 0.02 0.0 6 6.3 14 280 M M 2 16 19 280
25 44 17 31 10 34 0 0.00 0.0 6 7.1 14 220 M M 0 1 24 210
26 41 27 34 13 31 0 0.00 0.0 5 7.3 13 300 M M 1 19 320
27 33 21 27 7 38 0 0.00 0.0 M 3.9 10 320 M M 7 12 320
28 32 23 28 8 37 0 0.06 0.4 6 8.7 16 240 M M 8 1 27 220
29 25 15 20 1 45 0 T 0.2 6 5.5 13 230 M M 4 19 240
30 21 7 14 -5 51 0 0.01 0.4 6 14.0 25 290 M M 10 18 39 300
================================================================================
SM 1044 575 1131 0 1.44 12.9 221.7 M 194
================================================================================
AV 34.8 19.2 7.4 FASTST M M 6 MAX(MPH)
MISC ----> # 25 50 44 70
================================================================================
NOTES:
# LAST OF SEVERAL OCCURRENCES
COLUMN 17 PEAK WIND IN M.P.H.
PRELIMINARY LOCAL CLIMATOLOGICAL DATA (WS FORM: F-6) , PAGE 2
STATION: INTERNATIONAL FALLS
MONTH: NOVEMBER
YEAR: 2022
LATITUDE: 48 34 N
LONGITUDE: 93 23 W
[TEMPERATURE DATA] [PRECIPITATION DATA] SYMBOLS USED IN COLUMN 16
AVERAGE MONTHLY: 27.0 TOTAL FOR MONTH: 1.44 1 = FOG OR MIST
DPTR FM NORMAL: 0.7 DPTR FM NORMAL: 0.05 2 = FOG REDUCING VISIBILITY
HIGHEST: 71 ON 2 GRTST 24HR 3.98 ON 16-17 TO 1/4 MILE OR LESS
LOWEST: -1 ON 20,19 3 = THUNDER
SNOW, ICE PELLETS, HAIL 4 = ICE PELLETS
TOTAL MONTH: 12.9 INCHES 5 = HAIL
GRTST 24HR 3.2 ON 15-15 6 = FREEZING RAIN OR DRIZZLE
GRTST DEPTH: 7 ON 19 7 = DUSTSTORM OR SANDSTORM:
VSBY 1/2 MILE OR LESS
8 = SMOKE OR HAZE
[NO. OF DAYS WITH] [WEATHER - DAYS WITH] 9 = BLOWING SNOW
X = TORNADO
MAX 32 OR BELOW: 15 0.01 INCH OR MORE: 16
MAX 90 OR ABOVE: 0 0.10 INCH OR MORE: 5
MIN 32 OR BELOW: 27 0.50 INCH OR MORE: 0
MIN 0 OR BELOW: 2 1.00 INCH OR MORE: 0
[HDD (BASE 65) ]
TOTAL THIS MO. 1131 CLEAR (SCALE 0-3) 8
DPTR FM NORMAL -31 PTCLDY (SCALE 4-7) 9
TOTAL FM JUL 1 2100 CLOUDY (SCALE 8-10) 13
DPTR FM NORMAL -328
[CDD (BASE 65) ]
TOTAL THIS MO. 0
DPTR FM NORMAL 0 [PRESSURE DATA]
TOTAL FM JAN 1 191 HIGHEST SLP 30.68 ON 8
DPTR FM NORMAL 17 LOWEST SLP 29.36 ON 6
[REMARKS]
#FINAL-11-22#