000
CXUS53 KDLH 010820
CF6INL
PRELIMINARY LOCAL CLIMATOLOGICAL DATA (WS FORM: F-6)
STATION: INTERNATIONAL FALLS
MONTH: MARCH
YEAR: 2021
LATITUDE: 48 34 N
LONGITUDE: 93 23 W
TEMPERATURE IN F: :PCPN: SNOW: WIND :SUNSHINE: SKY :PK WND
================================================================================
1 2 3 4 5 6A 6B 7 8 9 10 11 12 13 14 15 16 17 18
12Z AVG MX 2MIN
DY MAX MIN AVG DEP HDD CDD WTR SNW DPTH SPD SPD DIR MIN PSBL S-S WX SPD DR
================================================================================
1 17 -11 3 -13 62 0 0.00 0.0 13 6.2 18 330 M M 2 25 310
2 46 17 32 15 33 0 0.00 0.0 M 11.1 18 280 M M 2 27 300
3 35 13 24 7 41 0 0.00 0.0 12 3.5 8 60 M M 0 13 320
4 43 16 30 12 35 0 0.00 0.0 12 4.5 9 70 M M 6 12 90
5 43 15 29 11 36 0 0.00 0.0 12 3.5 12 100 M M 0 17 50
6 46 11 29 10 36 0 0.00 0.0 12 4.4 12 140 M M 0 16 120
7 53 27 40 21 25 0 0.00 0.0 12 11.3 23 280 M M 2 35 290
8 54 28 41 21 24 0 0.00 0.0 9 5.9 14 280 M M 2 23 280
9 63 35 49 29 16 0 T T 9 10.2 22 200 M M 6 36 200
10 41 30 36 16 29 0 T 0.0 8 10.6 17 290 M M 9 1 23 300
11 41 14 28 7 37 0 T T 3 14.3 23 290 M M 5 34 280
12 35 8 22 0 43 0 0.00 0.0 2 6.8 14 330 M M 0 22 320
13 51 24 38 16 27 0 0.00 0.0 1 9.8 18 320 M M 0 28 330
14 38 20 29 7 36 0 0.00 0.0 M 8.2 15 100 M M 0 23 40
15 46 13 30 7 35 0 0.00 0.0 T 6.6 17 120 M M 0 24 120
16 41 19 30 6 35 0 0.00 0.0 T 2.4 9 210 M M 8 14 150
17 49 24 37 13 28 0 0.00 0.0 T 6.0 18 330 M M 7 24 320
18 50 16 33 9 32 0 0.00 0.0 T 3.7 10 50 M M 0 13 50
19 57 24 41 16 24 0 0.00 0.0 T 8.8 20 210 M M 0 30 200
20 64 35 50 24 15 0 0.00 0.0 T 8.9 24 210 M M 0 36 220
21 57 38 48 22 17 0 0.08 0.0 T 9.1 20 210 M M 4 1 31 210
22 47 23 35 8 30 0 0.00 0.0 0 6.0 15 290 M M 4 1 21 320
23 50 22 36 9 29 0 0.00 0.0 0 5.0 14 70 M M 3 20 30
24 42 28 35 7 30 0 0.05 T 0 10.1 20 10 M M 9 18 26 10
25 41 21 31 3 34 0 0.00 0.0 0 9.0 21 100 M M 0 26 110
26 45 22 34 5 31 0 T T 0 8.0 15 130 M M 8 8 23 120
27 41 21 31 2 34 0 0.23 1.6 1 7.5 20 340 M M 6 18 25 340
28 41 18 30 0 35 0 0.00 0.0 T 6.4 15 290 M M 3 22 240
29 63 34 49 19 16 0 0.00 0.0 T 13.6 23 140 M M 3 8 38 160
30 41 11 26 -5 39 0 T T T 17.9 31 240 M M 9 8 49 230
31 29 9 19 -12 46 0 T T T 7.6 16 310 M M 4 22 310
================================================================================
SM 1410 625 990 0 0.36 1.6 246.9 M 102
================================================================================
AV 45.5 20.2 8.0 FASTST M M 3 MAX(MPH)
MISC ----> 31 240 49 230
================================================================================
NOTES:
# LAST OF SEVERAL OCCURRENCES
COLUMN 17 PEAK WIND IN M.P.H.
PRELIMINARY LOCAL CLIMATOLOGICAL DATA (WS FORM: F-6) , PAGE 2
STATION: INTERNATIONAL FALLS
MONTH: MARCH
YEAR: 2021
LATITUDE: 48 34 N
LONGITUDE: 93 23 W
[TEMPERATURE DATA] [PRECIPITATION DATA] SYMBOLS USED IN COLUMN 16
AVERAGE MONTHLY: 32.8 TOTAL FOR MONTH: 0.36 1 = FOG OR MIST
DPTR FM NORMAL: 9.2 DPTR FM NORMAL: -0.59 2 = FOG REDUCING VISIBILITY
HIGHEST: 64 ON 20 GRTST 24HR 0.23 ON 26-27 TO 1/4 MILE OR LESS
LOWEST: -11 ON 1 3 = THUNDER
SNOW, ICE PELLETS, HAIL 4 = ICE PELLETS
TOTAL MONTH: 1.6 INCHES 5 = HAIL
GRTST 24HR 1.6 ON 27-27 6 = FREEZING RAIN OR DRIZZLE
GRTST DEPTH: 13 ON 1 7 = DUSTSTORM OR SANDSTORM:
VSBY 1/2 MILE OR LESS
8 = SMOKE OR HAZE
[NO. OF DAYS WITH] [WEATHER - DAYS WITH] 9 = BLOWING SNOW
X = TORNADO
MAX 32 OR BELOW: 2 0.01 INCH OR MORE: 3
MAX 90 OR ABOVE: 0 0.10 INCH OR MORE: 1
MIN 32 OR BELOW: 27 0.50 INCH OR MORE: 0
MIN 0 OR BELOW: 1 1.00 INCH OR MORE: 0
[HDD (BASE 65) ]
TOTAL THIS MO. 990 CLEAR (SCALE 0-3) 17
DPTR FM NORMAL -293 PTCLDY (SCALE 4-7) 10
TOTAL FM JUL 1 8096 CLOUDY (SCALE 8-10) 4
DPTR FM NORMAL -767
[CDD (BASE 65) ]
TOTAL THIS MO. 0
DPTR FM NORMAL 0 [PRESSURE DATA]
TOTAL FM JAN 1 0 HIGHEST SLP 30.65 ON 14
DPTR FM NORMAL 0 LOWEST SLP 29.08 ON 29
[REMARKS]
#FINAL-03-21#