000
CXUS56 KFGZ 010910
CF6INW
PRELIMINARY LOCAL CLIMATOLOGICAL DATA (WS FORM: F-6)
STATION: WINSLOW AZ AIRPORT
MONTH: AUGUST
YEAR: 2021
LATITUDE: 35 1 N
LONGITUDE: 110 44 W
TEMPERATURE IN F: :PCPN: SNOW: WIND :SUNSHINE: SKY :PK WND
================================================================================
1 2 3 4 5 6A 6B 7 8 9 10 11 12 13 14 15 16 17 18
12Z AVG MX 2MIN
DY MAX MIN AVG DEP HDD CDD WTR SNW DPTH SPD SPD DIR MIN PSBL S-S WX SPD DR
================================================================================
1 91 64 78 -1 0 13 0.03 M M 6.7 31 310 M M 1 3 38 310
2 95 62 79 0 0 14 0.00 M M 4.5 15 360 M M 1 24 310
3 98 62 80 1 0 15 0.00 M M 7.3 20 330 M M 0 34 330
4 99 62 81 2 0 16 0.00 M M 6.4 16 330 M M 0 23 340
5 100 60 80 2 0 15 0.00 M M 7.6 18 260 M M 0 22 250
6 100 70 85 7 0 20 0.00 M M 11.7 28 300 M M 0 33 300
7 98 64 81 3 0 16 0.00 M M 8.5 25 290 M M 1 29 280
8 99 62 81 3 0 16 0.00 M M 10.4 21 260 M M 0 32 280
9 96 66 81 3 0 16 0.00 M M 8.1 29 280 M M 0 35 280
10 81 67 74 -4 0 9 0.01 M M 10.5 25 180 M M 6 30 180
11 87 64 76 -2 0 11 0.03 M M 7.3 26 230 M M 3 3 33 70
12 88 66 77 -1 0 12 0.01 M M 8.1 21 260 M M 5 25 250
13 95 69 82 4 0 17 0.02 M M 9.0 28 80 M M 2 3 39 70
14 93 67 80 2 0 15 0.00 M M 9.2 18 80 M M 0 26 100
15 96 65 81 4 0 16 T M M 7.5 29 40 M M 1 38 41 40
16 96 66 81 4 0 16 0.04 M M 9.0 36 80 M M 1 38 43 80
17 90 61 76 -1 0 11 0.00 M M 10.1 30 270 M M 0 3 36 270
18 84 66 75 -2 0 10 T M M 14.8 32 240 M M 3 3 39 240
19 86 59 73 -4 0 8 0.00 M M 12.6 28 240 M M 2 36 270
20 86 56 71 -6 0 6 0.00 M M 5.5 14 250 M M 4 20 360
21 91 56 74 -3 0 9 0.00 M M 7.7 22 220 M M 2 26 210
22 95 55 75 -1 0 10 0.00 M M 9.2 25 220 M M 1 34 240
23 95 55 75 -1 0 10 0.00 M M 10.7 26 240 M M 0 33 230
24 95 56 76 0 0 11 0.00 M M 7.9 21 270 M M 0 24 270
25 97 58 78 2 0 13 0.00 M M 5.9 15 220 M M 1 18 220
26 100 62 81 5 0 16 0.00 M M 7.3 29 160 M M 0 36 160
27 99 63 81 5 0 16 0.00 M M 9.3 24 70 M M 1 3 31 60
28 99 65 82 7 0 17 0.00 M M 8.7 22 290 M M 0 26 290
29 96 65 81 6 0 16 0.00 M M 8.1 32 200 M M 0 39 190
30 94 68 81 6 0 16 T M M 9.8 33 200 M M 2 3 41 200
31 90 66 78 3 0 13 0.10 M M 8.4 28 260 M M 2 3 35 260
================================================================================
SM 2909 1947 0 419 0.24 M 267.8 M 39
================================================================================
AV 93.8 62.8 8.6 FASTST M M 1 MAX(MPH)
MISC ----> 36 80 43 80
================================================================================
NOTES:
# LAST OF SEVERAL OCCURRENCES
COLUMN 17 PEAK WIND IN M.P.H.
PRELIMINARY LOCAL CLIMATOLOGICAL DATA (WS FORM: F-6) , PAGE 2
STATION: WINSLOW AZ AIRPORT
MONTH: AUGUST
YEAR: 2021
LATITUDE: 35 1 N
LONGITUDE: 110 44 W
[TEMPERATURE DATA] [PRECIPITATION DATA] SYMBOLS USED IN COLUMN 16
AVERAGE MONTHLY: 78.3 TOTAL FOR MONTH: 0.24 1 = FOG OR MIST
DPTR FM NORMAL: 1.2 DPTR FM NORMAL: -0.92 2 = FOG REDUCING VISIBILITY
HIGHEST: 100 ON 26, 6 GRTST 24HR 0.10 ON 31-31 TO 1/4 MILE OR LESS
LOWEST: 55 ON 23,22 3 = THUNDER
SNOW, ICE PELLETS, HAIL 4 = ICE PELLETS
TOTAL MONTH: M 5 = HAIL
GRTST 24HR M ON M 6 = FREEZING RAIN OR DRIZZLE
GRTST DEPTH: M ON M 7 = DUSTSTORM OR SANDSTORM:
VSBY 1/2 MILE OR LESS
8 = SMOKE OR HAZE
[NO. OF DAYS WITH] [WEATHER - DAYS WITH] 9 = BLOWING SNOW
X = TORNADO
MAX 32 OR BELOW: 0 0.01 INCH OR MORE: 7
MAX 90 OR ABOVE: 25 0.10 INCH OR MORE: 1
MIN 32 OR BELOW: 0 0.50 INCH OR MORE: 0
MIN 0 OR BELOW: 0 1.00 INCH OR MORE: 0
[HDD (BASE 65) ]
TOTAL THIS MO. 0 CLEAR (SCALE 0-3) 28
DPTR FM NORMAL 0 PTCLDY (SCALE 4-7) 3
TOTAL FM JUL 1 0 CLOUDY (SCALE 8-10) 0
DPTR FM NORMAL 0
[CDD (BASE 65) ]
TOTAL THIS MO. 419
DPTR FM NORMAL 44 [PRESSURE DATA]
TOTAL FM JAN 1 1406 HIGHEST SLP M ON M
DPTR FM NORMAL 252 LOWEST SLP 29.63 ON 31
[REMARKS]
#FINAL-08-21#