000
CXUS56 KFGZ 010900
CF6INW
PRELIMINARY LOCAL CLIMATOLOGICAL DATA (WS FORM: F-6)
STATION: WINSLOW AZ AIRPORT
MONTH: APRIL
YEAR: 2020
LATITUDE: 35 1 N
LONGITUDE: 110 44 W
TEMPERATURE IN F: :PCPN: SNOW: WIND :SUNSHINE: SKY :PK WND
================================================================================
1 2 3 4 5 6A 6B 7 8 9 10 11 12 13 14 15 16 17 18
12Z AVG MX 2MIN
DY MAX MIN AVG DEP HDD CDD WTR SNW DPTH SPD SPD DIR MIN PSBL S-S WX SPD DR
================================================================================
1 74 42 58 8 7 0 0.00 M M 14.4 31 240 M M 0 42 210
2 72 44 58 8 7 0 0.00 M M 16.6 31 230 M M 0 40 220
3 72 35 54 3 11 0 0.00 M M 8.4 25 240 M M 1 33 260
4 73 36 55 4 10 0 0.00 M M 9.9 29 210 M M 0 34 220
5 73 36 55 4 10 0 0.00 M M 11.1 25 210 M M 0 34 220
6 73 38 56 4 9 0 0.00 M M 11.9 29 200 M M 0 45 200
7 73 34 54 2 11 0 0.00 M M 7.1 21 200 M M 0 30 180
8 75 40 58 6 7 0 0.00 M M 12.0 31 190 M M 1 39 160
9 67 37 52 0 13 0 0.00 M M 7.2 21 220 M M 1 25 220
10 70 30 50 -2 15 0 0.00 M M 7.4 21 210 M M 0 27 230
11 66 34 50 -3 15 0 T M M 10.5 29 200 M M 2 34 200
12 67 43 55 2 10 0 0.06 M M 12.6 29 230 M M 6 3 36 230
13 58 37 48 -5 17 0 0.69 M M 10.9 28 310 M M 7 13 33 310
14 54 33 44 -10 21 0 0.00 M M 6.0 13 280 M M 0 16 310
15 68 28 48 -6 17 0 0.00 M M 6.3 18 220 M M 0 22 220
16 73 43 58 4 7 0 0.00 M M 12.9 29 240 M M 0 36 240
17 75 38 57 2 8 0 0.00 M M 9.8 23 210 M M 0 31 210
18 70 36 53 -2 12 0 0.00 M M 9.0 25 250 M M 3 31 240
19 72 42 57 2 8 0 0.00 M M 10.8 25 250 M M 1 36 280
20 75 49 62 6 3 0 0.00 M M 8.9 24 240 M M 0 29 230
21 71 44 58 2 7 0 0.00 M M 11.0 26 300 M M 2 8 35 240
22 75 38 57 1 8 0 0.00 M M 8.4 23 310 M M 0 30 290
23 84 43 64 8 1 0 0.00 M M 8.9 30 270 M M 0 45 280
24 79 42 61 4 4 0 0.00 M M 7.3 20 310 M M 0 27 300
25 79 40 60 3 5 0 0.00 M M 3.5 13 40 M M 0 16 40
26 91 46 69 12 0 4 0.00 M M 10.6 29 260 M M 0 8 36 260
27 87 49 68 10 0 3 0.00 M M 10.0 26 250 M M 1 37 230
28 87 48 68 10 0 3 0.00 M M 5.6 20 290 M M 0 26 320
29 89 44 67 9 0 2 0.00 M M 3.0 10 220 M M 0 15 140
30 90 53 72 13 0 7 0.00 M M 9.5 25 230 M M 0 30 240
================================================================================
SM 2232 1202 243 19 0.75 M 281.5 M 25
================================================================================
AV 74.4 40.1 9.4 FASTST M M 1 MAX(MPH)
MISC ----> # 31 240 # 45 200
================================================================================
NOTES:
# LAST OF SEVERAL OCCURRENCES
COLUMN 17 PEAK WIND IN M.P.H.
PRELIMINARY LOCAL CLIMATOLOGICAL DATA (WS FORM: F-6) , PAGE 2
STATION: WINSLOW AZ AIRPORT
MONTH: APRIL
YEAR: 2020
LATITUDE: 35 1 N
LONGITUDE: 110 44 W
[TEMPERATURE DATA] [PRECIPITATION DATA] SYMBOLS USED IN COLUMN 16
AVERAGE MONTHLY: 57.2 TOTAL FOR MONTH: 0.75 1 = FOG OR MIST
DPTR FM NORMAL: 2.9 DPTR FM NORMAL: 0.49 2 = FOG REDUCING VISIBILITY
HIGHEST: 91 ON 26 GRTST 24HR 0.69 ON 13-13 TO 1/4 MILE OR LESS
LOWEST: 28 ON 15 3 = THUNDER
SNOW, ICE PELLETS, HAIL 4 = ICE PELLETS
TOTAL MONTH: M 5 = HAIL
GRTST 24HR M ON M 6 = FREEZING RAIN OR DRIZZLE
GRTST DEPTH: M ON M 7 = DUSTSTORM OR SANDSTORM:
VSBY 1/2 MILE OR LESS
8 = SMOKE OR HAZE
[NO. OF DAYS WITH] [WEATHER - DAYS WITH] 9 = BLOWING SNOW
X = TORNADO
MAX 32 OR BELOW: 0 0.01 INCH OR MORE: 2
MAX 90 OR ABOVE: 2 0.10 INCH OR MORE: 1
MIN 32 OR BELOW: 2 0.50 INCH OR MORE: 1
MIN 0 OR BELOW: 0 1.00 INCH OR MORE: 0
[HDD (BASE 65) ]
TOTAL THIS MO. 243 CLEAR (SCALE 0-3) 28
DPTR FM NORMAL -83 PTCLDY (SCALE 4-7) 2
TOTAL FM JUL 1 4151 CLOUDY (SCALE 8-10) 0
DPTR FM NORMAL -228
[CDD (BASE 65) ]
TOTAL THIS MO. 19
DPTR FM NORMAL 15 [PRESSURE DATA]
TOTAL FM JAN 1 19 HIGHEST SLP M ON M
DPTR FM NORMAL 15 LOWEST SLP 29.66 ON 2
[REMARKS]
#FINAL-04-20#