000
CXUS55 KPSR 011426
CF6IPL
PRELIMINARY LOCAL CLIMATOLOGICAL DATA (WS FORM: F-6)
STATION: IMPERIAL CA
MONTH: FEBRUARY
YEAR: 2024
LATITUDE: 32 50 N
LONGITUDE: 115 35 W
TEMPERATURE IN F: :PCPN: SNOW: WIND :SUNSHINE: SKY :PK WND
================================================================================
1 2 3 4 5 6A 6B 7 8 9 10 11 12 13 14 15 16 17 18
12Z AVG MX 2MIN
DY MAX MIN AVG DEP HDD CDD WTR SNW DPTH SPD SPD DIR MIN PSBL S-S WX SPD DR
================================================================================
1 59 48 54 -4 11 0 M M M 4.6 15 320 M M 4 23 330
2 66 49 58 0 7 0 0.00 M M 12.0 24 250 M M 1 34 270
3 68 46 57 -1 8 0 0.00 M M 6.0 20 260 M M 1 28 270
4 68 52 60 2 5 0 M M M 7.7 18 140 M M 5 22 140
5 66 50 58 0 7 0 0.00 M M 3.6 12 350 M M 2 14 330
6 65 52 59 1 6 0 M M M 7.9 28 240 M M 5 18 36 240
7 65 49 57 -1 8 0 T M M 15.5 29 250 M M 2 43 250
8 62 50 56 -2 9 0 0.00 M M 13.0 31 260 M M 3 44 240
9 63 48 56 -2 9 0 0.00 M M 6.0 15 270 M M 5 22 270
10 64 47 56 -3 9 0 0.00 M M 8.3 20 340 M M 3 30 330
11 64 44 54 -5 11 0 0.00 M M 5.8 18 360 M M 0 23 360
12 66 37 52 -7 13 0 0.00 M M 3.8 9 10 M M 0 14 360
13 70 38 54 -5 11 0 0.00 M M 3.7 9 220 M M M 14 220
14 71 43 57 -2 8 0 0.00 M M 3.3 9 110 M M M 14 70
15 73 44 59 0 6 0 0.00 M M 2.3 10 360 M M M 14 360
16 76 47 62 2 3 0 0.00 M M 2.7 8 80 M M M 12 50
17 78 47 63 3 2 0 0.00 M M 4.7 18 260 M M M 25 260
18 77 51 64 4 1 0 0.00 0.0 0 5.9 18 280 M M M 29 270
19 75 50 63 3 2 0 0.00 0.0 0 3.4 10 280 M M M 14 280
20 78 54 66 6 0 1 0.00 0.0 0 6.7 20 350 M M M 26 350
21 73 53 63 3 2 0 0.00 0.0 0 8.8 22 310 M M M 41 300
22 76 48 62 1 3 0 0.00 0.0 0 4.0 12 350 M M M 19 70
23 78 50 64 3 1 0 0.00 M M 5.0 13 60 M M M 18 70
24 80 54 67 6 0 2 0.00 M M 3.8 8 50 M M M 12 50
25 81 55 68 7 0 3 0.00 M M M M M M M M M M
26 79 56 68 6 0 3 0.00 M M M 24 270 M M M 33 280
27 77 57 67 5 0 2 0.00 M M 9.1 25 280 M M M 36 280
28 79 54 67 5 0 2 0.00 M M 4.5 10 260 M M M 13 260
29 80 52 66 4 0 1 0.00 M M 7.1 20 260 M M M 28 260
================================================================================
SM 2077 1425 142 14 T 0.0 169.2 M 31
================================================================================
AV 71.6 49.1 6.3 FASTST M M 3 MAX(MPH)
MISC ----> 31 260 44 240
================================================================================
NOTES:
# LAST OF SEVERAL OCCURRENCES
COLUMN 17 PEAK WIND IN M.P.H.
PRELIMINARY LOCAL CLIMATOLOGICAL DATA (WS FORM: F-6) , PAGE 2
STATION: IMPERIAL CA
MONTH: FEBRUARY
YEAR: 2024
LATITUDE: 32 50 N
LONGITUDE: 115 35 W
[TEMPERATURE DATA] [PRECIPITATION DATA] SYMBOLS USED IN COLUMN 16
AVERAGE MONTHLY: 60.4 TOTAL FOR MONTH: T 1 = FOG OR MIST
DPTR FM NORMAL: 1.0 DPTR FM NORMAL: -0.38 2 = FOG REDUCING VISIBILITY
HIGHEST: 81 ON 25 GRTST 24HR T ON 31- 1 TO 1/4 MILE OR LESS
LOWEST: 37 ON 12 3 = THUNDER
SNOW, ICE PELLETS, HAIL 4 = ICE PELLETS
TOTAL MONTH: 0.0 INCH 5 = HAIL
GRTST 24HR 0.0 6 = FREEZING RAIN OR DRIZZLE
GRTST DEPTH: 0 7 = DUSTSTORM OR SANDSTORM:
VSBY 1/2 MILE OR LESS
8 = SMOKE OR HAZE
[NO. OF DAYS WITH] [WEATHER - DAYS WITH] 9 = BLOWING SNOW
X = TORNADO
MAX 32 OR BELOW: 0 0.01 INCH OR MORE: 0
MAX 90 OR ABOVE: 0 0.10 INCH OR MORE: 0
MIN 32 OR BELOW: 0 0.50 INCH OR MORE: 0
MIN 0 OR BELOW: 0 1.00 INCH OR MORE: 0
[HDD (BASE 65) ]
TOTAL THIS MO. 142 CLEAR (SCALE 0-3) 7
DPTR FM NORMAL -27 PTCLDY (SCALE 4-7) 5
TOTAL FM JUL 1 719 CLOUDY (SCALE 8-10) 17
DPTR FM NORMAL -165
[CDD (BASE 65) ]
TOTAL THIS MO. 14
DPTR FM NORMAL 0 [PRESSURE DATA]
TOTAL FM JAN 1 14 HIGHEST SLP M ON M
DPTR FM NORMAL -1 LOWEST SLP 29.62 ON 6
[REMARKS]
#FINAL-02-24#