000
CXUS55 KPSR 011005
CF6IPL
PRELIMINARY LOCAL CLIMATOLOGICAL DATA (WS FORM: F-6)
STATION: IMPERIAL CA
MONTH: NOVEMBER
YEAR: 2021
LATITUDE: 32 50 N
LONGITUDE: 115 35 W
TEMPERATURE IN F: :PCPN: SNOW: WIND :SUNSHINE: SKY :PK WND
================================================================================
1 2 3 4 5 6A 6B 7 8 9 10 11 12 13 14 15 16 17 18
12Z AVG MX 2MIN
DY MAX MIN AVG DEP HDD CDD WTR SNW DPTH SPD SPD DIR MIN PSBL S-S WX SPD DR
================================================================================
1 84 60 72 3 0 7 0.00 M M 4.8 14 270 M M 0 8 18 270
2 86 57 72 3 0 7 0.00 M M 2.8 9 350 M M 0 12 350
3 89 56 73 5 0 8 0.00 M M 3.2 8 280 M M 0 11 350
4 91 57 74 6 0 9 0.00 M M 2.7 7 270 M M 0 8 20
5 90 57 74 6 0 9 0.00 M M 2.2 7 240 M M 0 8 80
6 88 54 71 4 0 6 0.00 M M 2.3 9 130 M M 0 8 11 130
7 88 55 72 5 0 7 0.00 M M 4.2 10 170 M M 0 8 14 160
8 84 52 68 2 0 3 0.00 M M 3.6 9 80 M M 0 8 14 120
9 87 55 71 5 0 6 0.00 M M 5.2 17 290 M M 0 8 25 290
10 86 57 72 6 0 7 0.00 M M 5.3 12 300 M M 0 16 300
11 89 56 73 8 0 8 0.00 M M 6.3 14 360 M M 0 19 350
12 89 59 74 9 0 9 0.00 M M 5.5 12 360 M M 0 16 10
13 90 56 73 9 0 8 0.00 M M 4.4 9 260 M M 0 8 10 360
14 90 56 73 9 0 8 0.00 M M 3.6 8 280 M M 0 8 11 50
15 89 53 71 7 0 6 0.00 M M 3.1 7 280 M M 0 8 11 130
16 85 53 69 6 0 4 0.00 M M 4.6 13 270 M M 0 8 17 270
17 84 54 69 6 0 4 0.00 M M 1.5 8 110 M M 0 8 11 80
18 82 51 67 5 0 2 0.00 M M 3.2 8 230 M M 0 10 30
19 80 50 65 3 0 0 0.00 M M 2.8 7 260 M M 0 8 12 310
20 79 49 64 2 1 0 0.00 M M 2.5 8 350 M M 0 12 340
21 82 54 68 7 0 3 0.00 M M 6.2 15 20 M M 0 24 10
22 81 50 66 5 0 1 0.00 M M 5.9 9 360 M M 0 8 15 330
23 75 60 68 8 0 3 T M M 5.2 18 260 M M 1 8 26 260
24 79 52 66 6 0 1 0.00 M M 9.2 18 350 M M 0 27 360
25 73 49 61 1 4 0 0.00 M M 9.1 21 360 M M 0 27 350
26 76 44 60 1 5 0 0.00 M M 4.7 9 280 M M 0 8 12 30
27 79 43 61 2 4 0 0.00 M M 2.5 9 260 M M 0 8 10 340
28 80 44 62 4 3 0 0.00 M M 2.7 8 260 M M 0 8 9 260
29 84 46 65 7 0 0 0.00 M M 3.1 8 260 M M 0 8 9 290
30 84 48 66 8 0 1 0.00 M M 2.9 8 280 M M 0 8 9 290
================================================================================
SM 2523 1587 17 127 T M 125.3 M 1
================================================================================
AV 84.1 52.9 4.2 FASTST M M 0 MAX(MPH)
MISC ----> 21 360 # 27 360
================================================================================
NOTES:
# LAST OF SEVERAL OCCURRENCES
COLUMN 17 PEAK WIND IN M.P.H.
PRELIMINARY LOCAL CLIMATOLOGICAL DATA (WS FORM: F-6) , PAGE 2
STATION: IMPERIAL CA
MONTH: NOVEMBER
YEAR: 2021
LATITUDE: 32 50 N
LONGITUDE: 115 35 W
[TEMPERATURE DATA] [PRECIPITATION DATA] SYMBOLS USED IN COLUMN 16
AVERAGE MONTHLY: 68.5 TOTAL FOR MONTH: T 1 = FOG OR MIST
DPTR FM NORMAL: 5.2 DPTR FM NORMAL: -0.18 2 = FOG REDUCING VISIBILITY
HIGHEST: 91 ON 4 GRTST 24HR T ON 23-23 TO 1/4 MILE OR LESS
LOWEST: 43 ON 27 3 = THUNDER
SNOW, ICE PELLETS, HAIL 4 = ICE PELLETS
TOTAL MONTH: M 5 = HAIL
GRTST 24HR M ON M 6 = FREEZING RAIN OR DRIZZLE
GRTST DEPTH: M ON M 7 = DUSTSTORM OR SANDSTORM:
VSBY 1/2 MILE OR LESS
8 = SMOKE OR HAZE
[NO. OF DAYS WITH] [WEATHER - DAYS WITH] 9 = BLOWING SNOW
X = TORNADO
MAX 32 OR BELOW: 0 0.01 INCH OR MORE: 0
MAX 90 OR ABOVE: 4 0.10 INCH OR MORE: 0
MIN 32 OR BELOW: 0 0.50 INCH OR MORE: 0
MIN 0 OR BELOW: 0 1.00 INCH OR MORE: 0
[HDD (BASE 65) ]
TOTAL THIS MO. 17 CLEAR (SCALE 0-3) 30
DPTR FM NORMAL -91 PTCLDY (SCALE 4-7) 0
TOTAL FM JUL 1 20 CLOUDY (SCALE 8-10) 0
DPTR FM NORMAL -96
[CDD (BASE 65) ]
TOTAL THIS MO. 127
DPTR FM NORMAL 68 [PRESSURE DATA]
TOTAL FM JAN 1 4453 HIGHEST SLP M ON M
DPTR FM NORMAL 292 LOWEST SLP 29.80 ON 16
[REMARKS]
#FINAL-11-21#