000
CXUS55 KPSR 221502
CF6IPL
PRELIMINARY LOCAL CLIMATOLOGICAL DATA (WS FORM: F-6)
STATION: IMPERIAL CA
MONTH: APRIL
YEAR: 2021
LATITUDE: 32 50 N
LONGITUDE: 115 35 W
TEMPERATURE IN F: :PCPN: SNOW: WIND :SUNSHINE: SKY :PK WND
================================================================================
1 2 3 4 5 6A 6B 7 8 9 10 11 12 13 14 15 16 17 18
12Z AVG MX 2MIN
DY MAX MIN AVG DEP HDD CDD WTR SNW DPTH SPD SPD DIR MIN PSBL S-S WX SPD DR
================================================================================
1 89 52 71 3 0 6 0.00 M M 5.4 12 330 M M 0 14 320
2 96 56 76 8 0 11 0.00 M M 6.8 20 260 M M 0 23 260
3 99 57 78 9 0 13 0.00 M M 6.6 21 260 M M 0 25 260
4 99 60 80 11 0 15 0.00 M M 7.2 20 280 M M 0 26 280
5 97 69 83 14 0 18 0.00 M M 17.3 30 250 M M 0 38 280
6 93 60 77 8 0 12 0.00 M M 8.2 28 260 M M 0 34 250
7 97 58 78 9 0 13 0.00 M M 7.7 24 250 M M 0 29 250
8 96 67 82 13 0 17 0.00 M M 17.0 29 260 M M 0 36 280
9 95 59 77 7 0 12 0.00 M M 5.3 14 260 M M 0 16 260
10 96 60 78 8 0 13 0.00 M M 5.7 12 250 M M 0 15 260
11 93 64 79 9 0 14 0.00 M M 5.1 13 240 M M 0 16 220
12 92 62 77 7 0 12 0.00 M M 5.9 15 260 M M 0 19 250
13 88 61 75 5 0 10 0.00 M M 12.4 31 290 M M 0 40 290
14 86 57 72 2 0 7 0.00 M M 14.7 24 250 M M 0 31 250
15 82 51 67 -4 0 2 0.00 M M 6.3 16 300 M M 0 20 300
16 87 59 73 2 0 8 0.00 M M 6.4 16 260 M M 0 20 250
17 88 54 71 0 0 6 0.00 M M 6.6 15 340 M M 0 19 340
18 88 56 72 1 0 7 0.00 M M 11.8 24 330 M M 0 32 330
19 93 53 73 1 0 8 0.00 M M 5.9 15 250 M M 0 18 240
20 97 60 79 7 0 14 0.00 M M 6.7 17 260 M M 0 21 270
21 81 61 71 -1 0 6 0.00 M M 18.4 33 260 M M 0 43 250
22 83 57 70 -2 0 5 0.00 M M 12.2 28 260 M M 0 34 250
23 88 55 72 0 0 7 0.00 M M 6.8 14 120 M M 0 18 180
24 92 50 71 -2 0 6 0.00 M M 8.8 23 260 M M 0 31 250
25 87 56 72 -1 0 7 0.00 M M 14.0 31 270 M M 0 43 270
26 70 52 61 -12 4 0 T M M 17.2 26 260 M M 2 35 270
27 76 47 62 -11 3 0 0.00 M M 7.9 17 360 M M 0 24 350
28 89 52 71 -3 0 6 0.00 M M 8.9 20 360 M M 0 26 360
29 96 56 76 2 0 11 0.00 M M 6.3 12 320 M M 0 M M
30 104 60 82 8 0 17 0.00 M M 7.1 15 250 M M 0 17 250
================================================================================
SM 2717 1721 7 283 T M 276.6 M 2
================================================================================
AV 90.6 57.4 9.2 FASTST M M 0 MAX(MPH)
MISC ----> 33 260 # 43 250
================================================================================
NOTES:
# LAST OF SEVERAL OCCURRENCES
COLUMN 17 PEAK WIND IN M.P.H.
PRELIMINARY LOCAL CLIMATOLOGICAL DATA (WS FORM: F-6) , PAGE 2
STATION: IMPERIAL CA
MONTH: APRIL
YEAR: 2021
LATITUDE: 32 50 N
LONGITUDE: 115 35 W
[TEMPERATURE DATA] [PRECIPITATION DATA] SYMBOLS USED IN COLUMN 16
AVERAGE MONTHLY: 74.0 TOTAL FOR MONTH: T 1 = FOG OR MIST
DPTR FM NORMAL: 3.1 DPTR FM NORMAL: -0.08 2 = FOG REDUCING VISIBILITY
HIGHEST: 104 ON 30 GRTST 24HR T ON 13-13 TO 1/4 MILE OR LESS
LOWEST: 47 ON 27 3 = THUNDER
SNOW, ICE PELLETS, HAIL 4 = ICE PELLETS
TOTAL MONTH: M 5 = HAIL
GRTST 24HR M ON M 6 = FREEZING RAIN OR DRIZZLE
GRTST DEPTH: M ON M 7 = DUSTSTORM OR SANDSTORM:
VSBY 1/2 MILE OR LESS
8 = SMOKE OR HAZE
[NO. OF DAYS WITH] [WEATHER - DAYS WITH] 9 = BLOWING SNOW
X = TORNADO
MAX 32 OR BELOW: 0 0.01 INCH OR MORE: 0
MAX 90 OR ABOVE: 16 0.10 INCH OR MORE: 0
MIN 32 OR BELOW: 0 0.50 INCH OR MORE: 0
MIN 0 OR BELOW: 0 1.00 INCH OR MORE: 0
[HDD (BASE 65) ]
TOTAL THIS MO. 7 CLEAR (SCALE 0-3) 30
DPTR FM NORMAL -8 PTCLDY (SCALE 4-7) 0
TOTAL FM JUL 1 943 CLOUDY (SCALE 8-10) 0
DPTR FM NORMAL -19
[CDD (BASE 65) ]
TOTAL THIS MO. 283
DPTR FM NORMAL 91 [PRESSURE DATA]
TOTAL FM JAN 1 321 HIGHEST SLP 30.08 ON 29
DPTR FM NORMAL 30 LOWEST SLP 29.55 ON 11
[REMARKS]
#FINAL-04-21#