000
CXUS51 KCTP 010800
CF6IPT
PRELIMINARY LOCAL CLIMATOLOGICAL DATA (WS FORM: F-6)
STATION: WILLIAMSPORT PA
MONTH: MARCH
YEAR: 2023
LATITUDE: 41 15 N
LONGITUDE: 76 55 W
TEMPERATURE IN F: :PCPN: SNOW: WIND :SUNSHINE: SKY :PK WND
================================================================================
1 2 3 4 5 6A 6B 7 8 9 10 11 12 13 14 15 16 17 18
12Z AVG MX 2MIN
DY MAX MIN AVG DEP HDD CDD WTR SNW DPTH SPD SPD DIR MIN PSBL S-S WX SPD DR
================================================================================
1 49 25 37 3 28 0 0.00 0.0 0 6.3 16 80 M M 5 12 26 100
2 58 36 47 13 18 0 0.00 0.0 0 10.6 23 290 M M 3 1 29 290
3 44 27 36 2 29 0 0.74 0.3 0 9.1 28 110 M M 5 1 37 100
4 47 32 40 5 25 0 0.06 T T 10.3 29 290 M M 9 1 42 310
5 51 31 41 6 24 0 T T 0 8.2 23 310 M M 7 30 310
6 50 29 40 5 25 0 0.55 3.2 0 4.5 14 270 M M 6 1 17 270
7 41 31 36 0 29 0 0.13 2.2 5 13.8 25 300 M M 5 1 36 300
8 45 31 38 2 27 0 0.00 0.0 1 10.5 21 310 M M 5 29 330
9 50 27 39 3 26 0 0.00 0.0 T 6.7 14 320 M M 3 19 310
10 36 31 34 -2 31 0 0.19 0.9 0 6.9 15 80 M M 8 1 20 120
11 37 32 35 -2 30 0 0.03 T T 9.4 17 310 M M 10 1 23 330
12 39 24 32 -5 33 0 0.00 0.0 0 3.7 14 110 M M 5 8 19 110
13 41 33 37 -1 28 0 0.11 T 0 4.6 12 80 M M 10 1 16 70
14 37 31 34 -4 31 0 T T 0 16.5 30 290 M M 10 40 290
15 48 28 38 0 27 0 0.00 0.0 0 15.5 25 320 M M 3 40 310
16 61 27 44 5 21 0 0.00 0.0 0 6.1 16 240 M M 1 21 270
17 49 37 43 4 22 0 0.27 0.0 0 6.3 24 280 M M 9 18 33 280
18 46 27 37 -2 28 0 T T 0 14.7 31 250 M M 8 8 41 250
19 39 22 31 -9 34 0 T T 0 13.7 23 290 M M 5 31 290
20 53 23 38 -2 27 0 0.00 0.0 0 5.7 14 260 M M 0 20 250
21 63 25 44 4 21 0 0.00 0.0 0 4.0 17 240 M M 0 21 250
22 62 32 47 6 18 0 0.00 0.0 0 5.0 15 160 M M 5 22 200
23 57 46 52 11 13 0 0.14 0.0 0 4.6 15 340 M M 10 18 21 350
24 55 40 48 6 17 0 0.00 0.0 0 5.1 10 320 M M 1 14 340
25 46 38 42 0 23 0 0.21 0.0 0 9.4 21 100 M M 9 18 29 110
26 62 38 50 8 15 0 0.00 0.0 0 13.5 32 270 M M 1 1 44 260
27 59 31 45 2 20 0 0.06 0.0 0 2.6 13 310 M M 5 1 17 310
28 53 35 44 1 21 0 T 0.0 0 5.5 14 340 M M 7 18 340
29 56 27 42 -1 23 0 0.04 0.0 0 9.2 39 280 M M 3 1 49 280
30 48 24 36 -8 29 0 0.00 0.0 0 6.2 15 260 M M 0 23 300
31 48 29 39 -5 26 0 0.19 0.0 0 5.2 14 60 M M 8 18 22 100
================================================================================
SM 1530 949 769 0 2.72 6.6 253.4 M 166
================================================================================
AV 49.4 30.6 8.2 FASTST M M 5 MAX(MPH)
MISC ----> 39 280 49 280
================================================================================
NOTES:
# LAST OF SEVERAL OCCURRENCES
COLUMN 17 PEAK WIND IN M.P.H.
PRELIMINARY LOCAL CLIMATOLOGICAL DATA (WS FORM: F-6) , PAGE 2
STATION: WILLIAMSPORT PA
MONTH: MARCH
YEAR: 2023
LATITUDE: 41 15 N
LONGITUDE: 76 55 W
[TEMPERATURE DATA] [PRECIPITATION DATA] SYMBOLS USED IN COLUMN 16
AVERAGE MONTHLY: 40.0 TOTAL FOR MONTH: 2.72 1 = FOG OR MIST
DPTR FM NORMAL: 1.3 DPTR FM NORMAL: -0.41 2 = FOG REDUCING VISIBILITY
HIGHEST: 63 ON 21 GRTST 24HR 0.74 ON 3- 3 TO 1/4 MILE OR LESS
LOWEST: 22 ON 19 3 = THUNDER
SNOW, ICE PELLETS, HAIL 4 = ICE PELLETS
TOTAL MONTH: 6.6 INCHES 5 = HAIL
GRTST 24HR 3.2 ON 6- 6 6 = FREEZING RAIN OR DRIZZLE
GRTST DEPTH: 5 ON 7 7 = DUSTSTORM OR SANDSTORM:
VSBY 1/2 MILE OR LESS
8 = SMOKE OR HAZE
[NO. OF DAYS WITH] [WEATHER - DAYS WITH] 9 = BLOWING SNOW
X = TORNADO
MAX 32 OR BELOW: 0 0.01 INCH OR MORE: 13
MAX 90 OR ABOVE: 0 0.10 INCH OR MORE: 9
MIN 32 OR BELOW: 23 0.50 INCH OR MORE: 2
MIN 0 OR BELOW: 0 1.00 INCH OR MORE: 0
[HDD (BASE 65) ]
TOTAL THIS MO. 769 CLEAR (SCALE 0-3) 10
DPTR FM NORMAL -46 PTCLDY (SCALE 4-7) 14
TOTAL FM JUL 1 4491 CLOUDY (SCALE 8-10) 7
DPTR FM NORMAL -630
[CDD (BASE 65) ]
TOTAL THIS MO. 0
DPTR FM NORMAL 0 [PRESSURE DATA]
TOTAL FM JAN 1 0 HIGHEST SLP 30.40 ON 21
DPTR FM NORMAL 0 LOWEST SLP 29.29 ON 4
[REMARKS]
#FINAL-03-23#