000
CXUS51 KCTP 010735
CLMIPT
CLIMATE REPORT
NATIONAL WEATHER SERVICE STATE COLLEGE PA
235 AM EST FRI MAR 01 2024
...................................
...THE WILLIAMSPORT PA CLIMATE SUMMARY FOR THE MONTH OF FEBRUARY 2024...
CLIMATE NORMAL PERIOD 1991 TO 2020
CLIMATE RECORD PERIOD 1895 TO 2024
WEATHER OBSERVED NORMAL DEPART LAST YEAR`S
VALUE DATE(S) VALUE FROM VALUE DATE(S)
NORMAL
................................................................
TEMPERATURE (F)
RECORD
HIGH 76 02/24/2017
LOW -18 02/28/1934
HIGHEST 61 02/28 72 02/15
LOWEST 16 02/25 4 02/04
AVG. MAXIMUM 46.4 38.7 7.7 48.4
AVG. MINIMUM 27.1 21.5 5.6 25.1
MEAN 36.8 30.1 6.7 36.7
DAYS MAX >= 90 0 0.0 0.0 0
DAYS MAX <= 32 0 6.9 -6.9 1
DAYS MIN <= 32 24 24.6 -0.6 24
DAYS MIN <= 0 0 0.9 -0.9 0
PRECIPITATION (INCHES)
RECORD
MAXIMUM 8.42 1981
MINIMUM 0.29 1941
TOTALS 2.12 2.31 -0.19 1.33
DAILY AVG. 0.07 NAN NAN 0.05
DAYS >= .01 9 10.1 -1.1 11
DAYS >= .10 3 5.7 -2.7 4
DAYS >= .50 1 1.5 -0.5 0
DAYS >= 1.00 1 0.2 0.8 0
GREATEST
24 HR. TOTAL 1.19 02/28 TO 02/28 0.43 02/22 TO 02/22
SNOWFALL (INCHES)
RECORDS
TOTAL 34.3 1972
TOTALS 4.9 9.3 -4.4 3.2
SINCE 7/1 18.1 27.7 -9.6 MM
SNOWDEPTH AVG. 0 0
DAYS >= 1.0 2 2.7 -0.7 2
GREATEST
SNOW DEPTH 4 02/17 1 02/28
24 HR TOTAL MM MM
DEGREE DAYS
HEATING TOTAL 813 977 -164 785
SINCE 7/1 3642 4368 -726 MM
COOLING TOTAL 0 0 0 0
SINCE 1/1 0 0 0 MM
................................................................
WIND (MPH)
AVERAGE WIND SPEED 5.8
HIGHEST WIND SPEED/DIRECTION 32/290 DATE 02/28
HIGHEST GUST SPEED/DIRECTION 50/260 DATE 02/28
SKY COVER
POSSIBLE SUNSHINE (PERCENT) MM
AVERAGE SKY COVER 0.40
NUMBER OF DAYS FAIR 13
NUMBER OF DAYS PC 9
NUMBER OF DAYS CLOUDY 7
WEATHER CONDITIONS. NUMBER OF DAYS WITH
THUNDERSTORM 1 MIXED PRECIP 0
HEAVY RAIN 1 RAIN 2
LIGHT RAIN 5 FREEZING RAIN 0
LT FREEZING RAIN 0 HAIL 0
HEAVY SNOW 0 SNOW 0
LIGHT SNOW 6 SLEET 0
FOG 10 FOG W/VIS <= 1/4 MILE 3
HAZE 4
- INDICATES NEGATIVE NUMBERS.
R INDICATES RECORD WAS SET OR TIED.
MM INDICATES DATA IS MISSING.
T INDICATES TRACE AMOUNT.
$$