000
CXUS53 KEAX 061725 RRA
CLSIRK
CLIMATE REPORT
NATIONAL WEATHER SERVICE
1223 PM CDT MON JUN 06 2022
...................................
...THE KIRKSVILLE MO CLIMATE SUMMARY FOR THE SEASON, FROM
3/1/2022 TO 5/31/2022...
CLIMATE NORMAL PERIOD: 1991 TO 2020
CLIMATE RECORD PERIOD: 9999 TO 9999
WEATHER OBSERVED NORMAL DEPART LAST YEAR`S
VALUE DATE(S) VALUE FROM VALUE DATE(S)
NORMAL
................................................................
TEMPERATURE (F)
HIGHEST 91 05/12 85 6 86 05/26
LOWEST 5 03/12 11 -6 19 03/01
04/01
AVG. MAXIMUM 62.2 62.5 -0.3 63.8
AVG. MINIMUM 40.5 41.1 -0.6 42.7
MEAN 51.4 51.8 -0.4 53.2
DAYS MAX >= 90 2 0.5 1.5 0
DAYS MAX <= 32 4 1.8 2.2 0
DAYS MIN <= 32 26 24.7 1.3 15
DAYS MIN <= 0 0 0.2 -0.2 0
PRECIPITATION (INCHES)
TOTALS 10.57 11.57 -1.00 10.55
DAILY AVG. 0.12 0.13 -0.01 0.11
DAYS >= .01 35 33.5 1.5 33
DAYS >= .10 25 21.0 4.0 22
DAYS >= .50 6 7.6 -1.6 7
DAYS >= 1.00 2 2.6 -0.6 1
GREATEST
24 HR. TOTAL 1.14 04/29 TO 04/30
DEGREE DAYS
HEATING TOTAL 1348 1289 59 1139
COOLING TOTAL 118 74 44 77
................................................................
WIND (MPH)
AVERAGE WIND SPEED 10.5
HIGHEST WIND SPEED/DIRECTION 36/210 DATE 04/23
HIGHEST GUST SPEED/DIRECTION 52/210 DATE 04/23
SKY COVER
POSSIBLE SUNSHINE (PERCENT) MM
AVERAGE SKY COVER 0.42
NUMBER OF DAYS FAIR 43
NUMBER OF DAYS PC 30
NUMBER OF DAYS CLOUDY 19
AVERAGE RH (PERCENT) 69
WEATHER CONDITIONS. NUMBER OF DAYS WITH
THUNDERSTORM 17 MIXED PRECIP 0
HEAVY RAIN 9 RAIN 18
LIGHT RAIN 31 FREEZING RAIN 0
LT FREEZING RAIN 1 HAIL 0
HEAVY SNOW 1 SNOW 3
LIGHT SNOW 9 SLEET 0
FOG 46 FOG W/VIS <= 1/4 MILE 4
HAZE 10
- INDICATES NEGATIVE NUMBERS.
R INDICATES RECORD WAS SET OR TIED.
MM INDICATES DATA IS MISSING.
T INDICATES TRACE AMOUNT.
$$