000
CXCA52 TJSJ 010434
CLMIST
CLIMATE REPORT
NATIONAL WEATHER SERVICE SAN JUAN PR
1234 AM AST SAT APR 01 2023
...................................
...THE CYRIL E. KING AP/ST THOMAS CLIMATE SUMMARY FOR THE MONTH OF MARCH 2023...
CLIMATE NORMAL PERIOD: 1991 TO 2020
CLIMATE RECORD PERIOD: 1953 TO 2023
WEATHER OBSERVED NORMAL DEPART LAST YEAR`S
VALUE DATE(S) VALUE FROM VALUE
NORMAL
..............................................................
TEMPERATURE (F)
RECORD
HIGH 94 03/27/1994
03/26/1994
03/21/1994
LOW 60 03/30/1972
03/01/1972
HIGHEST 87 03/27 86 1 86
03/29
03/31
LOWEST 70 03/01 73 -3 71
03/08
AVG. MAXIMUM 84.1 84.5 -0.4 83.3
AVG. MINIMUM 73.5 73.8 -0.3 73.7
MEAN 78.8 79.1 -0.3 78.5
DAYS MAX >= 90 0 2.8 -2.8 0
DAYS MAX <= 32 0 0.0 0.0 0
DAYS MIN <= 32 0 0.0 0.0 0
DAYS MIN <= 0 0 0.0 0.0 0
PRECIPITATION (INCHES)
RECORD
MAXIMUM 6.23 2004
MINIMUM 0.01 2008
TOTALS 1.36 1.86 -0.50 2.76
DAILY AVG. 0.04 0.06 -0.02 0.09
DAYS >= .01 8 10.7 -2.7 21
DAYS >= .10 5 4.2 0.8 10
DAYS >= .50 0 1.2 -1.2 1
DAYS >= 1.00 0 0.3 -0.3 0
GREATEST
24 HR. TOTAL 0.86 03/16 TO 03/17
STORM TOTAL 0.47
DEGREE DAYS
HEATING TOTAL 0 0 0 0
SINCE 7/1 0
COOLING TOTAL 436 439 -3 427
SINCE 1/1 1240
FREEZE DATES
..............................................................
WIND (MPH)
AVERAGE WIND SPEED 10.0
HIGHEST WIND SPEED/DIRECTION 30/290 DATE 03/16
HIGHEST GUST SPEED/DIRECTION 36/290 DATE 03/16
SKY COVER
AVERAGE SKY COVER 0.25
AVERAGE RH (PERCENT) 69
WEATHER CONDITIONS. NUMBER OF DAYS WITH
THUNDERSTORM 0 MIXED PRECIP 0
HEAVY RAIN 3 RAIN 3
LIGHT RAIN 8 FREEZING RAIN 0
LT FREEZING RAIN 0 HAIL 0
HEAVY SNOW 0 SNOW 0
LIGHT SNOW 0 SLEET 0
FOG 6 FOG W/VIS <= 1/4 MILE 0
HAZE 0
- INDICATES NEGATIVE NUMBERS.
R INDICATES RECORD WAS SET OR TIED.
MM INDICATES DATA IS MISSING.
T INDICATES TRACE AMOUNT.
$$