000
CXUS53 KGRB 012327
CF6ISW
PRELIMINARY LOCAL CLIMATOLOGICAL DATA (WS FORM: F-6)
STATION: WISCONSIN RAPIDS ASOS
MONTH: OCTOBER
YEAR: 2023
LATITUDE: 44 22 N
LONGITUDE: 89 50 W
TEMPERATURE IN F: :PCPN: SNOW: WIND :SUNSHINE: SKY :PK WND
================================================================================
1 2 3 4 5 6A 6B 7 8 9 10 11 12 13 14 15 16 17 18
12Z AVG MX 2MIN
DY MAX MIN AVG DEP HDD CDD WTR SNW DPTH SPD SPD DIR MIN PSBL S-S WX SPD DR
================================================================================
1 88 58 73 19 0 8 0.00 0.0 0 5.4 16 200 M M 0 12 24 190
2 84 59 72 18 0 7 0.00 0.0 0 6.2 14 220 M M 0 20 210
3 84 55 70 17 0 5 0.00 0.0 0 7.2 21 210 M M 1 30 210
4 77 54 66 13 0 1 T 0.0 0 10.2 23 230 M M 4 32 220
5 70 44 57 5 8 0 0.00 0.0 0 8.3 21 280 M M 3 1 32 290
6 58 40 49 -3 16 0 0.02 0.0 0 10.5 23 330 M M 4 32 330
7 56 36 46 -5 19 0 T 0.0 0 8.3 20 340 M M 2 28 300
8 55 36 46 -5 19 0 0.00 0.0 0 3.7 14 320 M M 6 19 300
9 54 33 44 -6 21 0 T 0.0 0 9.8 22 310 M M 4 32 290
10 55 44 50 0 15 0 T 0.0 0 5.8 14 310 M M 10 20 310
11 60 38 49 -1 16 0 0.00 0.0 0 4.1 12 80 M M 5 16 70
12 56 37 47 -2 18 0 0.19 0.0 0 10.0 18 80 M M 5 1 26 70
13 49 46 48 -1 17 0 1.42 0.0 0 15.3 22 100 M M 10 1 37 120
14 58 40 49 1 16 0 0.00 0.0 0 11.4 23 40 M M 8 31 30
15 60 43 52 4 13 0 0.00 0.0 0 8.8 18 10 M M 6 27 340
16 56 32 44 -4 21 0 0.00 0.0 0 4.4 12 320 M M 1 1 16 340
17 63 30 47 0 18 0 0.00 0.0 0 1.9 9 240 M M 3 12 13 210
18 63 45 54 7 11 0 T 0.0 0 6.4 17 200 M M 4 28 190
19 56 44 50 4 15 0 0.10 0.0 0 4.8 13 310 M M 10 1 18 310
20 59 38 49 3 16 0 T 0.0 0 7.7 18 330 M M 2 1 27 310
21 52 33 43 -2 22 0 0.03 0.0 0 8.2 20 20 M M 7 26 10
22 55 28 42 -3 23 0 0.00 0.0 0 1.9 8 260 M M 0 1 11 20
23 56 38 47 3 18 0 0.22 0.0 0 4.8 15 150 M M 8 1 24 140
24 67 48 58 14 7 0 2.38 0.0 0 7.6 28 250 M M 9 13 43 230
25 62 54 58 14 7 0 0.15 0.0 0 4.5 12 90 M M 10 1 18 80
26 65 53 59 16 6 0 1.62 0.0 0 4.9 12 200 M M 10 1 17 230
27 64 38 51 8 14 0 0.25 0.0 0 11.2 23 320 M M 10 1 34 290
28 38 33 36 -6 29 0 0.00 0.0 0 7.0 15 320 M M 10 21 320
29 38 27 33 -9 32 0 0.00 0.0 0 7.3 13 300 M M 6 18 330
30 35 23 29 -12 36 0 0.00 0.0 0 9.3 20 280 M M 3 30 260
31 38 22 30 -11 35 0 0.04 0.1 T 7.9 20 20 M M 7 1 26 210
================================================================================
SM 1831 1249 488 21 6.42 0.1 224.8 M 168
================================================================================
AV 59.1 40.3 7.3 FASTST M M 5 MAX(MPH)
MISC ----> 28 250 43 230
================================================================================
NOTES:
# LAST OF SEVERAL OCCURRENCES
COLUMN 17 PEAK WIND IN M.P.H.
PRELIMINARY LOCAL CLIMATOLOGICAL DATA (WS FORM: F-6) , PAGE 2
STATION: WISCONSIN RAPIDS ASOS
MONTH: OCTOBER
YEAR: 2023
LATITUDE: 44 22 N
LONGITUDE: 89 50 W
[TEMPERATURE DATA] [PRECIPITATION DATA] SYMBOLS USED IN COLUMN 16
AVERAGE MONTHLY: 49.7 TOTAL FOR MONTH: 6.42 1 = FOG OR MIST
DPTR FM NORMAL: 2.2 DPTR FM NORMAL: 3.91 2 = FOG REDUCING VISIBILITY
HIGHEST: 88 ON 1 GRTST 24HR 2.42 ON 24-25 TO 1/4 MILE OR LESS
LOWEST: 22 ON 31 3 = THUNDER
SNOW, ICE PELLETS, HAIL 4 = ICE PELLETS
TOTAL MONTH: 0.1 INCH 5 = HAIL
GRTST 24HR 0.1 ON 31-31 6 = FREEZING RAIN OR DRIZZLE
GRTST DEPTH: T 7 = DUSTSTORM OR SANDSTORM:
VSBY 1/2 MILE OR LESS
8 = SMOKE OR HAZE
[NO. OF DAYS WITH] [WEATHER - DAYS WITH] 9 = BLOWING SNOW
X = TORNADO
MAX 32 OR BELOW: 0 0.01 INCH OR MORE: 11
MAX 90 OR ABOVE: 0 0.10 INCH OR MORE: 8
MIN 32 OR BELOW: 6 0.50 INCH OR MORE: 3
MIN 0 OR BELOW: 0 1.00 INCH OR MORE: 3
[HDD (BASE 65) ]
TOTAL THIS MO. 488 CLEAR (SCALE 0-3) 10
DPTR FM NORMAL -59 PTCLDY (SCALE 4-7) 12
TOTAL FM JUL 1 597 CLOUDY (SCALE 8-10) 9
DPTR FM NORMAL -181
[CDD (BASE 65) ]
TOTAL THIS MO. 21
DPTR FM NORMAL 17 [PRESSURE DATA]
TOTAL FM JAN 1 654 HIGHEST SLP 30.39 ON 28
DPTR FM NORMAL 152 LOWEST SLP 29.61 ON 21
[REMARKS]
#FINAL-10-23#