000
CXUS52 TJSJ 010430
CF6ISX
PRELIMINARY LOCAL CLIMATOLOGICAL DATA (WS FORM: F-6)
STATION: HENRY E. ROHLSEN AP/ST CROIX
MONTH: JANUARY
YEAR: 2023
LATITUDE: 17 42 N
LONGITUDE: 64 48 W
TEMPERATURE IN F: :PCPN: SNOW: WIND :SUNSHINE: SKY :PK WND
================================================================================
1 2 3 4 5 6A 6B 7 8 9 10 11 12 13 14 15 16 17 18
12Z AVG MX 2MIN
DY MAX MIN AVG DEP HDD CDD WTR SNW DPTH SPD SPD DIR MIN PSBL S-S WX SPD DR
================================================================================
1 85 72 79 1 0 14 0.15 M M 9.4 24 90 M M 1 30 90
2 87 72 80 2 0 15 0.10 M M 9.0 20 100 M M 3 8 23 90
3 85 72 79 1 0 14 0.21 M M 7.2 25 90 M M 3 18 32 90
4 86 73 80 2 0 15 0.16 M M 12.9 25 60 M M 3 8 35 60
5 86 73 80 2 0 15 0.19 M M 13.6 24 100 M M 3 1 32 60
6 87 75 81 3 0 16 T M M 14.7 24 90 M M 2 31 100
7 85 73 79 1 0 14 0.08 M M 8.4 16 90 M M 2 18 23 100
8 86 73 80 2 0 15 0.03 M M 9.3 17 90 M M 4 22 120
9 86 73 80 2 0 15 0.02 M M 11.0 20 100 M M 3 8 25 100
10 85 72 79 1 0 14 0.01 M M 7.8 14 120 M M 4 18 110
11 85 71 78 0 0 13 0.00 M M 5.9 13 100 M M 2 15 100
12 86 73 80 2 0 15 T M M 8.7 16 90 M M 1 21 90
13 85 74 80 2 0 15 T M M 11.2 22 100 M M 3 27 80
14 85 71 78 0 0 13 0.00 M M 6.1 14 100 M M 2 19 100
15 85 71 78 0 0 13 0.00 M M 4.8 9 190 M M 3 16 230
16 80 73 77 -1 0 12 0.39 M M 8.5 18 20 M M 8 18 24 10
17 84 74 79 1 0 14 0.00 M M 11.5 21 20 M M 4 8 27 30
18 83 71 77 -1 0 12 0.00 M M 9.3 17 40 M M 5 23 50
19 85 72 79 1 0 14 0.03 M M 7.9 16 100 M M 2 1 19 100
20 86 69 78 0 0 13 T M M 9.5 20 100 M M 1 24 110
21 86 70 78 0 0 13 0.00 M M 10.1 21 100 M M 1 24 90
22 86 71 79 1 0 14 0.00 M M 12.7 24 100 M M 1 30 90
23 86 72 79 1 0 14 0.01 M M 12.3 22 90 M M 3 1 27 100
24 87 73 80 2 0 15 0.00 M M 11.5 22 100 M M 4 27 100
25 86 72 79 1 0 14 T M M 11.7 22 80 M M 3 8 28 70
26 86 74 80 2 0 15 0.00 M M 9.9 20 60 M M 2 25 60
27 84 70 77 -1 0 12 0.22 M M 8.6 22 70 M M 6 1 28 70
28 84 70 77 -1 0 12 0.06 M M 11.4 22 70 M M 6 18 30 40
29 84 71 78 0 0 13 0.04 M M 11.2 22 70 M M 5 18 28 70
30 81 73 77 -1 0 12 0.10 M M 10.5 23 70 M M 6 18 31 90
31 86 72 79 1 0 14 0.05 M M 12.3 23 50 M M 5 1 31 60
================================================================================
SM 2638 2235 0 429 1.85 M 308.9 M 101
================================================================================
AV 85.1 72.1 10.0 FASTST M M 3 MAX(MPH)
MISC ----> # 25 90 35 60
================================================================================
NOTES:
# LAST OF SEVERAL OCCURRENCES
COLUMN 17 PEAK WIND IN M.P.H.
PRELIMINARY LOCAL CLIMATOLOGICAL DATA (WS FORM: F-6) , PAGE 2
STATION: HENRY E. ROHLSEN AP/ST CROIX
MONTH: JANUARY
YEAR: 2023
LATITUDE: 17 42 N
LONGITUDE: 64 48 W
[TEMPERATURE DATA] [PRECIPITATION DATA] SYMBOLS USED IN COLUMN 16
AVERAGE MONTHLY: 78.6 TOTAL FOR MONTH: 1.85 1 = FOG OR MIST
DPTR FM NORMAL: 0.9 DPTR FM NORMAL: -0.09 2 = FOG REDUCING VISIBILITY
HIGHEST: 87 ON 24, 6 GRTST 24HR 1.27 ON 3- 4 TO 1/4 MILE OR LESS
LOWEST: 69 ON 20 3 = THUNDER
SNOW, ICE PELLETS, HAIL 4 = ICE PELLETS
TOTAL MONTH: M 5 = HAIL
GRTST 24HR M ON M 6 = FREEZING RAIN OR DRIZZLE
GRTST DEPTH: M ON M 7 = DUSTSTORM OR SANDSTORM:
VSBY 1/2 MILE OR LESS
8 = SMOKE OR HAZE
[NO. OF DAYS WITH] [WEATHER - DAYS WITH] 9 = BLOWING SNOW
X = TORNADO
MAX 32 OR BELOW: 0 0.01 INCH OR MORE: 17
MAX 90 OR ABOVE: 0 0.10 INCH OR MORE: 8
MIN 32 OR BELOW: 0 0.50 INCH OR MORE: 0
MIN 0 OR BELOW: 0 1.00 INCH OR MORE: 0
[HDD (BASE 65) ]
TOTAL THIS MO. 0 CLEAR (SCALE 0-3) 19
DPTR FM NORMAL 0 PTCLDY (SCALE 4-7) 12
TOTAL FM JUL 1 0 CLOUDY (SCALE 8-10) 0
DPTR FM NORMAL 0
[CDD (BASE 65) ]
TOTAL THIS MO. 429
DPTR FM NORMAL 35 [PRESSURE DATA]
TOTAL FM JAN 1 429 HIGHEST SLP M ON M
DPTR FM NORMAL 35 LOWEST SLP 29.94 ON 14
[REMARKS]
#FINAL-01-23#