000
CXUS55 KGLD 030841
CF6ITR
PRELIMINARY LOCAL CLIMATOLOGICAL DATA (WS FORM: F-6)
STATION: BURLINGTON CO
MONTH: SEPTEMBER
YEAR: 2021
LATITUDE: 39 15 N
LONGITUDE: 102 17 W
TEMPERATURE IN F: :PCPN: SNOW: WIND :SUNSHINE: SKY :PK WND
================================================================================
1 2 3 4 5 6A 6B 7 8 9 10 11 12 13 14 15 16 17 18
12Z AVG MX 2MIN
DY MAX MIN AVG DEP HDD CDD WTR SNW DPTH SPD SPD DIR MIN PSBL S-S WX SPD DR
================================================================================
1 98 58 78 8 0 13 0.00 M M 14.4 31 170 M M 1 38 50 220
2 88 66 77 7 0 12 0.90 M M M M M M M 2 M M
3 85 63 74 5 0 9 0.45 M M M M M M M 5 M M
4 82 62 72 3 0 7 0.03 M M M M M M M 4 M M
5 90 57 74 5 0 9 0.00 M M M M M M M 1 M M
6 96 54 75 7 0 10 0.00 M M M M M M M 0 M M
7 87 55 71 3 0 6 0.00 M M 8.1 16 60 M M 0 8 23 20
8 89 51 70 2 0 5 0.00 M M 10.4 22 200 M M 0 32 200
9 98 52 75 7 0 10 0.00 M M 6.6 13 170 M M 0 16 150
10 101 58 80 13 0 15 0.00 M M 10.7 18 200 M M 0 25 200
11 100 60 80 13 0 15 0.00 M M 11.5 25 10 M M 0 3 35 20
12 92 56 74 8 0 9 0.10 M M 10.0 32 270 M M 1 3 48 270
13 90 57 74 8 0 9 0.01 M M 11.0 28 320 M M 2 3 37 350
14 81 56 69 3 0 4 0.00 M M 9.0 18 80 M M 1 25 70
15 89 57 73 8 0 8 0.00 M M 15.3 24 190 M M 3 1 35 180
16 95 60 78 13 0 13 0.00 M M 15.8 25 170 M M 0 34 180
17 75 50 63 -1 2 0 T M M 12.2 32 10 M M 8 18 44 360
18 90 61 76 12 0 11 0.00 M M 17.9 28 170 M M 4 38 170
19 94 64 79 15 0 14 0.00 M M 12.1 25 180 M M 0 35 170
20 71 52 62 -1 3 0 T M M 17.3 33 360 M M 2 48 360
21 69 41 55 -8 10 0 0.01 M M 10.0 22 330 M M 2 8 28 320
22 80 38 59 -3 6 0 0.00 M M 9.2 25 210 M M 0 30 220
23 91 42 67 5 0 2 0.00 M M 7.9 15 330 M M 0 20 330
24 78 47 63 1 2 0 0.00 M M 10.9 23 40 M M 0 31 30
25 84 47 66 5 0 1 0.00 M M 13.9 28 210 M M 0 36 210
26 96 50 73 12 0 8 0.00 M M 8.3 18 360 M M 0 26 10
27 94 48 71 11 0 6 0.00 M M 8.7 22 130 M M 0 8 31 130
28 86 58 72 12 0 7 T M M 12.3 28 150 M M 2 8 38 160
29 83 50 67 8 0 2 0.00 M M 12.8 31 350 M M 1 45 350
30 70 45 58 -1 7 0 0.00 M M 13.9 26 360 M M 4 35 340
================================================================================
SM 2622 1615 30 205 1.50 M 290.2 M 43
================================================================================
AV 87.4 53.8 11.6 FASTST M M 1 MAX(MPH)
MISC ----> 33 360 50 220
================================================================================
NOTES:
# LAST OF SEVERAL OCCURRENCES
COLUMN 17 PEAK WIND IN M.P.H.
PRELIMINARY LOCAL CLIMATOLOGICAL DATA (WS FORM: F-6) , PAGE 2
STATION: BURLINGTON CO
MONTH: SEPTEMBER
YEAR: 2021
LATITUDE: 39 15 N
LONGITUDE: 102 17 W
[TEMPERATURE DATA] [PRECIPITATION DATA] SYMBOLS USED IN COLUMN 16
AVERAGE MONTHLY: 70.6 TOTAL FOR MONTH: 1.50 1 = FOG OR MIST
DPTR FM NORMAL: 5.8 DPTR FM NORMAL: 0.29 2 = FOG REDUCING VISIBILITY
HIGHEST: 101 ON 10 GRTST 24HR 0.90 ON 2- 2 TO 1/4 MILE OR LESS
LOWEST: 38 ON 22 3 = THUNDER
SNOW, ICE PELLETS, HAIL 4 = ICE PELLETS
TOTAL MONTH: M 5 = HAIL
GRTST 24HR M ON M 6 = FREEZING RAIN OR DRIZZLE
GRTST DEPTH: M ON M 7 = DUSTSTORM OR SANDSTORM:
VSBY 1/2 MILE OR LESS
8 = SMOKE OR HAZE
[NO. OF DAYS WITH] [WEATHER - DAYS WITH] 9 = BLOWING SNOW
X = TORNADO
MAX 32 OR BELOW: 0 0.01 INCH OR MORE: 6
MAX 90 OR ABOVE: 14 0.10 INCH OR MORE: 3
MIN 32 OR BELOW: 0 0.50 INCH OR MORE: 1
MIN 0 OR BELOW: 0 1.00 INCH OR MORE: 0
[HDD (BASE 65) ]
TOTAL THIS MO. 30 CLEAR (SCALE 0-3) 25
DPTR FM NORMAL -77 PTCLDY (SCALE 4-7) 4
TOTAL FM JUL 1 30 CLOUDY (SCALE 8-10) 1
DPTR FM NORMAL -88
[CDD (BASE 65) ]
TOTAL THIS MO. 205
DPTR FM NORMAL 104 [PRESSURE DATA]
TOTAL FM JAN 1 1168 HIGHEST SLP 30.46 ON 21
DPTR FM NORMAL 254 LOWEST SLP 29.52 ON 19
[REMARKS]
#FINAL-09-21#