000
CXUS53 KIWX 011528
CF6IWX
PRELIMINARY LOCAL CLIMATOLOGICAL DATA (WS FORM: F-6)
STATION: NORTH WEBSTER WFO
MONTH: MARCH
YEAR: 2022
LATITUDE: 41 21 N
LONGITUDE: 85 42 W
TEMPERATURE IN F: :PCPN: SNOW: WIND :SUNSHINE: SKY :PK WND
================================================================================
1 2 3 4 5 6A 6B 7 8 9 10 11 12 13 14 15 16 17 18
12Z AVG MX 2MIN
DY MAX MIN AVG DEP HDD CDD WTR SNW DPTH SPD SPD DIR MIN PSBL S-S WX SPD DR
================================================================================
1 51 31 41 9 24 0 T 0.0 0 M M M M M M M M
2 55 25 40 7 25 0 T 0.0 0 M M M M M M M M
3 35 23 29 -4 36 0 0.00 0.0 0 M M M M M M M M
4 41 21 31 -2 34 0 0.00 0.0 0 M M M M M M M M
5 70 35 53 19 12 0 0.00 0.0 0 M M M M M M M M
6 65 34 50 16 15 0 0.04 0.0 0 M M M M M M M M
7 37 30 34 0 31 0 0.64 0.1 0 M M M M M M 14 M M
8 36 28 32 -3 33 0 T T 0 M M M M M M M M
9 48 26 37 2 28 0 0.00 0.0 0 M M M M M M 18 M M
10 43 25 34 -2 31 0 T T 0 M M M M M M M M
11 29 20 25 -11 40 0 0.17 2.4 2 M M M M M M 1 M M
12 22 13 18 -18 47 0 T T 1 M M M M M M M M
13 49 13 31 -6 34 0 T T 0 M M M M M M M M
14 60 35 48 11 17 0 0.00 0.0 0 M M M M M M M M
15 62 41 52 15 13 0 0.00 0.0 0 M M M M M M M M
16 68 41 55 17 10 0 0.00 0.0 0 M M M M M M M M
17 72 45 59 21 6 0 T 0.0 0 M M M M M M M M
18 63 44 54 15 11 0 0.62 0.0 0 M M M M M M 3 M M
19 50 36 43 4 22 0 0.58 0.0 0 M M M M M M M M
20 58 33 46 7 19 0 T 0.0 0 M M M M M M M M
21 70 40 55 15 10 0 0.00 0.0 0 M M M M M M M M
22 56 42 49 9 16 0 0.56 0.0 0 M M M M M M 1 M M
23 63 44 54 14 11 0 0.81 0.0 0 M M M M M M 13 M M
24 46 39 43 2 22 0 0.09 0.0 0 M M M M M M M M
25 46 33 40 -1 25 0 0.14 T 0 M M M M M M M M
26 34 26 30 -12 35 0 0.04 0.3 0 M M M M M M M M
27 32 18 25 -17 40 0 T 0.2 T M M M M M M M M
28 37 17 27 -15 38 0 0.00 0.0 0 M M M M M M M M
29 40 21 31 -12 34 0 0.00 0.0 0 M M M M M M M M
30 71 38 55 12 10 0 0.21 0.0 0 M M M M M M M M
31 59 32 46 2 19 0 0.21 T 0 M M M M M M M M
================================================================================
SM 1568 949 748 0 4.11 3.0 M M M
================================================================================
AV 50.6 30.6 M FASTST M M M MAX(MPH)
MISC ----> M M M M
================================================================================
NOTES:
# LAST OF SEVERAL OCCURRENCES
COLUMN 17 PEAK WIND IN M.P.H.
PRELIMINARY LOCAL CLIMATOLOGICAL DATA (WS FORM: F-6) , PAGE 2
STATION: NORTH WEBSTER WFO
MONTH: MARCH
YEAR: 2022
LATITUDE: 41 21 N
LONGITUDE: 85 42 W
[TEMPERATURE DATA] [PRECIPITATION DATA] SYMBOLS USED IN COLUMN 16
AVERAGE MONTHLY: 40.6 TOTAL FOR MONTH: 4.11 1 = FOG OR MIST
DPTR FM NORMAL: 2.8 DPTR FM NORMAL: 1.35 2 = FOG REDUCING VISIBILITY
HIGHEST: 72 ON 17 GRTST 24HR 0.81 ON 23-23 TO 1/4 MILE OR LESS
LOWEST: 13 ON 13,12 3 = THUNDER
SNOW, ICE PELLETS, HAIL 4 = ICE PELLETS
TOTAL MONTH: 3.0 INCHES 5 = HAIL
GRTST 24HR 2.4 ON 11-11 6 = FREEZING RAIN OR DRIZZLE
GRTST DEPTH: 2 ON 11 7 = DUSTSTORM OR SANDSTORM:
VSBY 1/2 MILE OR LESS
8 = SMOKE OR HAZE
[NO. OF DAYS WITH] [WEATHER - DAYS WITH] 9 = BLOWING SNOW
X = TORNADO
MAX 32 OR BELOW: 3 0.01 INCH OR MORE: 12
MAX 90 OR ABOVE: 0 0.10 INCH OR MORE: 9
MIN 32 OR BELOW: 16 0.50 INCH OR MORE: 5
MIN 0 OR BELOW: 0 1.00 INCH OR MORE: 0
[HDD (BASE 65) ]
TOTAL THIS MO. 748 CLEAR (SCALE 0-3) 0
DPTR FM NORMAL -96 PTCLDY (SCALE 4-7) 0
TOTAL FM JUL 1 5098 CLOUDY (SCALE 8-10) 31
DPTR FM NORMAL -364
[CDD (BASE 65) ]
TOTAL THIS MO. 0
DPTR FM NORMAL -2 [PRESSURE DATA]
TOTAL FM JAN 1 0 HIGHEST SLP M ON M
DPTR FM NORMAL -2 LOWEST SLP M ON M
[REMARKS]
#FINAL-03-22#
QC OF PRECIPITATION DATA.