000
CXUS55 KRIW 051203
CF6JAC
PRELIMINARY LOCAL CLIMATOLOGICAL DATA (WS FORM: F-6)
STATION: JACKSON WY
MONTH: JULY
YEAR: 2020
LATITUDE: 43 35 N
LONGITUDE: 110 44 W
TEMPERATURE IN F: :PCPN: SNOW: WIND :SUNSHINE: SKY :PK WND
================================================================================
1 2 3 4 5 6A 6B 7 8 9 10 11 12 13 14 15 16 17 18
12Z AVG MX 2MIN
DY MAX MIN AVG DEP HDD CDD WTR SNW DPTH SPD SPD DIR MIN PSBL S-S WX SPD DR
================================================================================
1 66 36 51 -8 14 0 0.01 M M 5.4 17 190 M M 5 3 32 190
2 73 45 59 0 6 0 0.06 M M 7.7 16 220 M M 4 3 25 240
3 80 47 64 4 1 0 T M M 6.9 17 220 M M 1 23 220
4 82 41 62 2 3 0 0.00 M M 6.4 16 200 M M 1 3 37 290
5 78 41 60 0 5 0 0.00 M M 6.5 18 240 M M 0 32 280
6 81 40 61 1 4 0 0.00 M M 7.0 16 220 M M 0 8 24 220
7 76 42 59 -2 6 0 0.00 M M 9.3 21 240 M M 0 36 240
8 71 39 55 -6 10 0 0.00 M M 9.2 16 250 M M 0 31 230
9 79 35 57 -4 8 0 0.00 M M 5.7 14 180 M M 1 22 180
10 77 41 59 -2 6 0 0.00 M M 8.6 21 230 M M 1 29 220
11 83 37 60 -2 5 0 0.00 M M 6.9 14 230 M M 0 21 230
12 82 41 62 0 3 0 0.00 M M 10.1 21 260 M M 0 36 240
13 74 44 59 -3 6 0 0.00 M M 8.1 20 220 M M 3 30 240
14 73 38 56 -6 9 0 0.00 M M 6.3 14 280 M M 0 20 270
15 79 33 56 -6 9 0 0.00 M M 6.6 15 290 M M 0 21 250
16 82 39 61 -1 4 0 0.00 M M 6.7 14 250 M M 0 23 190
17 87 39 63 1 2 0 0.03 M M 7.8 18 210 M M 1 3 33 220
18 79 44 62 -1 3 0 0.00 M M 7.4 20 280 M M 0 30 300
19 80 39 60 -3 5 0 0.00 M M 6.8 14 250 M M 0 18 280
20 81 40 61 -2 4 0 0.00 M M 4.8 12 290 M M 0 M M
21 84 41 63 0 2 0 0.00 M M 6.4 13 190 M M 0 21 190
22 83 41 62 -1 3 0 0.04 M M 7.6 15 280 M M 3 30 210
23 81 54 68 5 0 3 0.05 M M 9.0 16 240 M M 6 13 22 220
24 79 45 62 -1 3 0 0.00 M M 5.8 20 200 M M 2 123 24 200
25 82 40 61 -2 4 0 T M M 5.8 22 80 M M 2 3 31 70
26 83 40 62 -1 3 0 0.00 M M 4.9 12 300 M M 0 24 300
27 86 42 64 1 1 0 0.00 M M 5.1 14 240 M M 0 M M
28 63 52 58 -5 7 0 0.07 M M 5.9 10 360 M M 8 M M
29 79 51 65 2 0 0 0.00 M M 5.1 22 30 M M 4 123 36 20
30 84 38 61 -2 4 0 0.00 M M 4.4 8 360 M M 1 1 M M
31 89 40 65 2 0 0 0.00 M M 4.9 14 20 M M 0 M M
================================================================================
SM 2456 1285 140 3 0.26 M 209.1 M 43
================================================================================
AV 79.2 41.5 6.7 FASTST M M 1 MAX(MPH)
MISC ----> # 22 80 # 37 290
================================================================================
NOTES:
# LAST OF SEVERAL OCCURRENCES
COLUMN 17 PEAK WIND IN M.P.H.
PRELIMINARY LOCAL CLIMATOLOGICAL DATA (WS FORM: F-6) , PAGE 2
STATION: JACKSON WY
MONTH: JULY
YEAR: 2020
LATITUDE: 43 35 N
LONGITUDE: 110 44 W
[TEMPERATURE DATA] [PRECIPITATION DATA] SYMBOLS USED IN COLUMN 16
AVERAGE MONTHLY: 60.3 TOTAL FOR MONTH: 0.26 1 = FOG OR MIST
DPTR FM NORMAL: -1.5 DPTR FM NORMAL: -1.03 2 = FOG REDUCING VISIBILITY
HIGHEST: 89 ON 31 GRTST 24HR 0.26 ON 30- 1 TO 1/4 MILE OR LESS
LOWEST: 33 ON 15 3 = THUNDER
SNOW, ICE PELLETS, HAIL 4 = ICE PELLETS
TOTAL MONTH: M 5 = HAIL
GRTST 24HR M ON M 6 = FREEZING RAIN OR DRIZZLE
GRTST DEPTH: M ON M 7 = DUSTSTORM OR SANDSTORM:
VSBY 1/2 MILE OR LESS
8 = SMOKE OR HAZE
[NO. OF DAYS WITH] [WEATHER - DAYS WITH] 9 = BLOWING SNOW
X = TORNADO
MAX 32 OR BELOW: 0 0.01 INCH OR MORE: 6
MAX 90 OR ABOVE: 0 0.10 INCH OR MORE: 0
MIN 32 OR BELOW: 0 0.50 INCH OR MORE: 0
MIN 0 OR BELOW: 0 1.00 INCH OR MORE: 0
[HDD (BASE 65) ]
TOTAL THIS MO. 140 CLEAR (SCALE 0-3) 26
DPTR FM NORMAL 16 PTCLDY (SCALE 4-7) 4
TOTAL FM JUL 1 140 CLOUDY (SCALE 8-10) 1
DPTR FM NORMAL 16
[CDD (BASE 65) ]
TOTAL THIS MO. 3
DPTR FM NORMAL -23 [PRESSURE DATA]
TOTAL FM JAN 1 3 HIGHEST SLP 30.15 ON 11
DPTR FM NORMAL -26 LOWEST SLP 29.49 ON 7
[REMARKS]
#FINAL-07-20#