000
CXUS52 KJAX 011222
CF6JAX
PRELIMINARY LOCAL CLIMATOLOGICAL DATA (WS FORM: F-6)
STATION: JACKSONVILLE
MONTH: JANUARY
YEAR: 2022
LATITUDE: 30 30 N
LONGITUDE: 81 42 W
TEMPERATURE IN F: :PCPN: SNOW: WIND :SUNSHINE: SKY :PK WND
================================================================================
1 2 3 4 5 6A 6B 7 8 9 10 11 12 13 14 15 16 17 18
12Z AVG MX 2MIN
DY MAX MIN AVG DEP HDD CDD WTR SNW DPTH SPD SPD DIR MIN PSBL S-S WX SPD DR
================================================================================
1 83 62 73 18 0 8 0.00 0.0 0 7.2 17 200 M M 5 1 25 200
2 84 63 74 20 0 9 0.00 0.0 0 12.0 22 190 M M 4 30 200
3 73 40 57 3 8 0 0.18 0.0 0 14.1 36 280 M M 4 1 51 280
4 65 40 53 -1 12 0 T 0.0 0 8.0 22 40 M M 5 1 29 60
5 68 50 59 5 6 0 0.00 0.0 0 4.7 15 300 M M 9 1 20 320
6 69 41 55 1 10 0 T 0.0 0 4.6 14 240 M M 3 1 20 240
7 62 42 52 -2 13 0 T 0.0 0 6.5 17 340 M M 4 23 350
8 70 41 56 2 9 0 0.00 0.0 0 7.2 18 40 M M 2 1 26 40
9 79 48 64 10 1 0 0.00 0.0 0 4.3 16 170 M M 4 1 22 180
10 68 44 56 2 9 0 0.14 0.0 0 7.8 20 60 M M 7 13 26 20
11 60 36 48 -6 17 0 0.00 0.0 0 9.9 22 40 M M 4 27 40
12 64 42 53 -1 12 0 0.00 0.0 0 6.5 17 50 M M 5 23 50
13 66 44 55 1 10 0 0.00 0.0 0 4.7 14 300 M M 6 1 19 300
14 63 41 52 -2 13 0 0.00 0.0 0 5.4 14 330 M M 3 21 340
15 68 36 52 -2 13 0 T 0.0 0 4.5 14 70 M M 7 17 70
16 63 45 54 0 11 0 0.81 0.0 0 16.9 38 240 M M 8 1 59 230
17 57 39 48 -6 17 0 0.00 0.0 0 14.0 25 270 M M 3 37 270
18 60 30 45 -9 20 0 0.00 0.0 0 3.5 10 340 M M 1 1 17 360
19 67 32 50 -4 15 0 0.00 0.0 0 2.5 12 110 M M 2 18 70
20 76 43 60 6 5 0 0.00 0.0 0 5.1 18 280 M M 7 22 270
21 59 41 50 -4 15 0 0.01 0.0 0 9.6 20 40 M M 10 1 26 40
22 41 37 39 -15 26 0 0.01 0.0 0 8.9 15 350 M M 10 1 22 340
23 55 31 43 -11 22 0 0.00 0.0 0 5.7 15 280 M M 5 22 260
24 62 27 45 -9 20 0 0.00 0.0 0 3.0 10 230 M M 4 15 230
25 60 43 52 -2 13 0 0.03 0.0 0 3.0 9 80 M M 10 13 70
26 62 50 56 1 9 0 0.00 0.0 0 8.1 18 30 M M 10 26 30
27 56 46 51 -4 14 0 0.00 0.0 0 11.8 20 20 M M 9 28 40
28 56 44 50 -5 15 0 T 0.0 0 6.6 25 300 M M 9 42 310
29 47 26 37 -18 28 0 0.00 0.0 0 11.9 26 290 M M 1 39 310
30 58 22 40 -15 25 0 0.00 0.0 0 7.0 18 240 M M 0 23 240
31 69 34 52 -3 13 0 0.00 0.0 0 4.8 20 250 M M 3 30 270
================================================================================
SM 1990 1260 401 17 1.18 0.0 229.8 M 164
================================================================================
AV 64.2 40.6 7.4 FASTST M M 5 MAX(MPH)
MISC ----> 38 240 59 230
================================================================================
NOTES:
# LAST OF SEVERAL OCCURRENCES
COLUMN 17 PEAK WIND IN M.P.H.
PRELIMINARY LOCAL CLIMATOLOGICAL DATA (WS FORM: F-6) , PAGE 2
STATION: JACKSONVILLE
MONTH: JANUARY
YEAR: 2022
LATITUDE: 30 30 N
LONGITUDE: 81 42 W
[TEMPERATURE DATA] [PRECIPITATION DATA] SYMBOLS USED IN COLUMN 16
AVERAGE MONTHLY: 52.4 TOTAL FOR MONTH: 1.18 1 = FOG OR MIST
DPTR FM NORMAL: -1.8 DPTR FM NORMAL: -2.10 2 = FOG REDUCING VISIBILITY
HIGHEST: 84 ON 2 GRTST 24HR 0.81 ON 16-16 TO 1/4 MILE OR LESS
LOWEST: 22 ON 30 3 = THUNDER
SNOW, ICE PELLETS, HAIL 4 = ICE PELLETS
TOTAL MONTH: 0.0 INCH 5 = HAIL
GRTST 24HR 0.0 6 = FREEZING RAIN OR DRIZZLE
GRTST DEPTH: 0 7 = DUSTSTORM OR SANDSTORM:
VSBY 1/2 MILE OR LESS
8 = SMOKE OR HAZE
[NO. OF DAYS WITH] [WEATHER - DAYS WITH] 9 = BLOWING SNOW
X = TORNADO
MAX 32 OR BELOW: 0 0.01 INCH OR MORE: 6
MAX 90 OR ABOVE: 0 0.10 INCH OR MORE: 3
MIN 32 OR BELOW: 6 0.50 INCH OR MORE: 1
MIN 0 OR BELOW: 0 1.00 INCH OR MORE: 0
[HDD (BASE 65) ]
TOTAL THIS MO. 401 CLEAR (SCALE 0-3) 7
DPTR FM NORMAL 51 PTCLDY (SCALE 4-7) 17
TOTAL FM JUL 1 731 CLOUDY (SCALE 8-10) 7
DPTR FM NORMAL -75
[CDD (BASE 65) ]
TOTAL THIS MO. 17
DPTR FM NORMAL 2 [PRESSURE DATA]
TOTAL FM JAN 1 17 HIGHEST SLP 30.45 ON 8
DPTR FM NORMAL 2 LOWEST SLP 29.61 ON 16
[REMARKS]
#FINAL-01-22#