000
CXUS54 KMEG 010900
CF6JBR
PRELIMINARY LOCAL CLIMATOLOGICAL DATA (WS FORM: F-6)
STATION: JONESBORO
MONTH: JUNE
YEAR: 2022
LATITUDE: 35 49 N
LONGITUDE: 90 39 W
TEMPERATURE IN F: :PCPN: SNOW: WIND :SUNSHINE: SKY :PK WND
================================================================================
1 2 3 4 5 6A 6B 7 8 9 10 11 12 13 14 15 16 17 18
12Z AVG MX 2MIN
DY MAX MIN AVG DEP HDD CDD WTR SNW DPTH SPD SPD DIR MIN PSBL S-S WX SPD DR
================================================================================
1 92 68 80 4 0 15 0.26 M M 4.9 25 290 M M 2 138 34 290
2 82 65 74 -2 0 9 0.00 M M 6.5 12 360 M M 5 17 40
3 85 60 73 -3 0 8 0.00 M M 7.0 13 360 M M 0 17 350
4 88 57 73 -3 0 8 0.00 M M 5.1 15 70 M M 0 23 100
5 90 58 74 -3 0 9 0.00 M M 3.6 13 230 M M 0 15 190
6 83 67 75 -2 0 10 0.46 M M 5.9 23 250 M M 4 13 26 250
7 91 68 80 3 0 15 T M M 3.7 18 220 M M 3 1238 26 210
8 85 66 76 -2 0 11 T M M 6.8 20 250 M M 4 123 24 270
9 87 63 75 -3 0 10 0.00 M M 4.3 12 30 M M 1 16 360
10 83 63 73 -5 0 8 0.04 M M 3.8 17 360 M M 0 25 10
11 90 63 77 -1 0 12 0.00 M M 6.2 14 210 M M 1 1 20 220
12 99 73 86 8 0 21 0.00 M M 10.8 22 210 M M 1 26 210
13 99 79 89 10 0 24 0.00 M M 12.0 21 200 M M 0 8 25 210
14 98 78 88 9 0 23 0.00 M M 11.6 21 220 M M 0 24 220
15 99 75 87 8 0 22 0.00 M M 10.0 20 190 M M 0 26 190
16 101 72 87 8 0 22 0.00 M M 5.8 13 200 M M 1 19 250
17 98 77 88 8 0 23 0.00 M M 4.2 14 20 M M 0 18 10
18 95 71 83 3 0 18 0.00 M M 8.9 17 20 M M 1 8 22 10
19 92 65 79 -1 0 14 0.00 M M 7.7 14 50 M M 0 19 80
20 95 62 79 -1 0 14 0.00 M M 4.3 12 130 M M 0 8 15 140
21 97 68 83 3 0 18 0.00 M M 3.3 12 170 M M 0 8 17 190
22 101 76 89 9 0 24 0.00 M M 6.9 17 350 M M 0 22 10
23 95 75 85 5 0 20 0.00 M M 6.5 22 80 M M 0 8 33 90
24 96 70 83 2 0 18 0.00 M M 5.0 13 90 M M 0 19 80
25 98 70 84 3 0 19 0.00 M M 4.5 12 140 M M 0 16 180
26 92 77 85 4 0 20 T M M 8.2 23 30 M M 2 30 40
27 86 70 78 -3 0 13 0.00 M M 10.9 21 60 M M 2 25 50
28 85 66 76 -5 0 11 0.00 M M 7.9 15 50 M M 0 22 40
29 92 60 76 -5 0 11 0.00 M M 5.1 13 60 M M 0 18 90
30 94 69 82 1 0 17 0.00 M M 6.5 16 170 M M 1 20 170
================================================================================
SM 2768 2051 0 467 0.76 M 197.9 M 28
================================================================================
AV 92.3 68.4 6.6 FASTST M M 1 MAX(MPH)
MISC ----> 25 290 34 290
================================================================================
NOTES:
# LAST OF SEVERAL OCCURRENCES
COLUMN 17 PEAK WIND IN M.P.H.
PRELIMINARY LOCAL CLIMATOLOGICAL DATA (WS FORM: F-6) , PAGE 2
STATION: JONESBORO
MONTH: JUNE
YEAR: 2022
LATITUDE: 35 49 N
LONGITUDE: 90 39 W
[TEMPERATURE DATA] [PRECIPITATION DATA] SYMBOLS USED IN COLUMN 16
AVERAGE MONTHLY: 80.3 TOTAL FOR MONTH: 0.76 1 = FOG OR MIST
DPTR FM NORMAL: 1.4 DPTR FM NORMAL: -2.29 2 = FOG REDUCING VISIBILITY
HIGHEST: 101 ON 22,16 GRTST 24HR 0.46 ON 6- 6 TO 1/4 MILE OR LESS
LOWEST: 57 ON 4 3 = THUNDER
SNOW, ICE PELLETS, HAIL 4 = ICE PELLETS
TOTAL MONTH: M 5 = HAIL
GRTST 24HR M ON M 6 = FREEZING RAIN OR DRIZZLE
GRTST DEPTH: M ON M 7 = DUSTSTORM OR SANDSTORM:
VSBY 1/2 MILE OR LESS
8 = SMOKE OR HAZE
[NO. OF DAYS WITH] [WEATHER - DAYS WITH] 9 = BLOWING SNOW
X = TORNADO
MAX 32 OR BELOW: 0 0.01 INCH OR MORE: 3
MAX 90 OR ABOVE: 21 0.10 INCH OR MORE: 2
MIN 32 OR BELOW: 0 0.50 INCH OR MORE: 0
MIN 0 OR BELOW: 0 1.00 INCH OR MORE: 0
[HDD (BASE 65) ]
TOTAL THIS MO. 0 CLEAR (SCALE 0-3) 27
DPTR FM NORMAL 0 PTCLDY (SCALE 4-7) 3
TOTAL FM JUL 1 3218 CLOUDY (SCALE 8-10) 0
DPTR FM NORMAL -232
[CDD (BASE 65) ]
TOTAL THIS MO. 467
DPTR FM NORMAL 48 [PRESSURE DATA]
TOTAL FM JAN 1 728 HIGHEST SLP 30.25 ON 27
DPTR FM NORMAL 52 LOWEST SLP 29.71 ON 6
[REMARKS]
#FINAL-06-22#