000
CXUS55 KGGW 010800
CF6JDN
PRELIMINARY LOCAL CLIMATOLOGICAL DATA (WS FORM: F-6)
STATION: JORDAN ASOS MT
MONTH: MAY
YEAR: 2020
LATITUDE: 47 19 N
LONGITUDE: 106 50 W
TEMPERATURE IN F: :PCPN: SNOW: WIND :SUNSHINE: SKY :PK WND
================================================================================
1 2 3 4 5 6A 6B 7 8 9 10 11 12 13 14 15 16 17 18
12Z AVG MX 2MIN
DY MAX MIN AVG DEP HDD CDD WTR SNW DPTH SPD SPD DIR MIN PSBL S-S WX SPD DR
================================================================================
1 M M M M M M 0.05 M 0 15.4 25 310 M M 0 35 310
2 72 32 52 4 13 0 0.00 0.0 0 5.9 14 250 M M 0 19 250
3 75 39 57 8 8 0 0.08 M 0 10.7 43 290 M M 0 51 280
4 63 33 48 -1 17 0 0.00 0.0 0 11.2 24 300 M M 0 30 300
5 61 30 46 -3 19 0 0.02 M 0 8.2 30 310 M M 0 37 310
6 68 25 47 -3 18 0 0.00 0.0 0 11.6 25 120 M M 0 32 120
7 65 42 54 4 11 0 0.03 M 0 9.5 21 60 M M 0 27 60
8 68 32 50 0 15 0 0.00 0.0 0 11.0 31 340 M M 0 38 340
9 58 33 46 -4 19 0 0.03 M 0 11.6 32 320 M M 0 39 290
10 52 22 37 -14 28 0 0.00 0.0 0 5.9 15 70 M M 0 19 50
11 54 22 38 -13 27 0 0.00 0.0 0 7.9 21 120 M M 0 26 100
12 44 33 39 -12 26 0 0.15 M 0 12.5 25 120 M M 0 30 120
13 64 36 50 -2 15 0 0.08 M 0 7.1 31 310 M M 0 39 320
14 72 33 53 1 12 0 0.00 0.0 0 7.2 21 260 M M 0 25 260
15 71 36 54 2 11 0 0.00 0.0 0 5.4 24 100 M M 0 28 110
16 72 42 57 4 8 0 0.00 0.0 0 8.1 20 150 M M 0 25 170
17 78 50 64 11 1 0 0.00 0.0 0 15.0 25 150 M M 0 31 150
18 76 56 66 13 0 1 0.00 0.0 0 8.2 21 120 M M 0 25 160
19 83 52 68 14 0 3 0.00 0.0 0 10.7 20 50 M M 0 24 350
20 81 57 69 15 0 4 0.17 0.0 0 9.0 41 250 M M 0 62 250
21 82 45 64 10 1 0 0.00 0.0 M 9.8 49 260 M M 0 64 260
22 74 43 59 5 6 0 0.05 M 0 6.2 17 260 M M 0 21 250
23 61 50 56 1 9 0 0.16 0.0 0 10.4 25 330 M M 0 34 340
24 59 48 54 -1 11 0 0.32 M 0 6.7 14 270 M M 0 18 270
25 74 41 58 2 7 0 0.00 0.0 0 4.0 10 130 M M 0 13 210
26 77 53 65 9 0 0 0.00 0.0 0 9.2 24 280 M M 0 36 280
27 72 46 59 3 6 0 0.00 0.0 0 9.2 20 350 M M 0 27 340
28 73 42 58 2 7 0 0.00 0.0 0 6.6 15 10 M M 0 21 310
29 76 49 63 6 2 0 0.00 0.0 0 10.7 18 90 M M 0 24 140
30 82 48 65 8 0 0 0.00 0.0 0 15.5 25 120 M M 0 32 130
31 95 54 75 17 0 10 0.00 0.0 0 10.6 24 320 M M 0 32 280
================================================================================
SM 2102 1224 297 18 1.14 0.0 291.0 M 0
================================================================================
AV 70.1 40.8 9.4 FASTST M M 0 MAX(MPH)
MISC ----> # 49 260 # 64 260
================================================================================
NOTES:
# LAST OF SEVERAL OCCURRENCES
COLUMN 17 PEAK WIND IN M.P.H.
PRELIMINARY LOCAL CLIMATOLOGICAL DATA (WS FORM: F-6) , PAGE 2
STATION: JORDAN ASOS MT
MONTH: MAY
YEAR: 2020
LATITUDE: 47 19 N
LONGITUDE: 106 50 W
[TEMPERATURE DATA] [PRECIPITATION DATA] SYMBOLS USED IN COLUMN 16
AVERAGE MONTHLY: 55.4 TOTAL FOR MONTH: 1.14 1 = FOG OR MIST
DPTR FM NORMAL: 2.7 DPTR FM NORMAL: -1.15 2 = FOG REDUCING VISIBILITY
HIGHEST: 95 ON 31 GRTST 24HR 0.32 ON 24-24 TO 1/4 MILE OR LESS
LOWEST: 22 ON 11,10 3 = THUNDER
SNOW, ICE PELLETS, HAIL 4 = ICE PELLETS
TOTAL MONTH: 0.0 INCH 5 = HAIL
GRTST 24HR 0.0 6 = FREEZING RAIN OR DRIZZLE
GRTST DEPTH: 0 7 = DUSTSTORM OR SANDSTORM:
VSBY 1/2 MILE OR LESS
8 = SMOKE OR HAZE
[NO. OF DAYS WITH] [WEATHER - DAYS WITH] 9 = BLOWING SNOW
X = TORNADO
MAX 32 OR BELOW: 0 0.01 INCH OR MORE: 11
MAX 90 OR ABOVE: 1 0.10 INCH OR MORE: 4
MIN 32 OR BELOW: 6 0.50 INCH OR MORE: 0
MIN 0 OR BELOW: 0 1.00 INCH OR MORE: 0
[HDD (BASE 65) ]
TOTAL THIS MO. 297 CLEAR (SCALE 0-3) 31
DPTR FM NORMAL -90 PTCLDY (SCALE 4-7) 0
TOTAL FM JUL 1 7470 CLOUDY (SCALE 8-10) 0
DPTR FM NORMAL -651
[CDD (BASE 65) ]
TOTAL THIS MO. 18
DPTR FM NORMAL 12 [PRESSURE DATA]
TOTAL FM JAN 1 20 HIGHEST SLP M ON M
DPTR FM NORMAL 14 LOWEST SLP 29.34 ON 20
[REMARKS]
#FINAL-05-20#