000
CXUS53 KLSX 011500
CF6JEF
PRELIMINARY LOCAL CLIMATOLOGICAL DATA (WS FORM: F-6)
STATION: JEFFERSON CITY
MONTH: FEBRUARY
YEAR: 2023
LATITUDE: 38 35 N
LONGITUDE: 92 10 W
TEMPERATURE IN F: :PCPN: SNOW: WIND :SUNSHINE: SKY :PK WND
================================================================================
1 2 3 4 5 6A 6B 7 8 9 10 11 12 13 14 15 16 17 18
12Z AVG MX 2MIN
DY MAX MIN AVG DEP HDD CDD WTR SNW DPTH SPD SPD DIR MIN PSBL S-S WX SPD DR
================================================================================
1 37 13 25 -8 40 0 0.00 0.0 0 2.2 10 180 M M 0 14 180
2 54 19 37 4 28 0 0.00 0.0 0 7.5 20 350 M M 0 31 350
3 34 15 25 -8 40 0 0.00 0.0 0 6.3 15 350 M M 0 24 360
4 58 22 40 6 25 0 0.00 0.0 0 9.7 21 220 M M 0 30 210
5 64 32 48 14 17 0 0.00 0.0 0 6.2 18 280 M M 0 27 300
6 67 27 47 13 18 0 0.00 0.0 0 13.7 32 170 M M 2 42 150
7 63 40 52 18 13 0 0.00 0.0 0 6.9 22 300 M M 2 31 300
8 47 34 41 7 24 0 0.41 0.0 0 6.6 22 100 M M 8 1 29 100
9 49 38 44 9 21 0 0.41 0.0 0 11.0 26 290 M M 9 18 37 290
10 47 26 37 2 28 0 0.00 0.0 0 7.6 16 320 M M 5 22 320
11 51 20 36 1 29 0 0.00 0.0 0 1.8 7 120 M M 0 9 170
12 64 23 44 8 21 0 0.00 0.0 0 2.8 12 220 M M 0 18 170
13 63 32 48 12 17 0 0.00 0.0 0 4.3 10 120 M M 0 13 300
14 59 37 48 12 17 0 0.55 0.0 0 12.3 33 260 M M 6 1 46 260
15 57 40 49 13 16 0 0.00 0.0 0 8.9 23 270 M M 1 30 240
16 40 32 36 -1 29 0 0.15 M 0 11.7 23 290 M M 10 18 32 290
17 43 21 32 -5 33 0 0.00 0.0 0 6.9 17 310 M M 1 25 300
18 58 33 46 9 19 0 0.00 0.0 0 8.2 18 200 M M 1 25 180
19 62 38 50 12 15 0 0.00 0.0 0 6.6 17 240 M M 1 22 230
20 66 34 50 12 15 0 T 0.0 0 6.7 23 280 M M 2 31 270
21 62 37 50 12 15 0 0.00 0.0 0 9.0 18 140 M M 0 25 120
22 69 53 61 22 4 0 0.99 0.0 0 8.5 22 270 M M 3 13 30 250
23 54 27 41 2 24 0 0.00 M M 11.7 26 300 M M 2 1 36 290
24 42 23 33 -6 32 0 T M M 7.5 15 80 M M 3 21 100
25 54 33 44 4 21 0 0.00 M M 3.2 12 350 M M 6 17 320
26 61 39 50 10 15 0 0.00 0.0 0 8.0 21 130 M M 10 26 120
27 68 48 58 18 7 0 0.36 0.0 0 16.8 36 230 M M 6 18 59 240
28 74 33 54 14 11 0 0.00 0.0 0 5.0 18 120 M M 0 18 26 80
================================================================================
SM 1567 869 594 0 2.87 0.0 217.6 M 78
================================================================================
AV 56.0 31.0 7.8 FASTST M M 3 MAX(MPH)
MISC ----> 36 230 59 240
================================================================================
NOTES:
# LAST OF SEVERAL OCCURRENCES
COLUMN 17 PEAK WIND IN M.P.H.
PRELIMINARY LOCAL CLIMATOLOGICAL DATA (WS FORM: F-6) , PAGE 2
STATION: JEFFERSON CITY
MONTH: FEBRUARY
YEAR: 2023
LATITUDE: 38 35 N
LONGITUDE: 92 10 W
[TEMPERATURE DATA] [PRECIPITATION DATA] SYMBOLS USED IN COLUMN 16
AVERAGE MONTHLY: 43.5 TOTAL FOR MONTH: 2.87 1 = FOG OR MIST
DPTR FM NORMAL: 7.0 DPTR FM NORMAL: 1.00 2 = FOG REDUCING VISIBILITY
HIGHEST: 74 ON 28 GRTST 24HR 0.99 ON 22-22 TO 1/4 MILE OR LESS
LOWEST: 13 ON 1 3 = THUNDER
SNOW, ICE PELLETS, HAIL 4 = ICE PELLETS
TOTAL MONTH: 0.0 INCH 5 = HAIL
GRTST 24HR 0.0 6 = FREEZING RAIN OR DRIZZLE
GRTST DEPTH: 0 7 = DUSTSTORM OR SANDSTORM:
VSBY 1/2 MILE OR LESS
8 = SMOKE OR HAZE
[NO. OF DAYS WITH] [WEATHER - DAYS WITH] 9 = BLOWING SNOW
X = TORNADO
MAX 32 OR BELOW: 0 0.01 INCH OR MORE: 6
MAX 90 OR ABOVE: 0 0.10 INCH OR MORE: 6
MIN 32 OR BELOW: 14 0.50 INCH OR MORE: 2
MIN 0 OR BELOW: 0 1.00 INCH OR MORE: 0
[HDD (BASE 65) ]
TOTAL THIS MO. 594 CLEAR (SCALE 0-3) 19
DPTR FM NORMAL -206 PTCLDY (SCALE 4-7) 6
TOTAL FM JUL 1 3129 CLOUDY (SCALE 8-10) 3
DPTR FM NORMAL -497
[CDD (BASE 65) ]
TOTAL THIS MO. 0
DPTR FM NORMAL 0 [PRESSURE DATA]
TOTAL FM JAN 1 0 HIGHEST SLP 30.68 ON 3
DPTR FM NORMAL 0 LOWEST SLP 29.13 ON 27
[REMARKS]
#FINAL-02-23#