000
CXUS51 KOKX 010910
CF6JFK
PRELIMINARY LOCAL CLIMATOLOGICAL DATA (WS FORM: F-6)
STATION: KENNEDY NY
MONTH: AUGUST
YEAR: 2022
LATITUDE: 40 39 N
LONGITUDE: 73 47 W
TEMPERATURE IN F: :PCPN: SNOW: WIND :SUNSHINE: SKY :PK WND
================================================================================
1 2 3 4 5 6A 6B 7 8 9 10 11 12 13 14 15 16 17 18
12Z AVG MX 2MIN
DY MAX MIN AVG DEP HDD CDD WTR SNW DPTH SPD SPD DIR MIN PSBL S-S WX SPD DR
================================================================================
1 77 68 73 -3 0 8 0.25 0.0 0 7.8 14 20 M M 9 1 16 20
2 89 69 79 3 0 14 0.00 0.0 0 10.6 17 190 M M 6 19 190
3 89 74 82 6 0 17 0.00 0.0 0 10.3 21 180 M M 2 26 180
4 91 72 82 6 0 17 T 0.0 0 11.7 25 180 M M 3 29 180
5 89 76 83 7 0 18 T 0.0 0 10.6 17 210 M M 8 20 200
6 89 74 82 6 0 17 0.00 0.0 0 12.0 23 190 M M 6 29 190
7 89 77 83 7 0 18 0.01 0.0 0 13.9 25 190 M M 7 3 29 200
8 88 77 83 7 0 18 T 0.0 0 14.1 29 190 M M 5 35 180
9 93 75 84 8 0 19 T 0.0 0 11.4 22 360 M M 6 3 27 220
10 88 75 82 6 0 17 0.00 0.0 0 9.5 16 30 M M 7 19 30
11 86 72 79 3 0 14 0.35 0.0 0 7.5 18 360 M M 8 1 25 360
12 87 71 79 3 0 14 0.00 0.0 0 10.9 21 350 M M 7 25 360
13 81 65 73 -3 0 8 0.00 0.0 0 10.8 18 10 M M 4 23 10
14 82 64 73 -2 0 8 0.00 0.0 0 8.6 17 160 M M 6 23 160
15 82 66 74 -1 0 9 0.00 0.0 0 7.0 17 140 M M 6 22 140
16 82 63 73 -2 0 8 0.00 0.0 0 8.9 18 40 M M 7 23 40
17 84 65 75 0 0 10 0.13 0.0 0 6.9 18 50 M M 8 22 330
18 87 65 76 1 0 11 0.00 0.0 0 10.2 24 190 M M 4 28 190
19 88 70 79 4 0 14 0.00 0.0 0 11.1 23 180 M M 4 29 170
20 88 72 80 5 0 15 0.00 0.0 0 8.8 18 180 M M 6 23 180
21 82 71 77 2 0 12 0.00 0.0 0 7.2 15 150 M M 7 19 150
22 79 73 76 2 0 11 0.03 0.0 0 6.6 15 120 M M 9 1 18 130
23 85 71 78 4 0 13 T 0.0 0 9.4 22 300 M M 5 28 310
24 91 71 81 7 0 16 0.00 0.0 M 11.5 22 190 M M 3 26 190
25 92 69 81 7 0 16 0.00 0.0 0 9.5 20 190 M M 4 23 190
26 86 72 79 5 0 14 0.02 0.0 0 11.5 29 180 M M 7 3 35 190
27 91 73 82 8 0 17 0.00 0.0 0 8.0 16 140 M M 6 19 360
28 83 73 78 4 0 13 0.00 0.0 0 10.4 18 100 M M 8 23 90
29 85 74 80 7 0 15 0.00 0.0 0 10.9 21 180 M M 5 26 170
30 86 73 80 7 0 15 0.06 0.0 0 13.4 28 170 M M 6 33 170
31 88 72 80 7 0 15 T 0.0 0 11.7 21 300 M M 4 28 300
================================================================================
SM 2677 2202 0 431 0.85 0.0 312.7 M 183
================================================================================
AV 86.4 71.0 10.1 FASTST M M 6 MAX(MPH)
MISC ----> # 29 190 # 35 180
================================================================================
NOTES:
# LAST OF SEVERAL OCCURRENCES
COLUMN 17 PEAK WIND IN M.P.H.
PRELIMINARY LOCAL CLIMATOLOGICAL DATA (WS FORM: F-6) , PAGE 2
STATION: KENNEDY NY
MONTH: AUGUST
YEAR: 2022
LATITUDE: 40 39 N
LONGITUDE: 73 47 W
[TEMPERATURE DATA] [PRECIPITATION DATA] SYMBOLS USED IN COLUMN 16
AVERAGE MONTHLY: 78.7 TOTAL FOR MONTH: 0.85 1 = FOG OR MIST
DPTR FM NORMAL: 3.7 DPTR FM NORMAL: -3.26 2 = FOG REDUCING VISIBILITY
HIGHEST: 93 ON 9 GRTST 24HR 0.35 ON 11-11 TO 1/4 MILE OR LESS
LOWEST: 63 ON 16 3 = THUNDER
SNOW, ICE PELLETS, HAIL 4 = ICE PELLETS
TOTAL MONTH: 0.0 INCH 5 = HAIL
GRTST 24HR 0.0 6 = FREEZING RAIN OR DRIZZLE
GRTST DEPTH: 0 7 = DUSTSTORM OR SANDSTORM:
VSBY 1/2 MILE OR LESS
8 = SMOKE OR HAZE
[NO. OF DAYS WITH] [WEATHER - DAYS WITH] 9 = BLOWING SNOW
X = TORNADO
MAX 32 OR BELOW: 0 0.01 INCH OR MORE: 7
MAX 90 OR ABOVE: 5 0.10 INCH OR MORE: 3
MIN 32 OR BELOW: 0 0.50 INCH OR MORE: 0
MIN 0 OR BELOW: 0 1.00 INCH OR MORE: 0
[HDD (BASE 65) ]
TOTAL THIS MO. 0 CLEAR (SCALE 0-3) 3
DPTR FM NORMAL -1 PTCLDY (SCALE 4-7) 26
TOTAL FM JUL 1 0 CLOUDY (SCALE 8-10) 2
DPTR FM NORMAL 0
[CDD (BASE 65) ]
TOTAL THIS MO. 431
DPTR FM NORMAL 120 [PRESSURE DATA]
TOTAL FM JAN 1 1104 HIGHEST SLP M ON M
DPTR FM NORMAL 238 LOWEST SLP 29.75 ON 31
[REMARKS]
#FINAL-08-22#