000
CXUS53 KBIS 010830
CF6JMS
PRELIMINARY LOCAL CLIMATOLOGICAL DATA (WS FORM: F-6)
STATION: JAMESTOWN ND
MONTH: APRIL
YEAR: 2022
LATITUDE: 46 55 N
LONGITUDE: 98 40 W
TEMPERATURE IN F: :PCPN: SNOW: WIND :SUNSHINE: SKY :PK WND
================================================================================
1 2 3 4 5 6A 6B 7 8 9 10 11 12 13 14 15 16 17 18
12Z AVG MX 2MIN
DY MAX MIN AVG DEP HDD CDD WTR SNW DPTH SPD SPD DIR MIN PSBL S-S WX SPD DR
================================================================================
1 58 24 41 6 24 0 0.00 M M 9.6 29 260 M M 4 39 260
2 48 26 37 2 28 0 0.00 M M 10.8 21 320 M M 0 27 330
3 41 25 33 -3 32 0 T M M 7.1 15 70 M M 5 19 60
4 47 26 37 1 28 0 T M M 14.5 33 140 M M 3 18 43 150
5 44 33 39 2 26 0 T M M 14.8 26 120 M M 9 18 37 120
6 48 33 41 4 24 0 T M M 31.0 45 340 M M 10 1 60 340
7 41 30 36 -2 29 0 0.00 M M 27.7 39 350 M M 7 1 55 340
8 50 27 39 1 26 0 0.00 M M 12.9 22 340 M M 0 30 340
9 59 24 42 3 23 0 0.00 M M 13.5 26 170 M M 1 37 180
10 50 35 43 4 22 0 0.00 M M 8.9 20 40 M M 7 27 360
11 52 31 42 3 23 0 0.00 M M 8.4 21 320 M M 6 1 26 320
12 36 27 32 -8 33 0 0.55 M M 24.0 35 30 M M 10 12 49 50
13 34 30 32 -8 33 0 0.06 M M 14.4 26 220 M M 10 18 36 40
14 30 14 22 -19 43 0 T M M 25.7 37 300 M M 4 128 51 310
15 25 12 19 -22 46 0 0.01 M M 20.2 29 310 M M 4 8 37 310
16 29 14 22 -20 43 0 0.00 M M 9.3 20 310 M M 2 22 320
17 36 21 29 -13 36 0 0.13 M M 20.0 37 310 M M 9 128 52 310
18 33 18 26 -16 39 0 0.00 M M 13.5 30 320 M M 1 8 37 310
19 35 17 26 -17 39 0 0.00 M M 19.1 35 130 M M 3 46 150
20 51 31 41 -2 24 0 T M M 9.5 29 300 M M 3 40 300
21 44 33 39 -5 26 0 0.13 M M 13.0 25 300 M M 7 38 290
22 47 35 41 -3 24 0 1.53 M M 17.0 29 70 M M 10 13 37 80
23 53 38 46 1 19 0 0.34 M M 17.3 38 50 M M 10 123 51 60
24 38 27 33 -12 32 0 0.12 M M 26.6 40 330 M M 10 12 54 330
25 38 25 32 -14 33 0 0.00 M M 17.6 31 340 M M 8 43 330
26 40 25 33 -13 32 0 0.00 M M 11.7 20 90 M M 6 29 50
27 49 27 38 -8 27 0 0.00 M M 13.9 22 110 M M 1 29 110
28 56 32 44 -3 21 0 0.00 M M 10.3 16 130 M M 2 22 130
29 43 37 40 -7 25 0 1.25 M M 12.6 20 60 M M 9 1 26 60
30 41 36 39 -9 26 0 0.85 M M 21.0 29 330 M M 10 1 42 340
================================================================================
SM 1296 813 886 0 4.97 M 475.9 M 171
================================================================================
AV 43.2 27.1 15.9 FASTST M M 6 MAX(MPH)
MISC ----> 45 340 60 340
================================================================================
NOTES:
# LAST OF SEVERAL OCCURRENCES
COLUMN 17 PEAK WIND IN M.P.H.
PRELIMINARY LOCAL CLIMATOLOGICAL DATA (WS FORM: F-6) , PAGE 2
STATION: JAMESTOWN ND
MONTH: APRIL
YEAR: 2022
LATITUDE: 46 55 N
LONGITUDE: 98 40 W
[TEMPERATURE DATA] [PRECIPITATION DATA] SYMBOLS USED IN COLUMN 16
AVERAGE MONTHLY: 35.2 TOTAL FOR MONTH: 4.97 1 = FOG OR MIST
DPTR FM NORMAL: -6.2 DPTR FM NORMAL: 3.73 2 = FOG REDUCING VISIBILITY
HIGHEST: 59 ON 9 GRTST 24HR 1.73 ON 22-23 TO 1/4 MILE OR LESS
LOWEST: 12 ON 15 3 = THUNDER
SNOW, ICE PELLETS, HAIL 4 = ICE PELLETS
TOTAL MONTH: M 5 = HAIL
GRTST 24HR M ON M 6 = FREEZING RAIN OR DRIZZLE
GRTST DEPTH: M ON M 7 = DUSTSTORM OR SANDSTORM:
VSBY 1/2 MILE OR LESS
8 = SMOKE OR HAZE
[NO. OF DAYS WITH] [WEATHER - DAYS WITH] 9 = BLOWING SNOW
X = TORNADO
MAX 32 OR BELOW: 3 0.01 INCH OR MORE: 10
MAX 90 OR ABOVE: 0 0.10 INCH OR MORE: 8
MIN 32 OR BELOW: 22 0.50 INCH OR MORE: 4
MIN 0 OR BELOW: 0 1.00 INCH OR MORE: 2
[HDD (BASE 65) ]
TOTAL THIS MO. 886 CLEAR (SCALE 0-3) 9
DPTR FM NORMAL 178 PTCLDY (SCALE 4-7) 10
TOTAL FM JUL 1 8412 CLOUDY (SCALE 8-10) 11
DPTR FM NORMAL -181
[CDD (BASE 65) ]
TOTAL THIS MO. 0
DPTR FM NORMAL 0 [PRESSURE DATA]
TOTAL FM JAN 1 0 HIGHEST SLP 30.45 ON 26
DPTR FM NORMAL 0 LOWEST SLP 29.13 ON 23
[REMARKS]
#FINAL-04-22#