000
CXUS53 KBIS 010830
CF6JMS
PRELIMINARY LOCAL CLIMATOLOGICAL DATA (WS FORM: F-6)
STATION: JAMESTOWN ND
MONTH: OCTOBER
YEAR: 2023
LATITUDE: 46 55 N
LONGITUDE: 98 40 W
TEMPERATURE IN F: :PCPN: SNOW: WIND :SUNSHINE: SKY :PK WND
================================================================================
1 2 3 4 5 6A 6B 7 8 9 10 11 12 13 14 15 16 17 18
12Z AVG MX 2MIN
DY MAX MIN AVG DEP HDD CDD WTR SNW DPTH SPD SPD DIR MIN PSBL S-S WX SPD DR
================================================================================
1 89 62 76 24 0 11 0.00 M M 11.0 28 180 M M 1 1 40 180
2 72 59 66 15 0 1 0.00 M M 5.9 14 270 M M 4 1 19 270
3 79 53 66 15 0 1 0.10 M M 11.6 25 320 M M 3 13 34 290
4 67 50 59 9 6 0 0.18 M M 13.7 28 280 M M 7 1 39 300
5 56 41 49 -1 16 0 0.04 M M 20.6 35 310 M M 7 47 320
6 47 30 39 -10 26 0 0.00 M M 21.9 35 320 M M 8 18 49 330
7 61 27 44 -4 21 0 0.00 M M 7.7 15 220 M M 2 23 210
8 64 37 51 3 14 0 0.00 M M 8.4 20 340 M M 1 29 320
9 58 32 45 -3 20 0 0.00 M M 4.1 9 340 M M 4 1 13 50
10 58 28 43 -4 22 0 0.00 M M 2.1 8 70 M M 2 12 11 80
11 61 27 44 -2 21 0 0.00 M M 7.6 16 90 M M 0 23 80
12 58 39 49 3 16 0 0.00 M M 13.1 23 50 M M 8 38 60
13 53 43 48 3 17 0 0.00 M M 13.1 23 30 M M 7 37 30
14 52 40 46 1 19 0 0.00 M M 5.3 10 20 M M 10 16 20
15 57 30 44 0 21 0 0.00 M M 4.0 12 330 M M 2 16 330
16 66 29 48 4 17 0 0.00 M M 4.1 13 240 M M 0 17 240
17 71 38 55 12 10 0 T M M 10.3 23 290 M M 3 33 290
18 57 46 52 9 13 0 0.01 M M 11.5 22 350 M M 7 32 350
19 68 41 55 13 10 0 0.00 M M 5.5 17 340 M M 0 128 23 330
20 73 40 57 15 8 0 0.00 M M 9.4 26 300 M M 0 38 310
21 61 34 48 7 17 0 0.00 M M 9.3 18 350 M M 0 27 330
22 63 36 50 9 15 0 0.00 M M 9.6 22 150 M M 4 32 140
23 61 37 49 9 16 0 0.16 M M 8.4 18 340 M M 4 1 27 20
24 46 36 41 1 24 0 0.04 M M 7.0 16 10 M M 10 23 10
25 45 32 39 0 26 0 0.03 M M 7.7 15 70 M M 8 18 27 70
26 36 25 31 -8 34 0 0.10 M M 14.1 30 310 M M 10 1 41 320
27 28 18 23 -15 42 0 0.00 M M 17.4 33 310 M M 6 18 42 310
28 30 15 23 -15 42 0 0.00 M M 10.0 18 260 M M 0 23 260
29 30 17 24 -13 41 0 0.00 M M 10.8 16 320 M M 6 22 320
30 33 17 25 -11 40 0 0.00 M M 17.3 31 330 M M 8 18 44 330
31 28 12 20 -16 45 0 0.00 M M 11.2 25 320 M M 3 37 320
================================================================================
SM 1728 1071 619 13 0.66 M 313.7 M 135
================================================================================
AV 55.7 34.5 10.1 FASTST M M 4 MAX(MPH)
MISC ----> # 35 310 49 330
================================================================================
NOTES:
# LAST OF SEVERAL OCCURRENCES
COLUMN 17 PEAK WIND IN M.P.H.
PRELIMINARY LOCAL CLIMATOLOGICAL DATA (WS FORM: F-6) , PAGE 2
STATION: JAMESTOWN ND
MONTH: OCTOBER
YEAR: 2023
LATITUDE: 46 55 N
LONGITUDE: 98 40 W
[TEMPERATURE DATA] [PRECIPITATION DATA] SYMBOLS USED IN COLUMN 16
AVERAGE MONTHLY: 45.1 TOTAL FOR MONTH: 0.66 1 = FOG OR MIST
DPTR FM NORMAL: 1.3 DPTR FM NORMAL: -1.01 2 = FOG REDUCING VISIBILITY
HIGHEST: 89 ON 1 GRTST 24HR 0.20 ON 23-24 TO 1/4 MILE OR LESS
LOWEST: 12 ON 31 3 = THUNDER
SNOW, ICE PELLETS, HAIL 4 = ICE PELLETS
TOTAL MONTH: M 5 = HAIL
GRTST 24HR M ON M 6 = FREEZING RAIN OR DRIZZLE
GRTST DEPTH: M ON M 7 = DUSTSTORM OR SANDSTORM:
VSBY 1/2 MILE OR LESS
8 = SMOKE OR HAZE
[NO. OF DAYS WITH] [WEATHER - DAYS WITH] 9 = BLOWING SNOW
X = TORNADO
MAX 32 OR BELOW: 4 0.01 INCH OR MORE: 8
MAX 90 OR ABOVE: 0 0.10 INCH OR MORE: 4
MIN 32 OR BELOW: 14 0.50 INCH OR MORE: 0
MIN 0 OR BELOW: 0 1.00 INCH OR MORE: 0
[HDD (BASE 65) ]
TOTAL THIS MO. 619 CLEAR (SCALE 0-3) 14
DPTR FM NORMAL -40 PTCLDY (SCALE 4-7) 14
TOTAL FM JUL 1 794 CLOUDY (SCALE 8-10) 3
DPTR FM NORMAL -162
[CDD (BASE 65) ]
TOTAL THIS MO. 13
DPTR FM NORMAL 11 [PRESSURE DATA]
TOTAL FM JAN 1 617 HIGHEST SLP 30.54 ON 31
DPTR FM NORMAL 196 LOWEST SLP 29.54 ON 3
[REMARKS]
#FINAL-10-23#