000
CXHW50 PHFO 011250
CF6JRF
PRELIMINARY LOCAL CLIMATOLOGICAL DATA (WS FORM: F-6)
STATION: KALAELOA ARPT/OAHU HI
MONTH: AUGUST
YEAR: 2023
LATITUDE: 21 19 N
LONGITUDE: 158 4 W
TEMPERATURE IN F: :PCPN: SNOW: WIND :SUNSHINE: SKY :PK WND
================================================================================
1 2 3 4 5 6A 6B 7 8 9 10 11 12 13 14 15 16 17 18
12Z AVG MX 2MIN
DY MAX MIN AVG DEP HDD CDD WTR SNW DPTH SPD SPD DIR MIN PSBL S-S WX SPD DR
================================================================================
1 89 69 79 -2 0 14 0.00 M M 6.9 17 80 M M 2 24 80
2 89 73 81 0 0 16 0.00 M M 7.6 16 50 M M 1 26 40
3 90 71 81 0 0 16 T M M 7.0 16 60 M M 2 24 60
4 89 73 81 0 0 16 T M M 6.2 15 30 M M 4 24 110
5 89 71 80 -1 0 15 0.00 M M 6.5 15 100 M M 3 21 10
6 90 73 82 1 0 17 0.00 M M 8.0 20 140 M M 3 24 120
7 90 75 83 2 0 18 0.00 M M 9.1 17 70 M M 2 30 50
8 89 79 84 3 0 19 0.00 M M 13.0 22 80 M M 0 35 50
9 90 77 84 3 0 19 0.00 M M 10.0 18 100 M M 2 30 70
10 90 74 82 1 0 17 0.00 M M 6.9 15 50 M M 2 25 30
11 90 67 79 -2 0 14 0.00 M M 6.6 15 50 M M 1 24 70
12 91 72 82 1 0 17 0.00 M M 5.9 14 30 M M 1 21 30
13 90 71 81 0 0 16 0.00 M M 7.9 18 140 M M 1 22 150
14 90 71 81 0 0 16 T M M 6.6 17 40 M M 4 26 30
15 90 68 79 -2 0 14 0.00 M M 6.9 16 50 M M 2 22 50
16 90 72 81 0 0 16 T M M 7.6 18 100 M M 4 31 80
17 91 72 82 1 0 17 0.00 M M 5.2 16 30 M M 1 25 30
18 90 69 80 -1 0 15 0.00 M M 5.8 15 20 M M 1 26 80
19 90 72 81 0 0 16 0.00 M M 5.3 13 50 M M 2 23 20
20 90 73 82 1 0 17 0.00 M M 5.8 16 120 M M 3 23 120
21 91 74 83 2 0 18 0.00 M M 7.3 16 130 M M 4 26 110
22 90 77 84 3 0 19 0.00 M M 8.1 16 90 M M 2 28 60
23 90 74 82 1 0 17 0.00 M M 7.9 16 30 M M 1 29 80
24 90 68 79 -2 0 14 0.00 M M 6.7 16 40 M M 2 27 60
25 89 72 81 0 0 16 0.10 M M 7.5 20 130 M M 5 1 29 120
26 89 69 79 -2 0 14 0.02 M M 6.3 15 20 M M 4 26 60
27 88 70 79 -2 0 14 0.06 M M 7.1 16 140 M M 5 1 25 20
28 89 73 81 0 0 16 T M M 6.4 15 130 M M 5 24 50
29 89 71 80 -1 0 15 0.00 M M 7.8 16 90 M M 3 26 90
30 91 73 82 1 0 17 0.00 M M 8.2 18 100 M M 3 31 80
31 88 77 83 2 0 18 0.00 M M 9.8 17 70 M M 3 29 90
================================================================================
SM 2781 2240 0 503 0.18 M 227.9 M 78
================================================================================
AV 89.7 72.3 7.4 FASTST M M 3 MAX(MPH)
MISC ----> 22 80 35 50
================================================================================
NOTES:
# LAST OF SEVERAL OCCURRENCES
COLUMN 17 PEAK WIND IN M.P.H.
PRELIMINARY LOCAL CLIMATOLOGICAL DATA (WS FORM: F-6) , PAGE 2
STATION: KALAELOA ARPT/OAHU HI
MONTH: AUGUST
YEAR: 2023
LATITUDE: 21 19 N
LONGITUDE: 158 4 W
[TEMPERATURE DATA] [PRECIPITATION DATA] SYMBOLS USED IN COLUMN 16
AVERAGE MONTHLY: 81.0 TOTAL FOR MONTH: 0.18 1 = FOG OR MIST
DPTR FM NORMAL: -0.1 DPTR FM NORMAL: -0.44 2 = FOG REDUCING VISIBILITY
HIGHEST: 91 ON 30,21 GRTST 24HR 0.10 ON 25-25 TO 1/4 MILE OR LESS
LOWEST: 67 ON 11 3 = THUNDER
SNOW, ICE PELLETS, HAIL 4 = ICE PELLETS
TOTAL MONTH: M 5 = HAIL
GRTST 24HR M ON M 6 = FREEZING RAIN OR DRIZZLE
GRTST DEPTH: M ON M 7 = DUSTSTORM OR SANDSTORM:
VSBY 1/2 MILE OR LESS
8 = SMOKE OR HAZE
[NO. OF DAYS WITH] [WEATHER - DAYS WITH] 9 = BLOWING SNOW
X = TORNADO
MAX 32 OR BELOW: 0 0.01 INCH OR MORE: 3
MAX 90 OR ABOVE: 20 0.10 INCH OR MORE: 1
MIN 32 OR BELOW: 0 0.50 INCH OR MORE: 0
MIN 0 OR BELOW: 0 1.00 INCH OR MORE: 0
[HDD (BASE 65) ]
TOTAL THIS MO. 0 CLEAR (SCALE 0-3) 20
DPTR FM NORMAL 0 PTCLDY (SCALE 4-7) 11
TOTAL FM JUL 1 0 CLOUDY (SCALE 8-10) 0
DPTR FM NORMAL 0
[CDD (BASE 65) ]
TOTAL THIS MO. 503
DPTR FM NORMAL 4 [PRESSURE DATA]
TOTAL FM JAN 1 3048 HIGHEST SLP 30.18 ON 8
DPTR FM NORMAL 218 LOWEST SLP 29.92 ON 27
[REMARKS]
#FINAL-08-23#