000
CXUS52 TJSJ 010511
CF6JSJ
PRELIMINARY LOCAL CLIMATOLOGICAL DATA (WS FORM: F-6)
STATION: SAN JUAN AREA/PR
MONTH: JULY
YEAR: 2023
LATITUDE: 18 25 N
LONGITUDE: 66 0 W
TEMPERATURE IN F: :PCPN: SNOW: WIND :SUNSHINE: SKY :PK WND
================================================================================
1 2 3 4 5 6A 6B 7 8 9 10 11 12 13 14 15 16 17 18
12Z AVG MX 2MIN
DY MAX MIN AVG DEP HDD CDD WTR SNW DPTH SPD SPD DIR MIN PSBL S-S WX SPD DR
================================================================================
1 92 80 86 3 0 21 T M M 11.0 22 80 M M 4 26 80
2 93 80 87 4 0 22 T M M 11.5 25 70 M M 3 29 60
3 90 80 85 2 0 20 0.03 M M 12.7 24 70 M M 5 13 28 60
4 86 79 83 0 0 18 0.22 M M 8.9 20 70 M M 7 13 26 110
5 89 81 85 2 0 20 T M M 11.5 18 60 M M 5 8 M M
6 89 81 85 2 0 20 T M M 12.6 23 70 M M 5 8 27 80
7 89 80 85 2 0 20 T M M 11.2 20 50 M M 4 8 26 60
8 88 76 82 -1 0 17 1.58 M M 7.1 25 80 M M 7 138 32 80
9 88 77 83 0 0 18 0.16 M M 7.5 18 80 M M 5 3 25 80
10 89 78 84 1 0 19 T M M 13.2 21 70 M M 4 8 26 60
11 89 82 86 3 0 21 0.01 M M 15.6 24 60 M M 5 30 90
12 89 78 84 1 0 19 0.66 M M 11.0 31 100 M M 7 13 41 90
13 90 80 85 2 0 20 0.11 M M 11.0 22 80 M M 5 1 27 80
14 90 80 85 2 0 20 T M M 13.2 24 60 M M 3 28 90
15 89 80 85 2 0 20 0.06 M M 11.2 20 60 M M 4 30 90
16 89 81 85 2 0 20 T M M 12.4 22 70 M M 5 27 60
17 89 79 84 1 0 19 0.04 M M 9.7 25 80 M M 6 32 90
18 90 81 86 3 0 21 0.13 M M 11.9 24 80 M M 5 1 28 50
19 91 82 87 4 0 22 0.08 M M 15.6 24 60 M M 4 8 30 60
20 89 80 85 2 0 20 T M M 10.5 22 60 M M 3 27 80
21 89 80 85 2 0 20 T M M 9.0 20 60 M M 3 24 50
22 94 79 87 4 0 22 T M M 6.5 18 80 M M 2 22 80
23 91 80 86 3 0 21 T M M 10.4 24 60 M M 4 28 70
24 90 80 85 2 0 20 T M M 11.5 22 70 M M 4 29 80
25 89 75 82 -1 0 17 0.76 M M 13.3 31 80 M M 5 138 41 80
26 90 79 85 2 0 20 0.06 M M 10.1 25 90 M M 4 32 70
27 89 78 84 1 0 19 0.08 M M 10.0 21 80 M M 5 25 80
28 90 79 85 2 0 20 T M M 10.0 25 90 M M 4 31 90
29 90 80 85 2 0 20 T M M 11.3 25 80 M M 4 29 80
30 90 80 85 2 0 20 T M M 9.4 18 60 M M 4 24 60
31 90 78 84 1 0 19 0.03 0.0 0 10.2 22 70 M M 4 1 28 60
================================================================================
SM 2780 2463 0 615 4.01 0.0 340.9 M 139
================================================================================
AV 89.7 79.5 11.0 FASTST M M 4 MAX(MPH)
MISC ----> # 31 100 # 41 90
================================================================================
NOTES:
# LAST OF SEVERAL OCCURRENCES
COLUMN 17 PEAK WIND IN M.P.H.
PRELIMINARY LOCAL CLIMATOLOGICAL DATA (WS FORM: F-6) , PAGE 2
STATION: SAN JUAN AREA/PR
MONTH: JULY
YEAR: 2023
LATITUDE: 18 25 N
LONGITUDE: 66 0 W
[TEMPERATURE DATA] [PRECIPITATION DATA] SYMBOLS USED IN COLUMN 16
AVERAGE MONTHLY: 84.6 TOTAL FOR MONTH: 4.01 1 = FOG OR MIST
DPTR FM NORMAL: 1.5 DPTR FM NORMAL: -2.01 2 = FOG REDUCING VISIBILITY
HIGHEST: 94 ON 22 GRTST 24HR 1.65 ON 8- 9 TO 1/4 MILE OR LESS
LOWEST: 75 ON 25 3 = THUNDER
SNOW, ICE PELLETS, HAIL 4 = ICE PELLETS
TOTAL MONTH: 0.0 INCH 5 = HAIL
GRTST 24HR 0.0 6 = FREEZING RAIN OR DRIZZLE
GRTST DEPTH: 0 7 = DUSTSTORM OR SANDSTORM:
VSBY 1/2 MILE OR LESS
8 = SMOKE OR HAZE
[NO. OF DAYS WITH] [WEATHER - DAYS WITH] 9 = BLOWING SNOW
X = TORNADO
MAX 32 OR BELOW: 0 0.01 INCH OR MORE: 15
MAX 90 OR ABOVE: 15 0.10 INCH OR MORE: 7
MIN 32 OR BELOW: 0 0.50 INCH OR MORE: 3
MIN 0 OR BELOW: 0 1.00 INCH OR MORE: 1
[HDD (BASE 65) ]
TOTAL THIS MO. 0 CLEAR (SCALE 0-3) 3
DPTR FM NORMAL 0 PTCLDY (SCALE 4-7) 28
TOTAL FM JUL 1 0 CLOUDY (SCALE 8-10) 0
DPTR FM NORMAL 0
[CDD (BASE 65) ]
TOTAL THIS MO. 615
DPTR FM NORMAL 52 [PRESSURE DATA]
TOTAL FM JAN 1 3452 HIGHEST SLP M ON M
DPTR FM NORMAL 213 LOWEST SLP 29.94 ON 1
[REMARKS]
#FINAL-07-23#