000
CXUS51 KCTP 010900
CF6JST
PRELIMINARY LOCAL CLIMATOLOGICAL DATA (WS FORM: F-6)
STATION: JOHNSTOWN
MONTH: NOVEMBER
YEAR: 2023
LATITUDE: 40 18 N
LONGITUDE: 78 50 W
TEMPERATURE IN F: :PCPN: SNOW: WIND :SUNSHINE: SKY :PK WND
================================================================================
1 2 3 4 5 6A 6B 7 8 9 10 11 12 13 14 15 16 17 18
12Z AVG MX 2MIN
DY MAX MIN AVG DEP HDD CDD WTR SNW DPTH SPD SPD DIR MIN PSBL S-S WX SPD DR
================================================================================
1 35 26 31 -14 34 0 0.05 M M 12.5 22 280 M M 9 1 28 280
2 42 23 33 -12 32 0 0.00 M M 6.3 13 180 M M 0 17 230
3 57 33 45 0 20 0 0.00 M M 9.0 17 200 M M 0 22 220
4 59 44 52 8 13 0 0.00 M M 6.6 13 240 M M 5 17 240
5 57 42 50 6 15 0 0.00 M M 7.6 18 300 M M 4 22 300
6 60 39 50 6 15 0 0.00 M M 9.3 20 180 M M 2 25 210
7 64 42 53 10 12 0 T M M 15.3 24 280 M M 4 37 260
8 57 35 46 3 19 0 0.00 M M 6.2 15 150 M M 3 24 150
9 63 40 52 10 13 0 0.16 M M 11.8 24 310 M M 6 1 31 310
10 49 36 43 1 22 0 0.00 M M 7.1 16 250 M M 4 20 260
11 47 33 40 -2 25 0 0.00 M M 5.7 14 300 M M 5 1 18 320
12 48 29 39 -2 26 0 0.00 M M 3.1 8 50 M M 0 10 70
13 53 32 43 2 22 0 0.00 M M 9.3 20 290 M M 1 32 290
14 48 37 43 3 22 0 0.00 M M 9.1 21 320 M M 2 30 350
15 63 34 49 9 16 0 0.00 M M 7.3 15 200 M M 0 22 200
16 63 43 53 13 12 0 0.00 M M 7.0 14 280 M M 0 19 250
17 63 50 57 17 8 0 0.65 M M 9.2 18 230 M M 6 12 29 220
18 53 34 44 5 21 0 0.06 M M 11.7 22 320 M M 4 12 33 320
19 48 32 40 1 25 0 0.00 M M 9.8 18 290 M M 0 27 280
20 41 28 35 -3 30 0 0.00 M M 5.2 14 130 M M 0 22 120
21 44 33 39 1 26 0 1.35 M M 12.9 25 160 M M 9 16 43 160
22 45 35 40 2 25 0 0.17 M M 12.0 22 300 M M 10 12 31 310
23 44 33 39 2 26 0 0.01 M M 10.9 20 260 M M 7 1 28 260
24 39 25 32 -5 33 0 0.00 M M 8.4 18 320 M M 6 1 24 300
25 37 21 29 -8 36 0 0.00 M M 7.0 13 170 M M 0 20 170
26 42 28 35 -1 30 0 0.01 M M 7.7 14 160 M M 4 20 140
27 40 24 32 -4 33 0 0.03 M M 18.4 28 260 M M 10 12 43 290
28 25 15 20 -16 45 0 T M M 16.5 29 290 M M 9 18 43 290
29 32 13 23 -13 42 0 0.00 M M 11.0 18 270 M M 6 30 260
30 50 31 41 6 24 0 0.00 M M 10.8 20 230 M M 0 29 240
================================================================================
SM 1468 970 722 0 2.49 M 284.7 M 116
================================================================================
AV 48.9 32.3 9.5 FASTST M M 4 MAX(MPH)
MISC ----> 29 290 # 43 160
================================================================================
NOTES:
# LAST OF SEVERAL OCCURRENCES
COLUMN 17 PEAK WIND IN M.P.H.
PRELIMINARY LOCAL CLIMATOLOGICAL DATA (WS FORM: F-6) , PAGE 2
STATION: JOHNSTOWN
MONTH: NOVEMBER
YEAR: 2023
LATITUDE: 40 18 N
LONGITUDE: 78 50 W
[TEMPERATURE DATA] [PRECIPITATION DATA] SYMBOLS USED IN COLUMN 16
AVERAGE MONTHLY: 40.6 TOTAL FOR MONTH: 2.49 1 = FOG OR MIST
DPTR FM NORMAL: 0.5 DPTR FM NORMAL: -0.62 2 = FOG REDUCING VISIBILITY
HIGHEST: 64 ON 7 GRTST 24HR 1.44 ON 21-22 TO 1/4 MILE OR LESS
LOWEST: 13 ON 29 3 = THUNDER
SNOW, ICE PELLETS, HAIL 4 = ICE PELLETS
TOTAL MONTH: M 5 = HAIL
GRTST 24HR M ON M 6 = FREEZING RAIN OR DRIZZLE
GRTST DEPTH: M ON M 7 = DUSTSTORM OR SANDSTORM:
VSBY 1/2 MILE OR LESS
8 = SMOKE OR HAZE
[NO. OF DAYS WITH] [WEATHER - DAYS WITH] 9 = BLOWING SNOW
X = TORNADO
MAX 32 OR BELOW: 2 0.01 INCH OR MORE: 9
MAX 90 OR ABOVE: 0 0.10 INCH OR MORE: 4
MIN 32 OR BELOW: 13 0.50 INCH OR MORE: 2
MIN 0 OR BELOW: 0 1.00 INCH OR MORE: 1
[HDD (BASE 65) ]
TOTAL THIS MO. 722 CLEAR (SCALE 0-3) 13
DPTR FM NORMAL -25 PTCLDY (SCALE 4-7) 12
TOTAL FM JUL 1 1243 CLOUDY (SCALE 8-10) 5
DPTR FM NORMAL -127
[CDD (BASE 65) ]
TOTAL THIS MO. 0
DPTR FM NORMAL 0 [PRESSURE DATA]
TOTAL FM JAN 1 450 HIGHEST SLP 30.49 ON 12
DPTR FM NORMAL -30 LOWEST SLP 29.69 ON 27
[REMARKS]
#FINAL-11-23#