000
CXUS54 KFWD 010730
CF6JWY
PRELIMINARY LOCAL CLIMATOLOGICAL DATA (WS FORM: F-6)
STATION: WAXAHACHIE
MONTH: MARCH
YEAR: 2020
LATITUDE: 32 27 N
LONGITUDE: 96 54 W
TEMPERATURE IN F: :PCPN: SNOW: WIND :SUNSHINE: SKY :PK WND
================================================================================
1 2 3 4 5 6A 6B 7 8 9 10 11 12 13 14 15 16 17 18
12Z AVG MX 2MIN
DY MAX MIN AVG DEP HDD CDD WTR SNW DPTH SPD SPD DIR MIN PSBL S-S WX SPD DR
================================================================================
1 70 55 63 12 2 0 0.00 0.0 0 14.4 23 190 M M 6 33 190
2 69 60 65 14 0 0 0.00 0.0 0 7.0 15 190 M M 7 1 20 200
3 69 56 63 11 2 0 M 0.0 0 2.7 8 30 M M 4 1 M M
4 60 49 55 3 10 0 1.22 0.0 0 11.7 22 60 M M 10 32 60
5 71 44 58 6 7 0 0.01 0.0 0 7.3 12 340 M M 1 1 18 320
6 65 39 52 0 13 0 0.00 0.0 0 5.2 13 40 M M 0 16 40
7 60 43 52 -1 13 0 0.00 0.0 0 5.5 12 160 M M 1 21 130
8 68 43 56 3 9 0 0.00 0.0 0 10.0 17 170 M M 6 25 170
9 71 59 65 12 0 0 0.02 0.0 0 12.4 17 200 M M 8 27 200
10 78 50 64 10 1 0 0.00 0.0 0 4.1 10 170 M M 3 1 17 160
11 83 64 74 20 0 9 0.00 0.0 0 10.0 15 200 M M 4 18 210
12 81 66 74 20 0 9 0.00 0.0 0 10.5 21 200 M M 3 27 200
13 75 63 69 15 0 4 0.18 0.0 0 5.4 9 100 M M 9 1 M M
14 73 55 64 9 1 0 M 0.0 0 8.9 15 150 M M 10 1 22 170
15 58 51 55 0 10 0 0.03 0.0 0 7.6 12 360 M M 10 1 M M
16 67 51 59 4 6 0 0.36 0.0 0 4.2 12 110 M M 8 1 18 90
17 73 58 66 10 0 1 0.04 0.0 0 4.2 12 150 M M 9 12 17 150
18 77 63 70 14 0 5 1.14 0.0 0 10.2 16 170 M M 8 25 330
19 78 64 71 15 0 6 0.50 0.0 0 12.9 20 200 M M 7 29 280
20 66 42 54 -2 11 0 0.27 0.0 0 8.9 17 350 M M 8 24 350
21 56 39 48 -9 17 0 0.24 0.0 0 4.9 14 100 M M 8 24 100
22 60 52 56 -1 9 0 0.11 0.0 0 1.3 6 150 M M 10 12 M M
23 67 58 63 6 2 0 0.01 0.0 0 3.2 7 140 M M 10 12 M M
24 84 56 70 12 0 5 0.00 0.0 0 9.8 18 280 M M 4 28 280
25 84 51 68 10 0 3 0.00 0.0 0 5.8 16 170 M M 0 22 170
26 78 63 71 13 0 6 0.00 0.0 0 9.6 20 150 M M 1 1 24 150
27 82 66 74 16 0 9 0.00 0.0 0 11.6 21 180 M M 5 1 31 210
28 75 51 63 4 2 0 0.05 0.0 0 8.7 20 310 M M 2 36 310
29 69 48 59 0 6 0 0.01 0.0 0 1.9 10 10 M M 2 M M
30 62 54 58 -1 7 0 0.26 0.0 0 5.0 12 100 M M 10 1 22 100
31 66 48 57 -3 8 0 0.00 0.0 0 7.3 16 350 M M 6 1 23 350
================================================================================
SM 2195 1661 136 57 4.45 0.0 232.2 M 180
================================================================================
AV 70.8 53.6 7.5 FASTST M M 6 MAX(MPH)
MISC ----> # 23 190 # 36 310
================================================================================
NOTES:
# LAST OF SEVERAL OCCURRENCES
COLUMN 17 PEAK WIND IN M.P.H.
PRELIMINARY LOCAL CLIMATOLOGICAL DATA (WS FORM: F-6) , PAGE 2
STATION: WAXAHACHIE
MONTH: MARCH
YEAR: 2020
LATITUDE: 32 27 N
LONGITUDE: 96 54 W
[TEMPERATURE DATA] [PRECIPITATION DATA] SYMBOLS USED IN COLUMN 16
AVERAGE MONTHLY: 62.2 TOTAL FOR MONTH: 4.45 1 = FOG OR MIST
DPTR FM NORMAL: 7.0 DPTR FM NORMAL: 0.61 2 = FOG REDUCING VISIBILITY
HIGHEST: 84 ON 25,24 GRTST 24HR 1.22 ON 4- 4 TO 1/4 MILE OR LESS
LOWEST: 39 ON 21, 6 3 = THUNDER
SNOW, ICE PELLETS, HAIL 4 = ICE PELLETS
TOTAL MONTH: 0.0 INCH 5 = HAIL
GRTST 24HR 0.0 6 = FREEZING RAIN OR DRIZZLE
GRTST DEPTH: 0 7 = DUSTSTORM OR SANDSTORM:
VSBY 1/2 MILE OR LESS
8 = SMOKE OR HAZE
[NO. OF DAYS WITH] [WEATHER - DAYS WITH] 9 = BLOWING SNOW
X = TORNADO
MAX 32 OR BELOW: 0 0.01 INCH OR MORE: 16
MAX 90 OR ABOVE: 0 0.10 INCH OR MORE: 9
MIN 32 OR BELOW: 0 0.50 INCH OR MORE: 3
MIN 0 OR BELOW: 0 1.00 INCH OR MORE: 2
[HDD (BASE 65) ]
TOTAL THIS MO. 136 CLEAR (SCALE 0-3) 8
DPTR FM NORMAL -181 PTCLDY (SCALE 4-7) 14
TOTAL FM JUL 1 1625 CLOUDY (SCALE 8-10) 9
DPTR FM NORMAL -793
[CDD (BASE 65) ]
TOTAL THIS MO. 57
DPTR FM NORMAL 43 [PRESSURE DATA]
TOTAL FM JAN 1 63 HIGHEST SLP M ON M
DPTR FM NORMAL 46 LOWEST SLP M ON M
[REMARKS]
#FINAL-03-20#