000
CXHW53 PHFO 011250
CF6KOA
PRELIMINARY LOCAL CLIMATOLOGICAL DATA (WS FORM: F-6)
STATION: KONA HI
MONTH: NOVEMBER
YEAR: 2020
LATITUDE: 19 38 N
LONGITUDE: 156 0 W
TEMPERATURE IN F: :PCPN: SNOW: WIND :SUNSHINE: SKY :PK WND
================================================================================
1 2 3 4 5 6A 6B 7 8 9 10 11 12 13 14 15 16 17 18
12Z AVG MX 2MIN
DY MAX MIN AVG DEP HDD CDD WTR SNW DPTH SPD SPD DIR MIN PSBL S-S WX SPD DR
================================================================================
1 88 74 81 2 0 16 0.00 0.0 M 6.3 13 290 M M M 15 280
2 87 75 81 2 0 16 0.00 0.0 M 6.3 13 270 M M M 17 300
3 89 77 83 4 0 18 0.00 0.0 M 5.8 14 160 M M M 17 170
4 88 80 84 5 0 19 0.00 0.0 M 7.2 13 150 M M M 16 140
5 87 78 83 4 0 18 0.00 0.0 M 7.5 15 270 M M M 20 120
6 88 79 84 5 0 19 0.00 0.0 M 6.5 17 250 M M M 20 250
7 87 76 82 3 0 17 0.01 0.0 M 6.2 10 150 M M M 13 240
8 88 77 83 4 0 18 0.00 0.0 M 7.2 12 120 M M M 17 130
9 86 75 81 2 0 16 0.66 0.0 M 6.6 14 170 M M M 1 16 170
10 87 74 81 3 0 16 0.00 0.0 M 8.0 15 140 M M M 20 140
11 88 74 81 3 0 16 0.00 0.0 M 8.4 20 180 M M M 23 170
12 87 73 80 2 0 15 T 0.0 M 7.2 16 190 M M M 20 180
13 88 73 81 3 0 16 0.25 0.0 M 8.7 23 50 M M M 26 50
14 83 74 79 1 0 14 0.02 0.0 M 6.1 13 200 M M M 14 120
15 87 74 81 3 0 16 0.00 0.0 M 8.5 20 330 M M M 23 330
16 86 73 80 2 0 15 0.00 0.0 M 7.6 17 170 M M M 20 40
17 87 72 80 2 0 15 0.00 0.0 M 6.9 15 50 M M M 18 80
18 85 75 80 2 0 15 T 0.0 M 6.9 25 70 M M M 30 70
19 86 73 80 2 0 15 0.01 0.0 M 7.3 15 180 M M M 17 190
20 86 74 80 2 0 15 0.00 0.0 M 5.8 14 250 M M M 16 250
21 86 75 81 3 0 16 0.00 0.0 M 7.4 15 130 M M M 17 130
22 85 75 80 3 0 15 T 0.0 M 7.8 14 100 M M M 16 110
23 85 76 81 4 0 16 T 0.0 M 6.8 17 210 M M M 20 220
24 84 75 80 3 0 15 0.00 0.0 M 5.8 15 140 M M M 18 140
25 86 76 81 4 0 16 T 0.0 M 6.8 15 180 M M M 18 180
26 85 73 79 2 0 14 T 0.0 M 6.7 22 50 M M M 26 50
27 90 72 81 4 0 16 0.00 0.0 M 10.1 32 30 M M M 40 30
28 85 70 78 1 0 13 0.00 0.0 M 6.5 18 150 M M M 22 150
29 85 71 78 1 0 13 0.00 0.0 M 7.5 15 40 M M M 18 180
30 85 73 79 2 0 14 0.00 0.0 M 6.9 16 130 M M M 18 130
================================================================================
SM 2594 2236 0 473 0.95 0.0 213.3 M M
================================================================================
AV 86.5 74.5 7.1 FASTST M M 0 MAX(MPH)
MISC ----> # 32 30 # 40 30
================================================================================
NOTES:
# LAST OF SEVERAL OCCURRENCES
COLUMN 17 PEAK WIND IN M.P.H.
PRELIMINARY LOCAL CLIMATOLOGICAL DATA (WS FORM: F-6) , PAGE 2
STATION: KONA HI
MONTH: NOVEMBER
YEAR: 2020
LATITUDE: 19 38 N
LONGITUDE: 156 0 W
[TEMPERATURE DATA] [PRECIPITATION DATA] SYMBOLS USED IN COLUMN 16
AVERAGE MONTHLY: 80.5 TOTAL FOR MONTH: 0.95 1 = FOG OR MIST
DPTR FM NORMAL: 2.5 DPTR FM NORMAL: -0.33 2 = FOG REDUCING VISIBILITY
HIGHEST: 90 ON 27 GRTST 24HR 0.66 ON 9- 9 TO 1/4 MILE OR LESS
LOWEST: 70 ON 28 3 = THUNDER
SNOW, ICE PELLETS, HAIL 4 = ICE PELLETS
TOTAL MONTH: 0.0 INCH 5 = HAIL
GRTST 24HR 0.0 6 = FREEZING RAIN OR DRIZZLE
GRTST DEPTH: M ON M 7 = DUSTSTORM OR SANDSTORM:
VSBY 1/2 MILE OR LESS
8 = SMOKE OR HAZE
[NO. OF DAYS WITH] [WEATHER - DAYS WITH] 9 = BLOWING SNOW
X = TORNADO
MAX 32 OR BELOW: 0 0.01 INCH OR MORE: 5
MAX 90 OR ABOVE: 1 0.10 INCH OR MORE: 2
MIN 32 OR BELOW: 0 0.50 INCH OR MORE: 1
MIN 0 OR BELOW: 0 1.00 INCH OR MORE: 0
[HDD (BASE 65) ]
TOTAL THIS MO. 0 CLEAR (SCALE 0-3) 0
DPTR FM NORMAL 0 PTCLDY (SCALE 4-7) 0
TOTAL FM JUL 1 0 CLOUDY (SCALE 8-10) 0
DPTR FM NORMAL 0
[CDD (BASE 65) ]
TOTAL THIS MO. 473
DPTR FM NORMAL 83 [PRESSURE DATA]
TOTAL FM JAN 1 4658 HIGHEST SLP 30.09 ON 14
DPTR FM NORMAL 275 LOWEST SLP 29.87 ON 7
[REMARKS]
#FINAL-11-20#