000
CXUS53 KIND 010600
CF6LAF
PRELIMINARY LOCAL CLIMATOLOGICAL DATA (WS FORM: F-6)
STATION: LAFAYETTE IN
MONTH: AUGUST
YEAR: 2023
LATITUDE: 40 25 N
LONGITUDE: 86 56 W
TEMPERATURE IN F: :PCPN: SNOW: WIND :SUNSHINE: SKY :PK WND
================================================================================
1 2 3 4 5 6A 6B 7 8 9 10 11 12 13 14 15 16 17 18
12Z AVG MX 2MIN
DY MAX MIN AVG DEP HDD CDD WTR SNW DPTH SPD SPD DIR MIN PSBL S-S WX SPD DR
================================================================================
1 81 57 69 -4 0 4 0.00 M M 2.1 9 140 M M 0 1 14 190
2 82 61 72 -1 0 7 0.00 M M 3.1 10 190 M M 2 15 150
3 85 64 75 2 0 10 0.00 M M 2.7 9 270 M M 1 1 13 250
4 88 61 75 2 0 10 0.00 M M 2.9 8 50 M M 3 12 12 320
5 78 67 73 0 0 8 2.23 M M 7.7 23 100 M M 7 123 33 100
6 76 64 70 -3 0 5 0.03 M M 6.9 15 280 M M 9 1 20 250
7 78 63 71 -2 0 6 0.23 M M 6.9 21 330 M M 8 1 29 340
8 81 58 70 -3 0 5 0.02 M M 3.9 14 270 M M 3 123 19 260
9 79 59 69 -4 0 4 0.43 M M 1.5 18 240 M M 3 123 30 240
10 80 64 72 -1 0 7 0.01 M M 4.6 13 250 M M 5 12 18 270
11 84 63 74 1 0 9 T M M 3.7 16 220 M M 2 1 27 180
12 85 65 75 2 0 10 0.08 M M 6.2 21 320 M M 3 13 32 270
13 84 62 73 0 0 8 T M M 4.5 14 60 M M 1 12 17 60
14 76 64 70 -3 0 5 0.19 M M 6.8 16 280 M M 7 13 23 260
15 74 58 66 -6 0 1 T M M 8.9 21 350 M M 9 18 31 350
16 79 52 66 -6 0 1 0.00 M M 2.5 8 200 M M 2 12 13 250
17 79 58 69 -3 0 4 0.32 M M 8.0 16 290 M M 4 13 28 290
18 76 52 64 -8 1 0 0.00 M M 2.9 13 280 M M 2 1 18 330
19 80 55 68 -4 0 3 0.00 M M 3.3 12 170 M M 0 1 18 200
20 88 64 76 4 0 11 0.00 M M 2.9 9 50 M M 3 12 50
21 91 73 82 10 0 17 0.00 M M 5.9 14 20 M M 3 1 19 30
22 86 72 79 7 0 14 0.00 M M 5.2 12 110 M M 1 18 16 110
23 92 69 81 9 0 16 0.00 M M 5.0 13 250 M M 2 18 20 230
24 94 77 86 14 0 21 0.00 M M 6.7 15 230 M M 1 18 24 220
25 88 76 82 11 0 17 0.00 M M 5.6 12 40 M M 0 1 16 10
26 83 68 76 5 0 11 0.00 M M 7.0 15 360 M M 3 22 20
27 78 62 70 -1 0 5 0.00 M M 9.2 15 80 M M 4 20 60
28 78 54 66 -5 0 1 0.00 M M 3.9 12 50 M M 0 18 50
29 83 52 68 -3 0 3 0.00 M M 4.5 16 30 M M 2 128 21 20
30 75 54 65 -5 0 0 0.00 M M 8.5 18 10 M M 2 25 30
31 76 51 64 -6 1 0 0.00 M M 7.4 16 80 M M 0 20 80
================================================================================
SM 2537 1919 2 223 3.54 M 160.9 M 92
================================================================================
AV 81.8 61.9 5.2 FASTST M M 3 MAX(MPH)
MISC ----> 23 100 33 100
================================================================================
NOTES:
# LAST OF SEVERAL OCCURRENCES
COLUMN 17 PEAK WIND IN M.P.H.
PRELIMINARY LOCAL CLIMATOLOGICAL DATA (WS FORM: F-6) , PAGE 2
STATION: LAFAYETTE IN
MONTH: AUGUST
YEAR: 2023
LATITUDE: 40 25 N
LONGITUDE: 86 56 W
[TEMPERATURE DATA] [PRECIPITATION DATA] SYMBOLS USED IN COLUMN 16
AVERAGE MONTHLY: 71.9 TOTAL FOR MONTH: 3.54 1 = FOG OR MIST
DPTR FM NORMAL: -0.3 DPTR FM NORMAL: 0.42 2 = FOG REDUCING VISIBILITY
HIGHEST: 94 ON 24 GRTST 24HR 2.26 ON 5- 6 TO 1/4 MILE OR LESS
LOWEST: 51 ON 31 3 = THUNDER
SNOW, ICE PELLETS, HAIL 4 = ICE PELLETS
TOTAL MONTH: M 5 = HAIL
GRTST 24HR M ON M 6 = FREEZING RAIN OR DRIZZLE
GRTST DEPTH: M ON M 7 = DUSTSTORM OR SANDSTORM:
VSBY 1/2 MILE OR LESS
8 = SMOKE OR HAZE
[NO. OF DAYS WITH] [WEATHER - DAYS WITH] 9 = BLOWING SNOW
X = TORNADO
MAX 32 OR BELOW: 0 0.01 INCH OR MORE: 9
MAX 90 OR ABOVE: 3 0.10 INCH OR MORE: 5
MIN 32 OR BELOW: 0 0.50 INCH OR MORE: 1
MIN 0 OR BELOW: 0 1.00 INCH OR MORE: 1
[HDD (BASE 65) ]
TOTAL THIS MO. 2 CLEAR (SCALE 0-3) 20
DPTR FM NORMAL -5 PTCLDY (SCALE 4-7) 9
TOTAL FM JUL 1 2 CLOUDY (SCALE 8-10) 2
DPTR FM NORMAL -2
[CDD (BASE 65) ]
TOTAL THIS MO. 223
DPTR FM NORMAL -7 [PRESSURE DATA]
TOTAL FM JAN 1 759 HIGHEST SLP M ON M
DPTR FM NORMAL -8 LOWEST SLP 29.70 ON 7
[REMARKS]
#FINAL-08-23#