000
CDUS43 KIND 092032
CLILAF


CLIMATE REPORT
NATIONAL WEATHER SERVICE INDIANAPOLIS IN
432 PM EDT WED MAY 9 2018


...................................

...THE LAFAYETTE IN CLIMATE SUMMARY FOR MAY 9 2018...
VALID TODAY AS OF 0400 PM LOCAL TIME.

CLIMATE NORMAL PERIOD 1981 TO 2010
CLIMATE RECORD PERIOD 9999 TO 9999


WEATHER ITEM   OBSERVED TIME   NORMAL DEPARTURE LAST
                VALUE   (LST)  VALUE  FROM      YEAR
                                      NORMAL
......................................................
TEMPERATURE (F)
 TODAY
  MAXIMUM         79    259 PM  71      8       61
  MINIMUM         50    320 AM  48      2       44
  AVERAGE         65            60      5       53

PRECIPITATION (IN)
  TODAY            T             0.13  -0.13     2.04
  MONTH TO DATE    0.20          1.16  -0.96     4.20
  SINCE MAR 1      6.20          7.37  -1.17    12.47
  SINCE JAN 1     12.38         10.99   1.39    17.37

......................................................


WIND (MPH)
  HIGHEST WIND SPEED    23   HIGHEST WIND DIRECTION    SW (220)
  HIGHEST GUST SPEED    33   HIGHEST GUST DIRECTION     S (190)
  AVERAGE WIND SPEED     9.6


SKY COVER
  AVERAGE SKY COVER 0.2


WEATHER CONDITIONS
 THE FOLLOWING WEATHER WAS RECORDED TODAY.
  NO SIGNIFICANT WEATHER WAS OBSERVED.


RELATIVE HUMIDITY (PERCENT)
 HIGHEST    71           300 AM
 LOWEST     41          1000 AM

..........................................................


THE LAFAYETTE IN CLIMATE NORMALS FOR TOMORROW
                         NORMAL
 MAXIMUM TEMPERATURE (F)   71
 MINIMUM TEMPERATURE (F)   49


SUNRISE AND SUNSET
MAY  9 2018...........SUNRISE   638 AM EDT   SUNSET   851 PM EDT
MAY 10 2018...........SUNRISE   636 AM EDT   SUNSET   852 PM EDT


-  INDICATES NEGATIVE NUMBERS.
R  INDICATES RECORD WAS SET OR TIED.
MM INDICATES DATA IS MISSING.
T  INDICATES TRACE AMOUNT.




$$
