000
CXUS52 KTBW 051618
CF6LAL
PRELIMINARY LOCAL CLIMATOLOGICAL DATA (WS FORM: F-6)
STATION: LAKELAND LINDER
MONTH: DECEMBER
YEAR: 2020
LATITUDE: 28 0 N
LONGITUDE: 82 3 W
TEMPERATURE IN F: :PCPN: SNOW: WIND :SUNSHINE: SKY :PK WND
================================================================================
1 2 3 4 5 6A 6B 7 8 9 10 11 12 13 14 15 16 17 18
12Z AVG MX 2MIN
DY MAX MIN AVG DEP HDD CDD WTR SNW DPTH SPD SPD DIR MIN PSBL S-S WX SPD DR
================================================================================
1 67 44 56 -10 9 0 0.00 0.0 0 8.0 16 320 M M 0 23 320
2 63 38 51 -15 14 0 0.00 0.0 0 6.4 12 40 M M 0 M M
3 73 43 58 -7 7 0 0.00 0.0 0 7.3 13 100 M M 1 16 100
4 73 55 64 -1 1 0 0.00 0.0 0 3.9 12 160 M M 3 M M
5 77 63 70 5 0 5 0.00 0.0 0 3.4 7 20 M M 4 1 M M
6 74 48 61 -4 4 0 0.00 0.0 0 3.2 9 330 M M 2 M M
7 71 53 62 -3 3 0 0.53 0.0 0 5.8 15 290 M M 7 1 20 290
8 62 40 51 -13 14 0 0.00 0.0 0 6.6 14 290 M M 0 20 290
9 63 38 51 -13 14 0 0.00 0.0 0 3.3 10 300 M M 0 M M
10 72 43 58 -6 7 0 0.00 0.0 0 1.2 8 330 M M 3 M M
11 72 47 60 -4 5 0 0.00 0.0 0 2.4 7 100 M M 1 M M
12 75 58 67 3 0 2 0.11 0.0 0 2.5 7 90 M M 8 12 M M
13 82 58 70 6 0 5 0.00 0.0 0 0.9 5 99 M M 5 12 M M
14 79 63 71 7 0 6 0.02 0.0 0 6.6 15 210 M M 6 1 18 250
15 77 62 70 7 0 5 0.00 0.0 0 4.6 12 230 M M 6 M M
16 78 55 67 4 0 2 0.12 0.0 0 6.8 16 220 M M 6 12 24 230
17 72 58 65 2 0 0 0.13 0.0 0 9.1 20 300 M M 7 24 300
18 61 40 51 -12 14 0 0.00 0.0 0 6.6 13 360 M M 3 M M
19 73 43 58 -5 7 0 0.00 0.0 0 6.1 8 30 M M 2 M M
20 74 53 64 1 1 0 0.00 0.0 0 4.5 12 220 M M 6 3 M M
21 74 60 67 4 0 2 2.03 0.0 0 8.4 17 230 M M 4 24 230
22 71 49 60 -2 5 0 0.00 0.0 0 3.7 13 10 M M 0 17 20
23 75 47 61 -1 4 0 0.00 0.0 0 4.2 14 100 M M 1 18 100
24 80 57 69 7 0 4 0.00 0.0 0 11.0 22 210 M M 5 33 310
25 54 40 47 -15 18 0 0.40 0.0 0 8.4 23 330 M M 3 32 330
26 53 34 44 -18 21 0 0.00 0.0 0 5.1 10 20 M M 0 M M
27 70 36 53 -9 12 0 0.00 0.0 0 5.6 13 100 M M 3 21 90
28 74 51 63 1 2 0 0.00 0.0 0 5.8 14 80 M M 3 17 70
29 75 54 65 3 0 0 0.00 0.0 0 13.5 15 70 M M 2 23 70
30 79 56 68 6 0 3 0.00 0.0 0 6.5 15 110 M M 7 25 90
31 82 58 70 8 0 5 0.00 0.0 0 11.3 23 150 M M 4 30 150
================================================================================
SM 2225 1544 162 39 3.34 0.0 182.7 M 102
================================================================================
AV 71.8 49.8 5.9 FASTST M M 3 MAX(MPH)
MISC ----> # 23 330 33 310
================================================================================
NOTES:
# LAST OF SEVERAL OCCURRENCES
COLUMN 17 PEAK WIND IN M.P.H.
PRELIMINARY LOCAL CLIMATOLOGICAL DATA (WS FORM: F-6) , PAGE 2
STATION: LAKELAND LINDER
MONTH: DECEMBER
YEAR: 2020
LATITUDE: 28 0 N
LONGITUDE: 82 3 W
[TEMPERATURE DATA] [PRECIPITATION DATA] SYMBOLS USED IN COLUMN 16
AVERAGE MONTHLY: 60.8 TOTAL FOR MONTH: 3.34 1 = FOG OR MIST
DPTR FM NORMAL: -2.1 DPTR FM NORMAL: 0.74 2 = FOG REDUCING VISIBILITY
HIGHEST: 82 ON 31,13 GRTST 24HR 2.03 ON 21-21 TO 1/4 MILE OR LESS
LOWEST: 34 ON 26 3 = THUNDER
SNOW, ICE PELLETS, HAIL 4 = ICE PELLETS
TOTAL MONTH: 0.0 INCH 5 = HAIL
GRTST 24HR 0.0 6 = FREEZING RAIN OR DRIZZLE
GRTST DEPTH: 0 7 = DUSTSTORM OR SANDSTORM:
VSBY 1/2 MILE OR LESS
8 = SMOKE OR HAZE
[NO. OF DAYS WITH] [WEATHER - DAYS WITH] 9 = BLOWING SNOW
X = TORNADO
MAX 32 OR BELOW: 0 0.01 INCH OR MORE: 7
MAX 90 OR ABOVE: 0 0.10 INCH OR MORE: 6
MIN 32 OR BELOW: 0 0.50 INCH OR MORE: 2
MIN 0 OR BELOW: 0 1.00 INCH OR MORE: 1
[HDD (BASE 65) ]
TOTAL THIS MO. 162 CLEAR (SCALE 0-3) 17
DPTR FM NORMAL 39 PTCLDY (SCALE 4-7) 14
TOTAL FM JUL 1 162 CLOUDY (SCALE 8-10) 0
DPTR FM NORMAL -6
[CDD (BASE 65) ]
TOTAL THIS MO. 39
DPTR FM NORMAL -35 [PRESSURE DATA]
TOTAL FM JAN 1 4361 HIGHEST SLP M ON M
DPTR FM NORMAL 647 LOWEST SLP M ON M
[REMARKS]
#FINAL-12-20#