000
CXUS55 KCYS 031124 CCA
CF6LAR
PRELIMINARY LOCAL CLIMATOLOGICAL DATA (WS FORM: F-6)...CORRECTED
STATION: LARAMIE WYOMING AIRPORT
MONTH: AUGUST
YEAR: 2022
LATITUDE: 41 18 N
LONGITUDE: 105 40 W
TEMPERATURE IN F: :PCPN: SNOW: WIND :SUNSHINE: SKY :PK WND
================================================================================
1 2 3 4 5 6A 6B 7 8 9 10 11 12 13 14 15 16 17 18
12Z AVG MX 2MIN
DY MAX MIN AVG DEP HDD CDD WTR SNW DPTH SPD SPD DIR MIN PSBL S-S WX SPD DR
================================================================================
1 86 52 69 4 0 4 T M M 8.8 22 210 M M 1 27 290
2 82 58 70 5 0 5 0.20 M M 10.4 29 300 M M 4 3 39 330
3 81 49 65 0 0 0 0.00 M M 7.8 16 180 M M 2 22 230
4 87 51 69 4 0 4 0.00 M M 8.1 17 270 M M 2 25 280
5 90 56 73 8 0 8 0.14 M M 10.0 26 160 M M 2 3 34 150
6 88 57 73 8 0 8 0.00 M M 13.5 30 150 M M 3 40 140
7 82 52 67 3 0 2 T M M 8.8 20 80 M M 4 12 27 10
8 84 50 67 3 0 2 0.00 M M 8.1 16 170 M M 3 20 340
9 87 48 68 4 0 3 0.00 M M 6.9 18 120 M M 0 24 120
10 88 55 72 8 0 7 0.00 M M 15.0 26 150 M M 0 34 150
11 90 55 73 9 0 8 0.00 M M 9.7 26 280 M M 1 3 33 180
12 87 52 70 6 0 5 0.23 M M 8.3 28 130 M M 3 13 37 130
13 83 55 69 5 0 4 0.36 M M 7.1 22 90 M M 4 13 28 80
14 79 52 66 3 0 1 0.12 M M 7.5 21 240 M M 4 123 27 260
15 72 54 63 0 2 0 0.02 M M 8.4 21 70 M M 7 28 70
16 76 49 63 0 2 0 0.00 M M 6.4 13 60 M M 1 17 30
17 79 46 63 0 2 0 0.00 M M 6.3 15 50 M M 0 20 40
18 81 46 64 2 1 0 0.00 M M 6.4 18 350 M M 1 27 340
19 76 45 61 -1 4 0 0.00 M M 7.7 17 110 M M 1 24 110
20 76 50 63 1 2 0 0.00 M M 13.5 24 150 M M 0 30 150
21 80 49 65 3 0 0 0.00 M M 7.9 17 230 M M 1 23 230
22 81 43 62 0 3 0 0.00 M M 6.9 17 60 M M 1 23 40
23 82 47 65 4 0 0 T M M 7.6 35 280 M M 2 3 42 280
24 79 44 62 1 3 0 0.62 M M 6.4 28 50 M M 1 3 36 50
25 77 46 62 1 3 0 T M M 7.8 23 300 M M 3 29 330
26 75 48 62 1 3 0 T M M 9.5 24 180 M M 3 3 30 300
27 80 45 63 3 2 0 0.00 M M 15.8 45 280 M M 1 57 270
28 81 51 66 6 0 1 0.00 M M 16.1 33 260 M M 1 51 310
29 79 48 64 4 1 0 0.00 M M 7.6 15 250 M M 0 21 350
30 85 47 66 6 0 1 0.00 M M 7.3 14 190 M M 0 21 340
31 85 47 66 6 0 1 0.00 M M 7.9 18 330 M M 0 31 10
================================================================================
SM 2538 1547 28 64 1.69 M 279.5 M 56
================================================================================
AV 81.9 49.9 9.0 FASTST M M 2 MAX(MPH)
MISC ----> 45 280 57 270
================================================================================
NOTES:
# LAST OF SEVERAL OCCURRENCES
COLUMN 17 PEAK WIND IN M.P.H.
PRELIMINARY LOCAL CLIMATOLOGICAL DATA (WS FORM: F-6) , PAGE 2
STATION: LARAMIE WYOMING AIRPORT
MONTH: AUGUST
YEAR: 2022
LATITUDE: 41 18 N
LONGITUDE: 105 40 W
[TEMPERATURE DATA] [PRECIPITATION DATA] SYMBOLS USED IN COLUMN 16
AVERAGE MONTHLY: 65.9 TOTAL FOR MONTH: 1.69 1 = FOG OR MIST
DPTR FM NORMAL: 3.1 DPTR FM NORMAL: 0.55 2 = FOG REDUCING VISIBILITY
HIGHEST: 90 ON 11, 5 GRTST 24HR 0.62 ON 23-24 TO 1/4 MILE OR LESS
LOWEST: 43 ON 22 3 = THUNDER
SNOW, ICE PELLETS, HAIL 4 = ICE PELLETS
TOTAL MONTH: M 5 = HAIL
GRTST 24HR M ON M 6 = FREEZING RAIN OR DRIZZLE
GRTST DEPTH: M ON M 7 = DUSTSTORM OR SANDSTORM:
VSBY 1/2 MILE OR LESS
8 = SMOKE OR HAZE
[NO. OF DAYS WITH] [WEATHER - DAYS WITH] 9 = BLOWING SNOW
X = TORNADO
MAX 32 OR BELOW: 0 0.01 INCH OR MORE: 7
MAX 90 OR ABOVE: 2 0.10 INCH OR MORE: 6
MIN 32 OR BELOW: 0 0.50 INCH OR MORE: 1
MIN 0 OR BELOW: 0 1.00 INCH OR MORE: 0
[HDD (BASE 65) ]
TOTAL THIS MO. 28 CLEAR (SCALE 0-3) 26
DPTR FM NORMAL -66 PTCLDY (SCALE 4-7) 5
TOTAL FM JUL 1 41 CLOUDY (SCALE 8-10) 0
DPTR FM NORMAL -108
[CDD (BASE 65) ]
TOTAL THIS MO. 64
DPTR FM NORMAL 40 [PRESSURE DATA]
TOTAL FM JAN 1 189 HIGHEST SLP 30.16 ON 30
DPTR FM NORMAL 106 LOWEST SLP 29.65 ON 28
[REMARKS]
AUGUST 11...RECORD HIGH 90 DEGREES (PREVIOUS 89 DEGREES IN 1969).
AVERAGE TEMPERATURE 65.9 DEGREES WAS THIRD WARMEST AUGUST.
#FINAL-08-22#