000
CXUS55 KCYS 151044
CF6LAR
PRELIMINARY LOCAL CLIMATOLOGICAL DATA (WS FORM: F-6)...CORRECTED
STATION: LARAMIE WYOMING AIRPORT
MONTH: SEPTEMBER
YEAR: 2021
LATITUDE: 41 18 N
LONGITUDE: 105 40 W
TEMPERATURE IN F: :PCPN: SNOW: WIND :SUNSHINE: SKY :PK WND
================================================================================
1 2 3 4 5 6A 6B 7 8 9 10 11 12 13 14 15 16 17 18
12Z AVG MX 2MIN
DY MAX MIN AVG DEP HDD CDD WTR SNW DPTH SPD SPD DIR MIN PSBL S-S WX SPD DR
================================================================================
1 71 51 61 2 4 0 0.10 M M 6.7 20 360 M M 5 26 350
2 75 51 63 4 2 0 0.04 M M 5.7 16 360 M M 5 1 21 330
3 75 45 60 1 5 0 0.03 M M 7.6 29 200 M M 2 3 41 200
4 76 40 58 0 7 0 0.00 M M 9.8 25 290 M M 1 35 280
5 79 36 58 0 7 0 0.00 M M 9.9 21 310 M M 0 28 310
6 83 42 63 5 2 0 0.00 M M 11.4 32 280 M M 0 45 280
7 82 43 63 5 2 0 0.00 M M 8.5 22 330 M M 0 29 10
8 84 42 63 6 2 0 0.00 M M 6.9 21 150 M M 0 29 140
9 86 41 64 7 1 0 0.00 M M 8.5 20 350 M M 0 26 320
10 88 43 66 9 0 1 0.00 M M 8.4 20 310 M M 0 27 260
11 84 46 65 9 0 0 0.01 M M 13.4 33 270 M M 2 3 44 260
12 76 50 63 7 2 0 0.01 M M 9.2 23 240 M M 3 33 250
13 74 49 62 6 3 0 0.09 M M 14.3 36 260 M M 4 1 53 270
14 75 45 60 5 5 0 0.00 M M 9.6 22 290 M M 1 29 300
15 80 43 62 7 3 0 0.00 M M 13.3 28 260 M M 0 38 250
16 83 45 64 10 1 0 0.00 M M 13.8 36 240 M M 0 48 250
17 75 36 56 2 9 0 0.00 M M 15.0 33 150 M M 0 39 150
18 83 36 60 6 5 0 0.00 M M 13.8 32 240 M M 0 43 230
19 74 37 56 3 9 0 0.30 M M 20.5 38 250 M M 4 1 50 240
20 53 32 43 -10 22 0 0.01 M M 15.2 36 270 M M 6 3 45 260
21 60 25 43 -9 22 0 0.00 M M 5.4 18 260 M M 0 26 280
22 72 30 51 -1 14 0 0.00 M M 7.2 20 270 M M 0 25 240
23 68 38 53 1 12 0 0.00 M M 7.7 15 180 M M 1 20 360
24 68 32 50 -1 15 0 0.00 M M 6.7 18 340 M M 0 25 340
25 78 34 56 5 9 0 0.00 M M 10.1 21 270 M M 0 29 250
26 79 44 62 12 3 0 0.00 M M 9.8 21 270 M M 0 28 280
27 79 40 60 10 5 0 0.00 M M 8.0 16 130 M M 0 22 140
28 74 46 60 11 5 0 T M M 11.3 28 230 M M 3 37 240
29 50 39 45 -4 20 0 0.13 M M 9.7 22 330 M M 10 1 31 330
30 55 35 45 -4 20 0 0.00 M M 5.5 12 150 M M 7 15 160
================================================================================
SM 2239 1216 216 1 0.72 M 302.9 M 54
================================================================================
AV 74.6 40.5 10.1 FASTST M M 2 MAX(MPH)
MISC ----> 38 250 53 270
================================================================================
NOTES:
# LAST OF SEVERAL OCCURRENCES
COLUMN 17 PEAK WIND IN M.P.H.
PRELIMINARY LOCAL CLIMATOLOGICAL DATA (WS FORM: F-6) , PAGE 2
STATION: LARAMIE WYOMING AIRPORT
MONTH: SEPTEMBER
YEAR: 2021
LATITUDE: 41 18 N
LONGITUDE: 105 40 W
[TEMPERATURE DATA] [PRECIPITATION DATA] SYMBOLS USED IN COLUMN 16
AVERAGE MONTHLY: 57.6 TOTAL FOR MONTH: 0.72 1 = FOG OR MIST
DPTR FM NORMAL: 3.3 DPTR FM NORMAL: -0.39 2 = FOG REDUCING VISIBILITY
HIGHEST: 88 ON 10 GRTST 24HR 0.30 ON 19-19 TO 1/4 MILE OR LESS
LOWEST: 25 ON 21 3 = THUNDER
SNOW, ICE PELLETS, HAIL 4 = ICE PELLETS
TOTAL MONTH: M 5 = HAIL
GRTST 24HR M ON M 6 = FREEZING RAIN OR DRIZZLE
GRTST DEPTH: M ON M 7 = DUSTSTORM OR SANDSTORM:
VSBY 1/2 MILE OR LESS
8 = SMOKE OR HAZE
[NO. OF DAYS WITH] [WEATHER - DAYS WITH] 9 = BLOWING SNOW
X = TORNADO
MAX 32 OR BELOW: 0 0.01 INCH OR MORE: 9
MAX 90 OR ABOVE: 0 0.10 INCH OR MORE: 3
MIN 32 OR BELOW: 4 0.50 INCH OR MORE: 0
MIN 0 OR BELOW: 0 1.00 INCH OR MORE: 0
[HDD (BASE 65) ]
TOTAL THIS MO. 216 CLEAR (SCALE 0-3) 23
DPTR FM NORMAL -105 PTCLDY (SCALE 4-7) 6
TOTAL FM JUL 1 290 CLOUDY (SCALE 8-10) 1
DPTR FM NORMAL -181
[CDD (BASE 65) ]
TOTAL THIS MO. 1
DPTR FM NORMAL -1 [PRESSURE DATA]
TOTAL FM JAN 1 159 HIGHEST SLP 30.56 ON 21
DPTR FM NORMAL 74 LOWEST SLP 29.54 ON 28
[REMARKS]
SEPTEMBER 9...RECORD HIGH 86 DEGREES (PREVIOUS 84 DEGREES IN 1988)
SEPTEMBER 10...RECORD HIGH 88 DEGREES (PREVIOUS 85 DEGREES IN 2018)
SEPTEMBER 11...RECORD HIGH 84 DEGREES (PREVIOUS 83 DEGREES IN 2018)
MEAN TEMPERATURE 57.6 DEGREEES WAS 7TH WARMEST FOR SEPTEMBER
#FINAL-09-21#