000
CXUS55 KCYS 011748
CF6LAR
PRELIMINARY LOCAL CLIMATOLOGICAL DATA (WS FORM: F-6)
STATION: LARAMIE WYOMING AIRPORT
MONTH: NOVEMBER
YEAR: 2023
LATITUDE: 41 18 N
LONGITUDE: 105 40 W
TEMPERATURE IN F: :PCPN: SNOW: WIND :SUNSHINE: SKY :PK WND
================================================================================
1 2 3 4 5 6A 6B 7 8 9 10 11 12 13 14 15 16 17 18
12Z AVG MX 2MIN
DY MAX MIN AVG DEP HDD CDD WTR SNW DPTH SPD SPD DIR MIN PSBL S-S WX SPD DR
================================================================================
1 58 29 44 8 21 0 0.00 M M 13.1 24 240 M M 0 32 240
2 57 29 43 7 22 0 0.00 M M 19.0 33 260 M M 2 45 270
3 59 42 51 16 14 0 0.00 M M 17.4 38 250 M M 3 50 260
4 62 33 48 13 17 0 0.00 M M 12.7 25 260 M M 1 32 260
5 64 34 49 15 16 0 0.00 M M 17.7 38 250 M M 0 50 260
6 59 29 44 10 21 0 0.00 M M 9.2 20 240 M M 1 26 240
7 50 35 43 9 22 0 0.00 M M 9.9 18 350 M M 4 24 340
8 41 16 29 -4 36 0 T M M 9.6 23 320 M M 5 31 320
9 41 15 28 -5 37 0 0.00 M M 6.1 15 240 M M 0 21 240
10 50 14 32 0 33 0 0.00 M M 11.7 22 230 M M 1 30 230
11 51 23 37 5 28 0 0.00 M M 16.1 31 270 M M 0 40 260
12 57 27 42 10 23 0 0.00 M M 10.5 21 230 M M 0 27 230
13 63 19 41 10 24 0 0.00 M M 9.4 29 230 M M 0 39 230
14 60 36 48 17 17 0 0.00 M M 13.8 25 260 M M 0 33 270
15 61 30 46 16 19 0 0.00 M M 11.4 20 240 M M 0 32 250
16 55 28 42 12 23 0 T M M 14.7 31 260 M M 5 41 260
17 56 26 41 11 24 0 0.00 M M 9.1 21 220 M M 0 27 220
18 55 25 40 11 25 0 T M M 9.8 22 220 M M 2 28 220
19 47 25 36 7 29 0 0.00 M M 7.1 21 330 M M 5 28 330
20 36 22 29 1 36 0 0.03 M M 12.1 22 340 M M 9 32 340
21 50 18 34 6 31 0 0.00 M M 5.8 17 350 M M 2 23 350
22 59 17 38 10 27 0 0.00 M M 12.3 28 220 M M 0 33 230
23 36 20 28 1 37 0 T M M 15.2 29 140 M M 6 38 130
24 20 9 15 -12 50 0 0.01 M M 20.1 31 150 M M 10 89 40 150
25 24 2 13 -13 52 0 0.01 M M 5.3 16 320 M M 7 8 22 310
26 32 7 20 -6 45 0 0.00 M M 8.1 16 230 M M 3 21 230
27 38 7 23 -3 42 0 0.00 M M 9.8 22 230 M M 1 26 230
28 48 18 33 8 32 0 0.00 M M 10.3 21 230 M M 0 27 230
29 50 16 33 8 32 0 0.00 M M 10.3 21 210 M M 0 26 210
30 34 17 26 1 39 0 0.00 M M 10.9 24 150 M M 6 30 150
================================================================================
SM 1473 668 874 0 0.05 M 348.5 M 73
================================================================================
AV 49.1 22.3 11.6 FASTST M M 2 MAX(MPH)
MISC ----> # 38 250 # 50 260
================================================================================
NOTES:
# LAST OF SEVERAL OCCURRENCES
COLUMN 17 PEAK WIND IN M.P.H.
PRELIMINARY LOCAL CLIMATOLOGICAL DATA (WS FORM: F-6) , PAGE 2
STATION: LARAMIE WYOMING AIRPORT
MONTH: NOVEMBER
YEAR: 2023
LATITUDE: 41 18 N
LONGITUDE: 105 40 W
[TEMPERATURE DATA] [PRECIPITATION DATA] SYMBOLS USED IN COLUMN 16
AVERAGE MONTHLY: 35.7 TOTAL FOR MONTH: 0.05 1 = FOG OR MIST
DPTR FM NORMAL: 5.5 DPTR FM NORMAL: -0.37 2 = FOG REDUCING VISIBILITY
HIGHEST: 64 ON 5 GRTST 24HR 0.03 ON 20-20 TO 1/4 MILE OR LESS
LOWEST: 2 ON 25 3 = THUNDER
SNOW, ICE PELLETS, HAIL 4 = ICE PELLETS
TOTAL MONTH: M 5 = HAIL
GRTST 24HR M ON M 6 = FREEZING RAIN OR DRIZZLE
GRTST DEPTH: M ON M 7 = DUSTSTORM OR SANDSTORM:
VSBY 1/2 MILE OR LESS
8 = SMOKE OR HAZE
[NO. OF DAYS WITH] [WEATHER - DAYS WITH] 9 = BLOWING SNOW
X = TORNADO
MAX 32 OR BELOW: 3 0.01 INCH OR MORE: 3
MAX 90 OR ABOVE: 0 0.10 INCH OR MORE: 0
MIN 32 OR BELOW: 25 0.50 INCH OR MORE: 0
MIN 0 OR BELOW: 0 1.00 INCH OR MORE: 0
[HDD (BASE 65) ]
TOTAL THIS MO. 874 CLEAR (SCALE 0-3) 21
DPTR FM NORMAL -168 PTCLDY (SCALE 4-7) 7
TOTAL FM JUL 1 1859 CLOUDY (SCALE 8-10) 2
DPTR FM NORMAL -368
[CDD (BASE 65) ]
TOTAL THIS MO. 0
DPTR FM NORMAL 0 [PRESSURE DATA]
TOTAL FM JAN 1 139 HIGHEST SLP 30.58 ON 21
DPTR FM NORMAL 54 LOWEST SLP 29.64 ON 19
[REMARKS]
#FINAL-11-23#
NOVEMBER 3... RECORD HIGH MINIMUM TEMPERATURE: 42F (PREVIOUS: 37F IN 1988)
NOVEMBER 14... RECORD HIGH MINIMUM TEMPERATURE: 36F (PREVIOUS: 34F IN 1981 AND 1998)
NOVEMBER 20... COOP BACKUP USED FOR PRECIPITATION DUE TO ASOS ERRORS
NOVEMBER 22... RECORD HIGH TEMPERATURE TIED: 59F (PREVIOUS IN 1954 AND 2006)
NOVEMBER 24... COOP BACKUP USED FOR PRECIPITATION DUE TO ASOS ERRORS
NOVEMBER 25... COOP BACKUP USED FOR PRECIPITATION DUE TO ASOS ERRORS
NOVEMBER 2023 TIED WITH 1963 FOR THE 9TH DRIEST NOVEMBER ON RECORD
NOVEMBER 2023 WAS THE 3RD DRIEST NOVEMBER ON RECORD