000
CXUS55 KCYS 011809
CLMLAR
CLIMATE REPORT
NATIONAL WEATHER SERVICE CHEYENNE WY
1209 PM MDT WED NOV 01 2023
...................................
...THE LARAMIE WYOMING AIRPORT CLIMATE SUMMARY FOR THE MONTH OF OCTOBER 2023...
CLIMATE NORMAL PERIOD 1991 TO 2020
CLIMATE RECORD PERIOD 1948 TO 2023
WEATHER OBSERVED NORMAL DEPART LAST YEAR`S
VALUE DATE(S) VALUE FROM VALUE DATE(S)
NORMAL
................................................................
TEMPERATURE (F)
RECORD
HIGH 78 10/22/2003
10/04/1963
10/14/1958
LOW -26 10/27/2020
HIGHEST 77 10/01 MM MM 71
10/20
LOWEST 2 10/30 MM MM 13
AVG. MAXIMUM 60.8 56.0 4.8 58.8
AVG. MINIMUM 28.5 27.8 0.7 27.6
MEAN 44.7 41.9 2.8 43.2
DAYS MAX >= 90 0 0.0 0.0 0
DAYS MAX <= 32 2 1.5 0.5 0
DAYS MIN <= 32 21 21.0 0.0 24
DAYS MIN <= 0 0 0.7 -0.7 0
PRECIPITATION (INCHES)
RECORD
MAXIMUM 2.28 1972
TOTALS 0.82 0.83 -0.01 0.06
DAYS >= .01 4 6.3 -2.3 4
DAYS >= .10 2 2.3 -0.3 0
DAYS >= .50 0 0.3 -0.3 0
DAYS >= 1.00 0 0.0 0.0 0
GREATEST
24 HR. TOTAL 0.35 10/11 TO 10/11 0.21 09/30 TO 10/01
DEGREE DAYS
HEATING TOTAL 622 716 -94 669
SINCE 7/1 985 1187 -202 MM
COOLING TOTAL 0 0 0 0
SINCE 1/1 139 85 54 MM
................................................................
WIND (MPH)
AVERAGE WIND SPEED 9.5
HIGHEST WIND SPEED/DIRECTION 33/360 DATE 10/02
33/260 10/03
33/240 10/26
HIGHEST GUST SPEED/DIRECTION 52/360 DATE 10/02
SKY COVER
POSSIBLE SUNSHINE (PERCENT) MM
AVERAGE SKY COVER 0.24
NUMBER OF DAYS FAIR 24
NUMBER OF DAYS PC 5
NUMBER OF DAYS CLOUDY 2
AVERAGE RH (PERCENT) 51
WEATHER CONDITIONS. NUMBER OF DAYS WITH
THUNDERSTORM 2 MIXED PRECIP 0
HEAVY RAIN 1 RAIN 2
LIGHT RAIN 4 FREEZING RAIN 0
LT FREEZING RAIN 0 HAIL 0
HEAVY SNOW 1 SNOW 1
LIGHT SNOW 5 SLEET 0
FOG 3 FOG W/VIS <= 1/4 MILE 1
HAZE 3
- INDICATES NEGATIVE NUMBERS.
R INDICATES RECORD WAS SET OR TIED.
MM INDICATES DATA IS MISSING.
T INDICATES TRACE AMOUNT.
$$