000
CXUS55 KVEF 282314
CLMLAS
CLIMATE REPORT
NATIONAL WEATHER SERVICE LAS VEGAS, NV
414 PM PDT FRI JUL 28 2023
...................................
...THE LAS VEGAS NV CLIMATE SUMMARY FOR THE MONTH OF JUNE 2023...
CLIMATE NORMAL PERIOD: 1991 TO 2020
CLIMATE RECORD PERIOD: 1937 TO 2023
WEATHER OBSERVED NORMAL DEPART LAST YEAR`S
VALUE DATE(S) VALUE FROM VALUE DATE(S)
NORMAL
................................................................
TEMPERATURE (F)
RECORD
HIGH 117 06/20/2017
06/30/2013
LOW 48 06/06/1993
06/06/1939
HIGHEST 102 06/30 109 06/10
06/11
LOWEST 63 06/16 66 06/19
AVG. MAXIMUM 93.4 99.4 -6.0 100.7
AVG. MINIMUM 72.0 75.8 -3.8 77.7
MEAN 82.7 87.6 -4.9 89.2
DAYS MAX >= 90 25 26.9 -1.9 29
DAYS MAX <= 32 0 0.0 0.0 0
DAYS MIN <= 32 0 0.0 0.0 0
DAYS MIN <= 0 0 0.0 0.0 0
PRECIPITATION (INCHES)
RECORD
MAXIMUM 0.97 1990
MINIMUM 0.00 2020
TOTALS 0.20 0.04 0.16 T
DAILY AVG. 0.01 0.00 0.01 0.00
DAYS >= .01 1 0.4 0.6 0
DAYS >= .10 1 0.1 0.9 0
DAYS >= .50 0 0.0 0.0 0
DAYS >= 1.00 0 0.0 0.0 0
GREATEST
24 HR. TOTAL 0.20 06/16 TO 06/16
SNOWFALL (INCHES)
RECORDS
TOTAL 0.0 2002
24 HR TOTAL MM
TOTALS 0.0 0.0 0.0 0.0
SINCE 7/1 T
SNOWDEPTH AVG. 0
DAYS >= TRACE 0
DAYS >= 1.0 0
GREATEST
SNOW DEPTH 0
24 HR TOTAL 0.0
STORM TOTAL 0.0
DEGREE DAYS
HEATING TOTAL 0 1 -1 0
SINCE 7/1 2302 1833 469 MM
COOLING TOTAL 539 679 -140 734
SINCE 1/1 1124 1242 -118 MM
FREEZE DATES
RECORD
EARLIEST 10/21/1949
LATEST 04/12/1967
EARLIEST 12/16 12/16
LATEST 02/01 02/03
................................................................
WIND (MPH)
AVERAGE WIND SPEED 7.6
HIGHEST WIND SPEED/DIRECTION 32/200 DATE 06/19
HIGHEST GUST SPEED/DIRECTION 50/190 DATE 06/19
SKY COVER
POSSIBLE SUNSHINE (PERCENT) MM
AVERAGE SKY COVER 0.31
NUMBER OF DAYS FAIR 19
NUMBER OF DAYS PC 8
NUMBER OF DAYS CLOUDY 3
AVERAGE RH (PERCENT) 21
WEATHER CONDITIONS. NUMBER OF DAYS WITH
THUNDERSTORM 3 MIXED PRECIP 0
HEAVY RAIN 0 RAIN 1
LIGHT RAIN 2 FREEZING RAIN 0
LT FREEZING RAIN 0 HAIL 0
HEAVY SNOW 0 SNOW 0
LIGHT SNOW 0 SLEET 0
FOG 1 FOG W/VIS <= 1/4 MILE 0
HAZE 0
- INDICATES NEGATIVE NUMBERS.
R INDICATES RECORD WAS SET OR TIED.
MM INDICATES DATA IS MISSING.
T INDICATES TRACE AMOUNT.
$$