000
CXUS54 KLUB 010730
CF6LBB
PRELIMINARY LOCAL CLIMATOLOGICAL DATA (WS FORM: F-6)
STATION: LUBBOCK
MONTH: JULY
YEAR: 2021
LATITUDE: 33 39 N
LONGITUDE: 101 49 W
TEMPERATURE IN F: :PCPN: SNOW: WIND :SUNSHINE: SKY :PK WND
================================================================================
1 2 3 4 5 6A 6B 7 8 9 10 11 12 13 14 15 16 17 18
12Z AVG MX 2MIN
DY MAX MIN AVG DEP HDD CDD WTR SNW DPTH SPD SPD DIR MIN PSBL S-S WX SPD DR
================================================================================
1 87 69 78 -2 0 13 0.00 0.0 0 8.5 15 190 M M 5 19 190
2 79 69 74 -6 0 9 0.06 0.0 0 9.9 21 40 M M 8 23 40
3 88 69 79 -2 0 14 0.00 0.0 0 7.7 18 110 M M 6 22 110
4 91 69 80 -1 0 15 T 0.0 0 9.6 21 160 M M 7 1 24 130
5 87 70 79 -2 0 14 0.02 0.0 0 10.2 18 100 M M 7 3 28 110
6 86 67 77 -4 0 12 T 0.0 0 8.8 20 120 M M 5 12 24 130
7 90 65 78 -3 0 13 T 0.0 0 4.0 18 110 M M 3 8 22 110
8 92 68 80 -1 0 15 0.00 0.0 0 6.3 16 150 M M 2 19 180
9 93 70 82 1 0 17 0.00 0.0 0 10.0 20 160 M M 2 24 160
10 93 70 82 1 0 17 0.00 0.0 0 10.4 17 180 M M 3 25 190
11 86 68 77 -4 0 12 0.82 0.0 0 7.3 22 280 M M 7 13 29 280
12 87 66 77 -4 0 12 T 0.0 0 7.8 28 160 M M 3 13 33 160
13 88 68 78 -3 0 13 0.00 0.0 0 12.5 24 180 M M 2 32 150
14 90 68 79 -2 0 14 0.00 0.0 0 16.5 26 180 M M 2 34 170
15 94 69 82 1 0 17 0.29 0.0 0 13.2 30 300 M M 7 3 54 310
16 88 67 78 -3 0 13 0.46 0.0 0 10.7 39 240 M M 5 13 49 240
17 91 72 82 1 0 17 0.00 0.0 0 11.1 21 160 M M 4 3 25 150
18 92 70 81 0 0 16 T 0.0 0 6.0 23 320 M M 7 3 30 320
19 87 67 77 -4 0 12 1.29 0.0 0 7.0 24 40 M M 5 123 33 30
20 84 65 75 -7 0 10 0.00 0.0 0 6.3 14 70 M M 2 21 80
21 83 62 73 -9 0 8 0.00 0.0 0 5.9 14 150 M M 2 19 130
22 88 64 76 -6 0 11 0.00 0.0 0 10.1 20 180 M M 2 28 130
23 91 65 78 -4 0 13 0.00 0.0 0 11.4 22 180 M M 4 3 30 170
24 95 69 82 0 0 17 0.00 0.0 0 8.4 15 130 M M 3 20 130
25 97 77 87 5 0 22 0.00 0.0 0 9.9 18 290 M M 6 3 24 260
26 94 71 83 1 0 18 T 0.0 0 8.6 24 300 M M 6 3 30 290
27 97 66 82 0 0 17 0.00 0.0 0 4.9 14 180 M M 5 8 22 210
28 92 72 82 0 0 17 0.00 0.0 0 9.8 26 180 M M 4 8 35 180
29 91 67 79 -3 0 14 0.00 0.0 0 5.6 16 120 M M 2 21 160
30 95 69 82 0 0 17 0.05 0.0 0 6.5 32 50 M M 4 3 46 50
31 96 69 83 1 0 18 0.00 0.0 0 6.7 17 150 M M 3 3 23 140
================================================================================
SM 2792 2117 0 447 2.99 0.0 271.6 M 133
================================================================================
AV 90.1 68.3 8.8 FASTST M M 4 MAX(MPH)
MISC ----> 39 240 54 310
================================================================================
NOTES:
# LAST OF SEVERAL OCCURRENCES
COLUMN 17 PEAK WIND IN M.P.H.
PRELIMINARY LOCAL CLIMATOLOGICAL DATA (WS FORM: F-6) , PAGE 2
STATION: LUBBOCK
MONTH: JULY
YEAR: 2021
LATITUDE: 33 39 N
LONGITUDE: 101 49 W
[TEMPERATURE DATA] [PRECIPITATION DATA] SYMBOLS USED IN COLUMN 16
AVERAGE MONTHLY: 79.2 TOTAL FOR MONTH: 2.99 1 = FOG OR MIST
DPTR FM NORMAL: -2.0 DPTR FM NORMAL: 1.03 2 = FOG REDUCING VISIBILITY
HIGHEST: 97 ON 27,25 GRTST 24HR 1.29 ON 19-19 TO 1/4 MILE OR LESS
LOWEST: 62 ON 21 3 = THUNDER
SNOW, ICE PELLETS, HAIL 4 = ICE PELLETS
TOTAL MONTH: 0.0 INCH 5 = HAIL
GRTST 24HR 0.0 6 = FREEZING RAIN OR DRIZZLE
GRTST DEPTH: 0 7 = DUSTSTORM OR SANDSTORM:
VSBY 1/2 MILE OR LESS
8 = SMOKE OR HAZE
[NO. OF DAYS WITH] [WEATHER - DAYS WITH] 9 = BLOWING SNOW
X = TORNADO
MAX 32 OR BELOW: 0 0.01 INCH OR MORE: 7
MAX 90 OR ABOVE: 18 0.10 INCH OR MORE: 4
MIN 32 OR BELOW: 0 0.50 INCH OR MORE: 2
MIN 0 OR BELOW: 0 1.00 INCH OR MORE: 1
[HDD (BASE 65) ]
TOTAL THIS MO. 0 CLEAR (SCALE 0-3) 10
DPTR FM NORMAL 0 PTCLDY (SCALE 4-7) 21
TOTAL FM JUL 1 0 CLOUDY (SCALE 8-10) 0
DPTR FM NORMAL 0
[CDD (BASE 65) ]
TOTAL THIS MO. 447
DPTR FM NORMAL -55 [PRESSURE DATA]
TOTAL FM JAN 1 1073 HIGHEST SLP M ON M
DPTR FM NORMAL -111 LOWEST SLP 29.77 ON 15
[REMARKS]
#FINAL-07-21#