000
CXUS54 KLUB 010830
CF6LBB
PRELIMINARY LOCAL CLIMATOLOGICAL DATA (WS FORM: F-6)
STATION: LUBBOCK
MONTH: NOVEMBER
YEAR: 2023
LATITUDE: 33 39 N
LONGITUDE: 101 49 W
TEMPERATURE IN F: :PCPN: SNOW: WIND :SUNSHINE: SKY :PK WND
================================================================================
1 2 3 4 5 6A 6B 7 8 9 10 11 12 13 14 15 16 17 18
12Z AVG MX 2MIN
DY MAX MIN AVG DEP HDD CDD WTR SNW DPTH SPD SPD DIR MIN PSBL S-S WX SPD DR
================================================================================
1 59 31 45 -11 20 0 0.00 0.0 0 11.1 22 210 M M 1 28 210
2 71 36 54 -1 11 0 0.00 0.0 0 12.2 20 190 M M 1 27 180
3 80 43 62 7 3 0 0.00 0.0 0 11.2 21 170 M M 1 25 200
4 80 44 62 8 3 0 0.00 0.0 0 9.4 14 280 M M 0 21 270
5 80 42 61 7 4 0 0.00 0.0 0 8.4 18 220 M M 5 24 220
6 87 44 66 12 0 1 0.00 0.0 0 10.5 24 280 M M 2 32 280
7 87 47 67 14 0 2 0.00 0.0 0 11.1 23 260 M M 0 28 230
8 87 50 69 16 0 4 0.00 0.0 0 11.5 26 50 M M 1 37 60
9 56 43 50 -2 15 0 0.04 0.0 0 13.7 28 50 M M 9 37 50
10 56 43 50 -2 15 0 T 0.0 0 7.4 18 80 M M 10 4 25 80
11 60 43 52 0 13 0 0.05 0.0 0 6.9 13 200 M M 5 1 17 220
12 66 36 51 0 14 0 0.00 0.0 0 5.5 15 240 M M 4 128 19 240
13 64 40 52 1 13 0 0.00 0.0 0 6.6 15 160 M M 7 128 21 140
14 59 44 52 2 13 0 0.00 0.0 0 9.7 17 200 M M 9 1 22 180
15 62 49 56 6 9 0 T 0.0 0 9.4 16 230 M M 8 1 20 230
16 72 42 57 7 8 0 0.00 0.0 0 11.8 23 240 M M 7 12 29 240
17 68 46 57 8 8 0 0.00 0.0 0 11.5 21 350 M M 5 29 340
18 64 43 54 5 11 0 0.00 0.0 0 9.1 22 190 M M 8 27 200
19 73 51 62 13 3 0 0.00 0.0 0 15.1 32 300 M M 6 18 40 300
20 65 43 54 6 11 0 T 0.0 0 17.4 28 10 M M 4 37 360
21 56 34 45 -3 20 0 0.00 0.0 0 15.1 30 10 M M 3 42 10
22 67 28 48 0 17 0 0.00 0.0 0 8.2 14 260 M M 1 18 260
23 67 33 50 3 15 0 0.00 0.0 0 8.9 18 190 M M 4 24 180
24 47 33 40 -7 25 0 0.00 0.0 0 12.2 23 40 M M 6 30 40
25 42 34 38 -8 27 0 0.03 0.0 0 7.8 22 10 M M 10 18 30 10
26 51 24 38 -8 27 0 0.00 0.0 0 8.6 23 20 M M 3 31 20
27 54 26 40 -6 25 0 0.00 0.0 0 7.0 14 190 M M 6 19 210
28 61 26 44 -2 21 0 0.00 0.0 0 8.5 17 220 M M 4 22 230
29 63 31 47 2 18 0 0.00 0.0 0 8.5 21 190 M M 5 28 170
30 60 34 47 2 18 0 T 0.0 0 11.4 23 280 M M 7 13 31 290
================================================================================
SM 1964 1163 387 7 0.12 0.0 305.7 M 142
================================================================================
AV 65.5 38.8 10.2 FASTST M M 5 MAX(MPH)
MISC ----> 32 300 42 10
================================================================================
NOTES:
# LAST OF SEVERAL OCCURRENCES
COLUMN 17 PEAK WIND IN M.P.H.
PRELIMINARY LOCAL CLIMATOLOGICAL DATA (WS FORM: F-6) , PAGE 2
STATION: LUBBOCK
MONTH: NOVEMBER
YEAR: 2023
LATITUDE: 33 39 N
LONGITUDE: 101 49 W
[TEMPERATURE DATA] [PRECIPITATION DATA] SYMBOLS USED IN COLUMN 16
AVERAGE MONTHLY: 52.1 TOTAL FOR MONTH: 0.12 1 = FOG OR MIST
DPTR FM NORMAL: 2.1 DPTR FM NORMAL: -0.68 2 = FOG REDUCING VISIBILITY
HIGHEST: 87 ON 8, 7 GRTST 24HR 0.05 ON 11-11 TO 1/4 MILE OR LESS
LOWEST: 24 ON 26 3 = THUNDER
SNOW, ICE PELLETS, HAIL 4 = ICE PELLETS
TOTAL MONTH: 0.0 INCH 5 = HAIL
GRTST 24HR 0.0 6 = FREEZING RAIN OR DRIZZLE
GRTST DEPTH: 0 7 = DUSTSTORM OR SANDSTORM:
VSBY 1/2 MILE OR LESS
8 = SMOKE OR HAZE
[NO. OF DAYS WITH] [WEATHER - DAYS WITH] 9 = BLOWING SNOW
X = TORNADO
MAX 32 OR BELOW: 0 0.01 INCH OR MORE: 3
MAX 90 OR ABOVE: 0 0.10 INCH OR MORE: 0
MIN 32 OR BELOW: 6 0.50 INCH OR MORE: 0
MIN 0 OR BELOW: 0 1.00 INCH OR MORE: 0
[HDD (BASE 65) ]
TOTAL THIS MO. 387 CLEAR (SCALE 0-3) 10
DPTR FM NORMAL -65 PTCLDY (SCALE 4-7) 16
TOTAL FM JUL 1 541 CLOUDY (SCALE 8-10) 4
DPTR FM NORMAL -91
[CDD (BASE 65) ]
TOTAL THIS MO. 7
DPTR FM NORMAL 3 [PRESSURE DATA]
TOTAL FM JAN 1 2436 HIGHEST SLP 30.41 ON 21
DPTR FM NORMAL 488 LOWEST SLP 29.53 ON 19
[REMARKS]
#FINAL-11-23#