000
CXUS52 KILM 020802
CF6LBT
PRELIMINARY LOCAL CLIMATOLOGICAL DATA (WS FORM: F-6)
STATION: LUMBERTON NORTH CAROLINA
MONTH: OCTOBER
YEAR: 2022
LATITUDE: 34 35 N
LONGITUDE: 79 4 W
TEMPERATURE IN F: :PCPN: SNOW: WIND :SUNSHINE: SKY :PK WND
================================================================================
1 2 3 4 5 6A 6B 7 8 9 10 11 12 13 14 15 16 17 18
12Z AVG MX 2MIN
DY MAX MIN AVG DEP HDD CDD WTR SNW DPTH SPD SPD DIR MIN PSBL S-S WX SPD DR
================================================================================
1 75 58 67 -3 0 2 0.00 M M 7.6 17 240 M M 9 1 22 240
2 73 55 64 -5 1 0 0.00 M M 6.4 15 330 M M 3 18 320
3 64 51 58 -11 7 0 0.00 M M 11.0 20 10 M M 7 23 10
4 73 47 60 -9 5 0 0.00 M M 6.1 16 310 M M 2 22 280
5 76 45 61 -7 4 0 0.00 M M 3.5 15 290 M M 0 20 290
6 80 50 65 -3 0 0 0.00 M M 1.8 10 210 M M 0 1 13 200
7 84 52 68 0 0 3 0.00 M M 2.7 12 240 M M 1 1 20 230
8 75 54 65 -2 0 0 0.00 M M 6.6 18 40 M M 1 1 22 30
9 73 48 61 -6 4 0 0.00 M M 3.7 10 80 M M 3 16 90
10 75 55 65 -1 0 0 0.00 M M 5.2 13 20 M M 9 16 40
11 79 53 66 0 0 1 0.00 M M 3.8 12 60 M M 2 1 15 60
12 81 55 68 2 0 3 0.00 M M 4.6 14 150 M M 4 18 140
13 80 65 73 8 0 8 0.16 M M 3.3 10 240 M M 4 1 12 210
14 76 48 62 -3 3 0 0.00 M M 4.7 14 30 M M 0 20 330
15 81 44 63 -1 2 0 0.00 M M 3.2 13 210 M M 0 1 21 230
16 85 52 69 5 0 4 0.00 M M 4.9 13 260 M M 0 17 240
17 85 63 74 10 0 9 0.00 M M 9.2 23 220 M M 1 32 220
18 64 51 58 -5 7 0 0.00 M M 10.1 15 330 M M 2 23 360
19 62 33 48 -15 17 0 0.00 M M 5.6 16 340 M M 0 22 270
20 68 32 50 -13 15 0 0.00 M M 2.9 10 230 M M 0 15 250
21 72 34 53 -9 12 0 0.00 M M 1.2 9 80 M M 0 18 12 160
22 79 41 60 -2 5 0 0.00 M M 5.3 15 30 M M 1 18 30
23 76 46 61 -1 4 0 0.00 M M 5.9 20 20 M M 0 27 300
24 79 44 62 1 3 0 0.00 M M 2.4 10 330 M M 3 12 28 290
25 77 49 63 2 2 0 0.00 M M 1.4 8 100 M M 4 12 11 70
26 78 57 68 8 0 3 0.00 M M 5.2 14 210 M M 9 12 23 210
27 74 55 65 5 0 0 0.00 M M 9.8 21 30 M M 7 26 20
28 67 55 61 1 4 0 0.11 M M 10.3 18 40 M M 9 1 23 40
29 60 56 58 -1 7 0 0.03 M M 9.3 15 30 M M 10 1 21 50
30 68 56 62 3 3 0 0.00 M M 5.8 14 40 M M 10 17 30
31 79 58 69 10 0 4 0.07 M M 2.9 12 190 M M 6 12 18 160
================================================================================
SM 2318 1562 105 37 0.37 M 166.4 M 107
================================================================================
AV 74.8 50.4 5.4 FASTST M M 3 MAX(MPH)
MISC ----> 23 220 32 220
================================================================================
NOTES:
# LAST OF SEVERAL OCCURRENCES
COLUMN 17 PEAK WIND IN M.P.H.
PRELIMINARY LOCAL CLIMATOLOGICAL DATA (WS FORM: F-6) , PAGE 2
STATION: LUMBERTON NORTH CAROLINA
MONTH: OCTOBER
YEAR: 2022
LATITUDE: 34 35 N
LONGITUDE: 79 4 W
[TEMPERATURE DATA] [PRECIPITATION DATA] SYMBOLS USED IN COLUMN 16
AVERAGE MONTHLY: 62.6 TOTAL FOR MONTH: 0.37 1 = FOG OR MIST
DPTR FM NORMAL: -1.6 DPTR FM NORMAL: -1.92 2 = FOG REDUCING VISIBILITY
HIGHEST: 85 ON 17,16 GRTST 24HR 2.39 ON 30- 1 TO 1/4 MILE OR LESS
LOWEST: 32 ON 20 3 = THUNDER
SNOW, ICE PELLETS, HAIL 4 = ICE PELLETS
TOTAL MONTH: M 5 = HAIL
GRTST 24HR M ON M 6 = FREEZING RAIN OR DRIZZLE
GRTST DEPTH: M ON M 7 = DUSTSTORM OR SANDSTORM:
VSBY 1/2 MILE OR LESS
8 = SMOKE OR HAZE
[NO. OF DAYS WITH] [WEATHER - DAYS WITH] 9 = BLOWING SNOW
X = TORNADO
MAX 32 OR BELOW: 0 0.01 INCH OR MORE: 4
MAX 90 OR ABOVE: 0 0.10 INCH OR MORE: 2
MIN 32 OR BELOW: 1 0.50 INCH OR MORE: 0
MIN 0 OR BELOW: 0 1.00 INCH OR MORE: 0
[HDD (BASE 65) ]
TOTAL THIS MO. 105 CLEAR (SCALE 0-3) 18
DPTR FM NORMAL -5 PTCLDY (SCALE 4-7) 7
TOTAL FM JUL 1 111 CLOUDY (SCALE 8-10) 6
DPTR FM NORMAL -5
[CDD (BASE 65) ]
TOTAL THIS MO. 37
DPTR FM NORMAL -48 [PRESSURE DATA]
TOTAL FM JAN 1 2285 HIGHEST SLP 30.35 ON 11
DPTR FM NORMAL 215 LOWEST SLP 29.59 ON 1
[REMARKS]
#FINAL-10-22#