000
CXUS54 KLCH 010830
CF6LCH
PRELIMINARY LOCAL CLIMATOLOGICAL DATA (WS FORM: F-6)
STATION: LAKE CHARLES
MONTH: JULY
YEAR: 2022
LATITUDE: 30 7 N
LONGITUDE: 93 13 W
TEMPERATURE IN F: :PCPN: SNOW: WIND :SUNSHINE: SKY :PK WND
================================================================================
1 2 3 4 5 6A 6B 7 8 9 10 11 12 13 14 15 16 17 18
12Z AVG MX 2MIN
DY MAX MIN AVG DEP HDD CDD WTR SNW DPTH SPD SPD DIR MIN PSBL S-S WX SPD DR
================================================================================
1 76 70 73 -10 0 8 2.06 0.0 M 8.3 21 200 M M 6 1 33 210
2 89 72 81 -2 0 16 0.23 0.0 M 7.1 17 180 M M 3 13 24 180
3 91 74 83 0 0 18 0.00 0.0 M 5.8 14 200 M M 0 1 20 190
4 91 75 83 -1 0 18 0.00 0.0 M 6.1 15 210 M M 1 1 22 230
5 92 75 84 0 0 19 0.00 0.0 M 5.8 15 190 M M 1 1 20 190
6 88 73 81 -3 0 16 0.88 0.0 M 4.5 25 180 M M 2 13 31 180
7 90 75 83 -1 0 18 0.00 0.0 M 4.8 12 200 M M 1 13 17 200
8 93 76 85 1 0 20 0.00 0.0 M 5.5 14 210 M M 1 19 200
9 95 78 87 3 0 22 0.00 0.0 M 7.1 14 200 M M 0 23 210
10 94 75 85 1 0 20 0.44 0.0 M 7.9 28 30 M M 2 13 37 30
11 94 74 84 0 0 19 0.00 0.0 M 5.0 15 190 M M 3 8 22 190
12 96 78 87 3 0 22 T 0.0 0 4.5 31 150 M M 2 13 39 160
13 93 76 85 1 0 20 0.00 0.0 0 4.6 14 200 M M 1 18 21 200
14 90 72 81 -3 0 16 0.21 0.0 M 6.4 30 340 M M 3 138 41 340
15 91 75 83 -1 0 18 0.00 0.0 M 5.3 14 220 M M 0 20 200
16 92 73 83 -1 0 18 0.00 0.0 M 4.7 13 200 M M 1 18 210
17 93 75 84 0 0 19 0.00 0.0 M 5.6 14 240 M M 0 18 21 240
18 93 79 86 2 0 21 0.00 0.0 M 8.4 17 210 M M 1 18 26 210
19 92 79 86 2 0 21 0.00 0.0 M 11.0 20 210 M M 2 28 210
20 93 81 87 3 0 22 0.00 0.0 M 10.5 20 210 M M 2 29 210
21 94 78 86 2 0 21 0.00 0.0 M 6.9 16 210 M M 1 3 23 200
22 85 72 79 -5 0 14 0.34 0.0 M 5.5 28 90 M M 3 13 44 90
23 91 75 83 -1 0 18 0.00 0.0 M 5.4 13 120 M M 1 13 16 200
24 92 74 83 -1 0 18 0.00 0.0 M 5.8 14 190 M M 1 13 18 200
25 93 75 84 0 0 19 0.00 0.0 M 5.8 18 150 M M 2 1 24 140
26 92 75 84 0 0 19 0.11 0.0 M 6.9 16 190 M M 2 13 22 180
27 92 75 84 0 0 19 T 0.0 M 5.0 20 180 M M 2 13 27 170
28 88 75 82 -2 0 17 0.05 0.0 M 4.9 20 270 M M 1 138 29 290
29 92 75 84 0 0 19 T 0.0 M 6.3 18 260 M M 1 13 28 250
30 90 72 81 -3 0 16 0.12 0.0 M 5.1 21 190 M M 2 138 30 180
31 92 74 83 -1 0 18 T 0.0 M 5.8 16 150 M M 1 18 24 150
================================================================================
SM 2827 2325 0 569 4.44 0.0 192.3 M 49
================================================================================
AV 91.2 75.0 6.2 FASTST M M 2 MAX(MPH)
MISC ----> 31 150 44 90
================================================================================
NOTES:
# LAST OF SEVERAL OCCURRENCES
COLUMN 17 PEAK WIND IN M.P.H.
PRELIMINARY LOCAL CLIMATOLOGICAL DATA (WS FORM: F-6) , PAGE 2
STATION: LAKE CHARLES
MONTH: JULY
YEAR: 2022
LATITUDE: 30 7 N
LONGITUDE: 93 13 W
[TEMPERATURE DATA] [PRECIPITATION DATA] SYMBOLS USED IN COLUMN 16
AVERAGE MONTHLY: 83.1 TOTAL FOR MONTH: 4.44 1 = FOG OR MIST
DPTR FM NORMAL: -0.8 DPTR FM NORMAL: -1.25 2 = FOG REDUCING VISIBILITY
HIGHEST: 96 ON 12 GRTST 24HR 2.06 ON 1- 1 TO 1/4 MILE OR LESS
LOWEST: 70 ON 1 3 = THUNDER
SNOW, ICE PELLETS, HAIL 4 = ICE PELLETS
TOTAL MONTH: 0.0 INCH 5 = HAIL
GRTST 24HR 0.0 6 = FREEZING RAIN OR DRIZZLE
GRTST DEPTH: 0 7 = DUSTSTORM OR SANDSTORM:
VSBY 1/2 MILE OR LESS
8 = SMOKE OR HAZE
[NO. OF DAYS WITH] [WEATHER - DAYS WITH] 9 = BLOWING SNOW
X = TORNADO
MAX 32 OR BELOW: 0 0.01 INCH OR MORE: 9
MAX 90 OR ABOVE: 26 0.10 INCH OR MORE: 8
MIN 32 OR BELOW: 0 0.50 INCH OR MORE: 2
MIN 0 OR BELOW: 0 1.00 INCH OR MORE: 1
[HDD (BASE 65) ]
TOTAL THIS MO. 0 CLEAR (SCALE 0-3) 30
DPTR FM NORMAL 0 PTCLDY (SCALE 4-7) 1
TOTAL FM JUL 1 0 CLOUDY (SCALE 8-10) 0
DPTR FM NORMAL 0
[CDD (BASE 65) ]
TOTAL THIS MO. 569
DPTR FM NORMAL -17 [PRESSURE DATA]
TOTAL FM JAN 1 1737 HIGHEST SLP 30.20 ON 30
DPTR FM NORMAL 16 LOWEST SLP 29.81 ON 11
[REMARKS]
#FINAL-07-22#